216.73.216.176 - - [15/Jun/2025:01:01:25 +0300] "GET /data/publications/c99shell.php?act=update&d=%2Fproc%2F21%2F HTTP/1.0" 200 52586 "-" "Mozilla/5.0 AppleWebKit/537.36 (KHTML, like Gecko; compatible; ClaudeBot/1.0; +claudebot@anthropic.com)"
54.36.148.58 - - [15/Jun/2025:01:01:25 +0300] "GET /data/publications/c99shell.php?act=f&f=166_t1.jpg&ft=exe&white=1&d=%2Fhome%2Fh33678%2Fdata%2Fwww%2Fmsdp.undp.org.ua%2Fdata%2Fnews-old%2F HTTP/1.0" 200 3313 "-" "Mozilla/5.0 (compatible; AhrefsBot/7.0; +http://ahrefs.com/robot/)"
216.73.216.176 - - [15/Jun/2025:01:01:27 +0300] "GET /data/publications/c99shell.php?act=d&d=%2Fproc%2F26766%2Ftask%2F. HTTP/1.0" 200 2972 "-" "Mozilla/5.0 AppleWebKit/537.36 (KHTML, like Gecko; compatible; ClaudeBot/1.0; +claudebot@anthropic.com)"
3.89.176.255 - - [15/Jun/2025:01:01:27 +0300] "GET /data/publications/c99shell.php?act=processes&d=/lib/init/&pid=12244&sig=9 HTTP/1.0" 200 11022 "-" "Mozilla/5.0 AppleWebKit/537.36 (KHTML, like Gecko; compatible; Amazonbot/0.1; +https://developer.amazon.com/support/amazonbot) Chrome/119.0.6045.214 Safari/537.36"
216.73.216.176 - - [15/Jun/2025:01:01:28 +0300] "GET /data/publications/c99shell.php?act=upload&d=%2Fproc%2F14662 HTTP/1.0" 200 3024 "-" "Mozilla/5.0 AppleWebKit/537.36 (KHTML, like Gecko; compatible; ClaudeBot/1.0; +claudebot@anthropic.com)"
216.73.216.176 - - [15/Jun/2025:01:01:29 +0300] "GET /data/publications/c99shell.php?act=upload&d=%2Fproc%2F14694 HTTP/1.0" 200 3022 "-" "Mozilla/5.0 AppleWebKit/537.36 (KHTML, like Gecko; compatible; ClaudeBot/1.0; +claudebot@anthropic.com)"
216.73.216.176 - - [15/Jun/2025:01:01:30 +0300] "GET /data/publications/c99shell.php?act=search&d=%2Fproc%2F31382%2F HTTP/1.0" 200 3036 "-" "Mozilla/5.0 AppleWebKit/537.36 (KHTML, like Gecko; compatible; ClaudeBot/1.0; +claudebot@anthropic.com)"
216.73.216.176 - - [15/Jun/2025:01:01:31 +0300] "GET /data/publications/c99shell.php?act=fsbuff&d=%2Fproc%2F30202%2F HTTP/1.0" 200 2848 "-" "Mozilla/5.0 AppleWebKit/537.36 (KHTML, like Gecko; compatible; ClaudeBot/1.0; +claudebot@anthropic.com)"
44.213.36.21 - - [15/Jun/2025:01:01:31 +0300] "GET /data/publications/c99shell.php?act=processes&d=/etc/apache2/sites-enabled/&pid=20744&sig=9 HTTP/1.0" 200 11100 "-" "Mozilla/5.0 AppleWebKit/537.36 (KHTML, like Gecko; compatible; Amazonbot/0.1; +https://developer.amazon.com/support/amazonbot) Chrome/119.0.6045.214 Safari/537.36"
216.73.216.176 - - [15/Jun/2025:01:01:32 +0300] "GET /data/publications/c99shell.php?act=fsbuff&d=%2Fproc%2F21629%2Ffdinfo%2F HTTP/1.0" 200 2869 "-" "Mozilla/5.0 AppleWebKit/537.36 (KHTML, like Gecko; compatible; ClaudeBot/1.0; +claudebot@anthropic.com)"
216.73.216.176 - - [15/Jun/2025:01:01:33 +0300] "GET /data/publications/c99shell.php?act=search&d=%2Fproc%2F6964%2F HTTP/1.0" 200 3037 "-" "Mozilla/5.0 AppleWebKit/537.36 (KHTML, like Gecko; compatible; ClaudeBot/1.0; +claudebot@anthropic.com)"
216.73.216.176 - - [15/Jun/2025:01:01:34 +0300] "GET /data/publications/c99shell.php?act=upload&d=%2Fproc%2F23998%2F HTTP/1.0" 200 3023 "-" "Mozilla/5.0 AppleWebKit/537.36 (KHTML, like Gecko; compatible; ClaudeBot/1.0; +claudebot@anthropic.com)"
54.36.148.202 - - [15/Jun/2025:01:01:34 +0300] "GET /data/publications/c99shell.php?act=f&f=166_t1.jpg&ft=ini&white=1&d=%2Fhome%2Fh33678%2Fdata%2Fwww%2Fmsdp.undp.org.ua%2Fdata%2Fnews-old%2F HTTP/1.0" 200 3269 "-" "Mozilla/5.0 (compatible; AhrefsBot/7.0; +http://ahrefs.com/robot/)"
216.73.216.176 - - [15/Jun/2025:01:01:35 +0300] "GET /data/publications/c99shell.php?act=search&d=%2Fproc%2F45%2F HTTP/1.0" 200 3035 "-" "Mozilla/5.0 AppleWebKit/537.36 (KHTML, like Gecko; compatible; ClaudeBot/1.0; +claudebot@anthropic.com)"
216.73.216.176 - - [15/Jun/2025:01:01:36 +0300] "GET /data/publications/c99shell.php?act=upload&d=%2Fproc%2F21258 HTTP/1.0" 200 3024 "-" "Mozilla/5.0 AppleWebKit/537.36 (KHTML, like Gecko; compatible; ClaudeBot/1.0; +claudebot@anthropic.com)"
3.218.103.254 - - [15/Jun/2025:01:01:36 +0300] "GET /data/publications/c99shell.php?act=processes&d=/home/h33678/data/www/musvin.pp.ua/fancyapps%20-%20%D0%9A%D0%BE%D0%BF%D0%B8%D1%80%D0%BE%D0%B2%D0%B0%D1%82%D1%8C/source/helpers/&pid=26512&sig=9 HTTP/1.0" 200 11857 "-" "Mozilla/5.0 AppleWebKit/537.36 (KHTML, like Gecko; compatible; Amazonbot/0.1; +https://developer.amazon.com/support/amazonbot) Chrome/119.0.6045.214 Safari/537.36"
216.73.216.176 - - [15/Jun/2025:01:01:37 +0300] "GET /data/publications/c99shell.php?act=feedback&d=%2Fproc%2F30200%2F HTTP/1.0" 200 3107 "-" "Mozilla/5.0 AppleWebKit/537.36 (KHTML, like Gecko; compatible; ClaudeBot/1.0; +claudebot@anthropic.com)"
216.73.216.176 - - [15/Jun/2025:01:01:38 +0300] "GET /data/publications/c99shell.php?act=cmd&d=%2Fproc%2F21629%2Fattr%2F HTTP/1.0" 200 2933 "-" "Mozilla/5.0 AppleWebKit/537.36 (KHTML, like Gecko; compatible; ClaudeBot/1.0; +claudebot@anthropic.com)"
216.73.216.176 - - [15/Jun/2025:01:01:39 +0300] "GET /data/publications/c99shell.php?act=update&d=%2Fproc%2F21629%2Ffdinfo%2F HTTP/1.0" 200 52621 "-" "Mozilla/5.0 AppleWebKit/537.36 (KHTML, like Gecko; compatible; ClaudeBot/1.0; +claudebot@anthropic.com)"
216.73.216.176 - - [15/Jun/2025:01:01:40 +0300] "GET /data/publications/c99shell.php?act=fsbuff&d=%2Fproc%2F8931%2F HTTP/1.0" 200 2846 "-" "Mozilla/5.0 AppleWebKit/537.36 (KHTML, like Gecko; compatible; ClaudeBot/1.0; +claudebot@anthropic.com)"
44.215.210.112 - - [15/Jun/2025:01:01:40 +0300] "GET /data/publications/c99shell.php?act=processes&d=/etc/ghostscript/&pid=28231&sig=9 HTTP/1.0" 200 11159 "-" "Mozilla/5.0 AppleWebKit/537.36 (KHTML, like Gecko; compatible; Amazonbot/0.1; +https://developer.amazon.com/support/amazonbot) Chrome/119.0.6045.214 Safari/537.36"
216.73.216.176 - - [15/Jun/2025:01:01:41 +0300] "GET /data/publications/c99shell.php?act=update&d=%2Fproc%2F30202%2F HTTP/1.0" 200 52595 "-" "Mozilla/5.0 AppleWebKit/537.36 (KHTML, like Gecko; compatible; ClaudeBot/1.0; +claudebot@anthropic.com)"
216.73.216.176 - - [15/Jun/2025:01:01:42 +0300] "GET /data/publications/c99shell.php?act=upload&d=%2Fvar%2Fdovecot%2Fit%40zt-rada.gov.ua HTTP/1.0" 200 3071 "-" "Mozilla/5.0 AppleWebKit/537.36 (KHTML, like Gecko; compatible; ClaudeBot/1.0; +claudebot@anthropic.com)"
216.73.216.176 - - [15/Jun/2025:01:01:43 +0300] "GET /data/publications/c99shell.php?act=d&d=%2Fproc%2F4318%2Fcwd HTTP/1.0" 200 2977 "-" "Mozilla/5.0 AppleWebKit/537.36 (KHTML, like Gecko; compatible; ClaudeBot/1.0; +claudebot@anthropic.com)"
85.208.98.20 - - [15/Jun/2025:01:01:43 +0300] "GET /pages/p21 HTTP/1.0" 200 4923 "-" "Mozilla/5.0 (compatible; SemrushBot-BA; +http://www.semrush.com/bot.html)"
216.73.216.176 - - [15/Jun/2025:01:01:44 +0300] "GET /data/publications/c99shell.php?act=d&d=%2Fproc%2F2657%2Fnet%2F. HTTP/1.0" 200 2969 "-" "Mozilla/5.0 AppleWebKit/537.36 (KHTML, like Gecko; compatible; ClaudeBot/1.0; +claudebot@anthropic.com)"
18.213.240.226 - - [15/Jun/2025:01:01:45 +0300] "GET /data/publications/c99shell.php?act=processes&d=/var/lib/nginx/fastcgi/&pid=20779&sig=9 HTTP/1.0" 200 11138 "-" "Mozilla/5.0 AppleWebKit/537.36 (KHTML, like Gecko; compatible; Amazonbot/0.1; +https://developer.amazon.com/support/amazonbot) Chrome/119.0.6045.214 Safari/537.36"
54.36.148.79 - - [15/Jun/2025:01:01:45 +0300] "GET /data/publications/c99shell.php?act=f&f=166_t1.jpg&ft=phpsess&d=%2Fhome%2Fh33678%2Fdata%2Fwww%2Fmsdp.undp.org.ua%2Fdata%2Fnews-old%2F HTTP/1.0" 200 3897 "-" "Mozilla/5.0 (compatible; AhrefsBot/7.0; +http://ahrefs.com/robot/)"
216.73.216.176 - - [15/Jun/2025:01:01:46 +0300] "GET /data/publications/c99shell.php?act=upload&d=%2Fproc%2F21628 HTTP/1.0" 200 3023 "-" "Mozilla/5.0 AppleWebKit/537.36 (KHTML, like Gecko; compatible; ClaudeBot/1.0; +claudebot@anthropic.com)"
216.73.216.176 - - [15/Jun/2025:01:01:47 +0300] "GET /data/publications/c99shell.php?act=upload&d=%2Fproc%2F15297%2F HTTP/1.0" 200 3022 "-" "Mozilla/5.0 AppleWebKit/537.36 (KHTML, like Gecko; compatible; ClaudeBot/1.0; +claudebot@anthropic.com)"
18.206.47.187 - - [15/Jun/2025:01:01:47 +0300] "GET /data/publications/c99shell.php?act=processes&d=/run/&pid=12789&sig=9 HTTP/1.0" 200 11097 "-" "Mozilla/5.0 AppleWebKit/537.36 (KHTML, like Gecko; compatible; Amazonbot/0.1; +https://developer.amazon.com/support/amazonbot) Chrome/119.0.6045.214 Safari/537.36"
216.73.216.176 - - [15/Jun/2025:01:01:48 +0300] "GET /data/publications/c99shell.php?act=search&d=%2Fproc%2F4323%2Ftask%2F HTTP/1.0" 200 3051 "-" "Mozilla/5.0 AppleWebKit/537.36 (KHTML, like Gecko; compatible; ClaudeBot/1.0; +claudebot@anthropic.com)"
216.73.216.176 - - [15/Jun/2025:01:01:49 +0300] "GET /data/publications/c99shell.php?act=update&d=%2Fproc%2F8931%2F HTTP/1.0" 200 52599 "-" "Mozilla/5.0 AppleWebKit/537.36 (KHTML, like Gecko; compatible; ClaudeBot/1.0; +claudebot@anthropic.com)"
216.73.216.176 - - [15/Jun/2025:01:01:50 +0300] "GET /data/publications/c99shell.php?act=upload&d=%2Fvar%2Fdovecot%2Fzagal%40zt-rada.gov.ua HTTP/1.0" 200 3075 "-" "Mozilla/5.0 AppleWebKit/537.36 (KHTML, like Gecko; compatible; ClaudeBot/1.0; +claudebot@anthropic.com)"
216.73.216.176 - - [15/Jun/2025:01:01:51 +0300] "GET /data/publications/c99shell.php?act=upload&d=%2Fproc%2F15186 HTTP/1.0" 200 3024 "-" "Mozilla/5.0 AppleWebKit/537.36 (KHTML, like Gecko; compatible; ClaudeBot/1.0; +claudebot@anthropic.com)"
216.73.216.176 - - [15/Jun/2025:01:01:52 +0300] "GET /data/publications/c99shell.php?act=search&d=%2Fetc%2Fsnmp%2F HTTP/1.0" 200 3049 "-" "Mozilla/5.0 AppleWebKit/537.36 (KHTML, like Gecko; compatible; ClaudeBot/1.0; +claudebot@anthropic.com)"
18.214.124.6 - - [15/Jun/2025:01:01:52 +0300] "GET /data/publications/c99shell.php?act=processes&d=/etc/freetds/&pid=25133&sig=9 HTTP/1.0" 200 11083 "-" "Mozilla/5.0 AppleWebKit/537.36 (KHTML, like Gecko; compatible; Amazonbot/0.1; +https://developer.amazon.com/support/amazonbot) Chrome/119.0.6045.214 Safari/537.36"
216.73.216.176 - - [15/Jun/2025:01:01:53 +0300] "GET /data/publications/c99shell.php?act=search&d=%2Fvar%2Fdovecot%2Freestr%40zt-rada.gov.ua%2F HTTP/1.0" 200 3088 "-" "Mozilla/5.0 AppleWebKit/537.36 (KHTML, like Gecko; compatible; ClaudeBot/1.0; +claudebot@anthropic.com)"
216.73.216.176 - - [15/Jun/2025:01:01:54 +0300] "GET /data/publications/c99shell.php?act=upload&d=%2Fproc%2F8931 HTTP/1.0" 200 3023 "-" "Mozilla/5.0 AppleWebKit/537.36 (KHTML, like Gecko; compatible; ClaudeBot/1.0; +claudebot@anthropic.com)"
54.36.148.88 - - [15/Jun/2025:01:01:55 +0300] "GET /data/publications/c99shell.php?act=f&f=166_t1.jpg&ft=phpsess&white=1&d=%2Fhome%2Fh33678%2Fdata%2Fwww%2Fmsdp.undp.org.ua%2Fdata%2Fnews-old%2F HTTP/1.0" 200 3897 "-" "Mozilla/5.0 (compatible; AhrefsBot/7.0; +http://ahrefs.com/robot/)"
216.73.216.176 - - [15/Jun/2025:01:01:55 +0300] "GET /data/publications/c99shell.php?act=search&d=%2Fproc%2F2430%2Ftask%2F2430%2F HTTP/1.0" 200 3061 "-" "Mozilla/5.0 AppleWebKit/537.36 (KHTML, like Gecko; compatible; ClaudeBot/1.0; +claudebot@anthropic.com)"
216.73.216.176 - - [15/Jun/2025:01:01:57 +0300] "GET /data/publications/c99shell.php?act=search&d=%2Fvar%2Fdovecot%2Fder%40zt-rada.gov.ua%2F HTTP/1.0" 200 3085 "-" "Mozilla/5.0 AppleWebKit/537.36 (KHTML, like Gecko; compatible; ClaudeBot/1.0; +claudebot@anthropic.com)"
216.73.216.176 - - [15/Jun/2025:01:01:58 +0300] "GET /data/publications/c99shell.php?act=d&d=%2Fproc%2F8929%2F.. HTTP/1.0" 200 2943 "-" "Mozilla/5.0 AppleWebKit/537.36 (KHTML, like Gecko; compatible; ClaudeBot/1.0; +claudebot@anthropic.com)"
34.225.243.131 - - [15/Jun/2025:01:01:57 +0300] "GET /data/publications/c99shell.php?act=processes&d=/etc/snmp/&pid=20779&sig=9 HTTP/1.0" 200 11019 "-" "Mozilla/5.0 AppleWebKit/537.36 (KHTML, like Gecko; compatible; Amazonbot/0.1; +https://developer.amazon.com/support/amazonbot) Chrome/119.0.6045.214 Safari/537.36"
216.73.216.176 - - [15/Jun/2025:01:01:59 +0300] "GET /data/publications/c99shell.php?act=d&d=%2Fsys%2Fdevices%2Fvirtual%2Fbdi%2F202%3A16%2F. HTTP/1.0" 200 3011 "-" "Mozilla/5.0 AppleWebKit/537.36 (KHTML, like Gecko; compatible; ClaudeBot/1.0; +claudebot@anthropic.com)"
216.73.216.176 - - [15/Jun/2025:01:02:00 +0300] "GET /data/publications/c99shell.php?act=chmod&d=%2Fproc%2F23546&f=. HTTP/1.0" 200 3045 "-" "Mozilla/5.0 AppleWebKit/537.36 (KHTML, like Gecko; compatible; ClaudeBot/1.0; +claudebot@anthropic.com)"
3.230.224.6 - - [15/Jun/2025:01:02:00 +0300] "GET /data/publications/c99shell.php?act=processes&d=/etc/init/&pid=13980&sig=9 HTTP/1.0" 200 11033 "-" "Mozilla/5.0 AppleWebKit/537.36 (KHTML, like Gecko; compatible; Amazonbot/0.1; +https://developer.amazon.com/support/amazonbot) Chrome/119.0.6045.214 Safari/537.36"
216.73.216.176 - - [15/Jun/2025:01:02:01 +0300] "GET /data/publications/c99shell.php?act=cmd&d=%2Fproc%2F4318%2F HTTP/1.0" 200 2919 "-" "Mozilla/5.0 AppleWebKit/537.36 (KHTML, like Gecko; compatible; ClaudeBot/1.0; +claudebot@anthropic.com)"
216.73.216.176 - - [15/Jun/2025:01:02:02 +0300] "GET /data/publications/c99shell.php?act=chmod&d=%2Fproc%2F30200&f=. HTTP/1.0" 200 3044 "-" "Mozilla/5.0 AppleWebKit/537.36 (KHTML, like Gecko; compatible; ClaudeBot/1.0; +claudebot@anthropic.com)"
216.73.216.176 - - [15/Jun/2025:01:02:03 +0300] "GET /data/publications/c99shell.php?act=upload&d=%2Fproc%2F21631%2Fnet HTTP/1.0" 200 3037 "-" "Mozilla/5.0 AppleWebKit/537.36 (KHTML, like Gecko; compatible; ClaudeBot/1.0; +claudebot@anthropic.com)"
216.73.216.176 - - [15/Jun/2025:01:02:04 +0300] "GET /data/publications/c99shell.php?act=d&d=%2Fsys%2Fdevices%2Fsystem%2Fcpu%2Fcpu0%2F. HTTP/1.0" 200 3007 "-" "Mozilla/5.0 AppleWebKit/537.36 (KHTML, like Gecko; compatible; ClaudeBot/1.0; +claudebot@anthropic.com)"
3.229.2.217 - - [15/Jun/2025:01:02:04 +0300] "GET /data/publications/c99shell.php?act=processes&d=/proc/10142/task/10142/fd/&pid=26983&sig=9 HTTP/1.0" 200 11188 "-" "Mozilla/5.0 AppleWebKit/537.36 (KHTML, like Gecko; compatible; Amazonbot/0.1; +https://developer.amazon.com/support/amazonbot) Chrome/119.0.6045.214 Safari/537.36"
216.73.216.176 - - [15/Jun/2025:01:02:05 +0300] "GET /data/publications/c99shell.php?act=d&d=%2Fproc%2F26871%2Ftask%2F. HTTP/1.0" 200 2973 "-" "Mozilla/5.0 AppleWebKit/537.36 (KHTML, like Gecko; compatible; ClaudeBot/1.0; +claudebot@anthropic.com)"
54.36.149.31 - - [15/Jun/2025:01:02:05 +0300] "GET /data/publications/c99shell.php?act=f&f=166_t1.jpg&ft=sdb&white=1&d=%2Fhome%2Fh33678%2Fdata%2Fwww%2Fmsdp.undp.org.ua%2Fdata%2Fnews-old%2F HTTP/1.0" 200 3267 "-" "Mozilla/5.0 (compatible; AhrefsBot/7.0; +http://ahrefs.com/robot/)"
216.73.216.176 - - [15/Jun/2025:01:02:06 +0300] "GET /data/publications/c99shell.php?act=feedback&d=%2Fvar%2Fdovecot%2Fit%40zt-rada.gov.ua%2F HTTP/1.0" 200 3154 "-" "Mozilla/5.0 AppleWebKit/537.36 (KHTML, like Gecko; compatible; ClaudeBot/1.0; +claudebot@anthropic.com)"
216.73.216.176 - - [15/Jun/2025:01:02:07 +0300] "GET /data/publications/c99shell.php?act=feedback&d=%2Fproc%2F16589%2F HTTP/1.0" 200 3107 "-" "Mozilla/5.0 AppleWebKit/537.36 (KHTML, like Gecko; compatible; ClaudeBot/1.0; +claudebot@anthropic.com)"
23.23.213.182 - - [15/Jun/2025:01:02:07 +0300] "GET /data/publications/c99shell.php?act=processes&d=/var/lib/dhcp/&pid=31224&sig=9 HTTP/1.0" 200 11116 "-" "Mozilla/5.0 AppleWebKit/537.36 (KHTML, like Gecko; compatible; Amazonbot/0.1; +https://developer.amazon.com/support/amazonbot) Chrome/119.0.6045.214 Safari/537.36"
216.73.216.176 - - [15/Jun/2025:01:02:08 +0300] "GET /data/publications/c99shell.php?act=search&d=%2Fvar%2Fdovecot%2Fshustov%40zt-rada.gov.ua%2F HTTP/1.0" 200 3090 "-" "Mozilla/5.0 AppleWebKit/537.36 (KHTML, like Gecko; compatible; ClaudeBot/1.0; +claudebot@anthropic.com)"
216.73.216.176 - - [15/Jun/2025:01:02:09 +0300] "GET /data/publications/c99shell.php?act=chmod&d=%2Fproc%2F31381&f=. HTTP/1.0" 200 3043 "-" "Mozilla/5.0 AppleWebKit/537.36 (KHTML, like Gecko; compatible; ClaudeBot/1.0; +claudebot@anthropic.com)"
216.73.216.176 - - [15/Jun/2025:01:02:10 +0300] "GET /data/publications/c99shell.php?act=sql&d=%2Fproc%2F21629%2Fattr%2F HTTP/1.0" 200 3250 "-" "Mozilla/5.0 AppleWebKit/537.36 (KHTML, like Gecko; compatible; ClaudeBot/1.0; +claudebot@anthropic.com)"
216.73.216.176 - - [15/Jun/2025:01:02:11 +0300] "GET /data/publications/c99shell.php?act=search&d=%2Fvar%2Fdovecot%2Fradnyk%40zt-rada.gov.ua%2F HTTP/1.0" 200 3090 "-" "Mozilla/5.0 AppleWebKit/537.36 (KHTML, like Gecko; compatible; ClaudeBot/1.0; +claudebot@anthropic.com)"
35.174.141.243 - - [15/Jun/2025:01:02:11 +0300] "GET /data/publications/c99shell.php?act=processes&d=/sys/hypervisor/version/&pid=11279&sig=9 HTTP/1.0" 200 11069 "-" "Mozilla/5.0 AppleWebKit/537.36 (KHTML, like Gecko; compatible; Amazonbot/0.1; +https://developer.amazon.com/support/amazonbot) Chrome/119.0.6045.214 Safari/537.36"
216.73.216.176 - - [15/Jun/2025:01:02:12 +0300] "GET /data/publications/c99shell.php?act=search&d=%2Fvar%2Fdovecot%2Fprotokol%40zt-rada.gov.ua%2F HTTP/1.0" 200 3091 "-" "Mozilla/5.0 AppleWebKit/537.36 (KHTML, like Gecko; compatible; ClaudeBot/1.0; +claudebot@anthropic.com)"
216.73.216.176 - - [15/Jun/2025:01:02:13 +0300] "GET /data/publications/c99shell.php?act=upload&d=%2Fproc%2F16849%2F HTTP/1.0" 200 3024 "-" "Mozilla/5.0 AppleWebKit/537.36 (KHTML, like Gecko; compatible; ClaudeBot/1.0; +claudebot@anthropic.com)"
216.73.216.176 - - [15/Jun/2025:01:02:14 +0300] "GET /data/publications/c99shell.php?act=d&d=%2Fsys%2Fdevices%2Fvirtual%2Fblock%2Fmd2%2F. HTTP/1.0" 200 3016 "-" "Mozilla/5.0 AppleWebKit/537.36 (KHTML, like Gecko; compatible; ClaudeBot/1.0; +claudebot@anthropic.com)"
216.73.216.176 - - [15/Jun/2025:01:02:15 +0300] "GET /data/publications/c99shell.php?act=feedback&d=%2Fvar%2Fdovecot%2Fzagal%40zt-rada.gov.ua%2F HTTP/1.0" 200 3158 "-" "Mozilla/5.0 AppleWebKit/537.36 (KHTML, like Gecko; compatible; ClaudeBot/1.0; +claudebot@anthropic.com)"
100.29.63.24 - - [15/Jun/2025:01:02:15 +0300] "GET /data/publications/c99shell.php?act=processes&d=/sys/module/cryptd/&pid=20388&sig=9 HTTP/1.0" 200 11107 "-" "Mozilla/5.0 AppleWebKit/537.36 (KHTML, like Gecko; compatible; Amazonbot/0.1; +https://developer.amazon.com/support/amazonbot) Chrome/119.0.6045.214 Safari/537.36"
54.36.149.40 - - [15/Jun/2025:01:02:16 +0300] "GET /data/publications/c99shell.php?act=f&f=159_f.jpg&ft=edit&d=%2Fhome%2Fh33678%2Fdata%2Fwww%2Fmsdp.undp.org.ua%2Fdata%2Fnews-old%2F HTTP/1.0" 200 3337 "-" "Mozilla/5.0 (compatible; AhrefsBot/7.0; +http://ahrefs.com/robot/)"
216.73.216.176 - - [15/Jun/2025:01:02:16 +0300] "GET /data/publications/c99shell.php?act=d&d=%2Fproc%2F30198%2Fattr HTTP/1.0" 200 2970 "-" "Mozilla/5.0 AppleWebKit/537.36 (KHTML, like Gecko; compatible; ClaudeBot/1.0; +claudebot@anthropic.com)"
216.73.216.176 - - [15/Jun/2025:01:02:17 +0300] "GET /data/publications/c99shell.php?act=upload&d=%2Fsys%2Fdevices%2Fvbd-51744%2F HTTP/1.0" 200 3052 "-" "Mozilla/5.0 AppleWebKit/537.36 (KHTML, like Gecko; compatible; ClaudeBot/1.0; +claudebot@anthropic.com)"
216.73.216.176 - - [15/Jun/2025:01:02:18 +0300] "GET /data/publications/c99shell.php?act=tools&d=%2Fproc%2F21629%2Fattr%2F HTTP/1.0" 200 3231 "-" "Mozilla/5.0 AppleWebKit/537.36 (KHTML, like Gecko; compatible; ClaudeBot/1.0; +claudebot@anthropic.com)"
216.73.216.176 - - [15/Jun/2025:01:02:19 +0300] "GET /data/publications/c99shell.php?act=upload&d=%2Fproc%2F7231 HTTP/1.0" 200 3022 "-" "Mozilla/5.0 AppleWebKit/537.36 (KHTML, like Gecko; compatible; ClaudeBot/1.0; +claudebot@anthropic.com)"
34.225.138.57 - - [15/Jun/2025:01:02:20 +0300] "GET /data/publications/c99shell.php?act=processes&d=/root/scripts_backup/zabbix/&pid=29156&sig=9 HTTP/1.0" 200 11178 "-" "Mozilla/5.0 AppleWebKit/537.36 (KHTML, like Gecko; compatible; Amazonbot/0.1; +https://developer.amazon.com/support/amazonbot) Chrome/119.0.6045.214 Safari/537.36"
216.73.216.176 - - [15/Jun/2025:01:02:20 +0300] "GET /data/publications/c99shell.php?act=d&d=%2Fproc%2F30198%2Froot HTTP/1.0" 200 2956 "-" "Mozilla/5.0 AppleWebKit/537.36 (KHTML, like Gecko; compatible; ClaudeBot/1.0; +claudebot@anthropic.com)"
216.73.216.176 - - [15/Jun/2025:01:02:21 +0300] "GET /data/publications/c99shell.php?act=upload&d=%2Fproc%2F8929 HTTP/1.0" 200 3023 "-" "Mozilla/5.0 AppleWebKit/537.36 (KHTML, like Gecko; compatible; ClaudeBot/1.0; +claudebot@anthropic.com)"
216.73.216.176 - - [15/Jun/2025:01:02:22 +0300] "GET /data/publications/c99shell.php?act=search&d=%2Fvar%2Fdovecot%2Ftest2%40zt-rada.gov.ua%2F HTTP/1.0" 200 3087 "-" "Mozilla/5.0 AppleWebKit/537.36 (KHTML, like Gecko; compatible; ClaudeBot/1.0; +claudebot@anthropic.com)"
216.73.216.176 - - [15/Jun/2025:01:02:23 +0300] "GET /data/publications/c99shell.php?act=search&d=%2Fvar%2Fdovecot%2Fmorozov%40zt-rada.gov.ua%2F HTTP/1.0" 200 3091 "-" "Mozilla/5.0 AppleWebKit/537.36 (KHTML, like Gecko; compatible; ClaudeBot/1.0; +claudebot@anthropic.com)"
216.73.216.176 - - [15/Jun/2025:01:02:24 +0300] "GET /data/publications/c99shell.php?act=search&d=%2Fetc%2FX11%2F HTTP/1.0" 200 3049 "-" "Mozilla/5.0 AppleWebKit/537.36 (KHTML, like Gecko; compatible; ClaudeBot/1.0; +claudebot@anthropic.com)"
34.226.89.140 - - [15/Jun/2025:01:02:24 +0300] "GET /data/publications/c99shell.php?act=processes&d=/var/lib/nginx/fastcgi/&pid=16673&sig=9 HTTP/1.0" 200 11164 "-" "Mozilla/5.0 AppleWebKit/537.36 (KHTML, like Gecko; compatible; Amazonbot/0.1; +https://developer.amazon.com/support/amazonbot) Chrome/119.0.6045.214 Safari/537.36"
216.73.216.176 - - [15/Jun/2025:01:02:25 +0300] "GET /data/publications/c99shell.php?act=search&d=%2Fvar%2Fdovecot%2Fuvrtg%40zt-rada.gov.ua%2F HTTP/1.0" 200 3089 "-" "Mozilla/5.0 AppleWebKit/537.36 (KHTML, like Gecko; compatible; ClaudeBot/1.0; +claudebot@anthropic.com)"
216.73.216.176 - - [15/Jun/2025:01:02:26 +0300] "GET /data/publications/c99shell.php?act=eval&d=%2Fproc%2F31381%2F HTTP/1.0" 200 2921 "-" "Mozilla/5.0 AppleWebKit/537.36 (KHTML, like Gecko; compatible; ClaudeBot/1.0; +claudebot@anthropic.com)"
54.36.149.29 - - [15/Jun/2025:01:02:26 +0300] "GET /data/publications/c99shell.php?act=f&f=159_f.jpg&ft=edit&white=1&d=%2Fhome%2Fh33678%2Fdata%2Fwww%2Fmsdp.undp.org.ua%2Fdata%2Fnews-old%2F HTTP/1.0" 200 3338 "-" "Mozilla/5.0 (compatible; AhrefsBot/7.0; +http://ahrefs.com/robot/)"
216.73.216.176 - - [15/Jun/2025:01:02:27 +0300] "GET /data/publications/c99shell.php?act=d&d=%2Fproc%2F9746%2Ftask%2F. HTTP/1.0" 200 2969 "-" "Mozilla/5.0 AppleWebKit/537.36 (KHTML, like Gecko; compatible; ClaudeBot/1.0; +claudebot@anthropic.com)"
44.216.172.204 - - [15/Jun/2025:01:02:28 +0300] "GET /data/publications/c99shell.php?act=processes&d=/etc/init.d/&pid=16673&sig=9 HTTP/1.0" 200 11110 "-" "Mozilla/5.0 AppleWebKit/537.36 (KHTML, like Gecko; compatible; Amazonbot/0.1; +https://developer.amazon.com/support/amazonbot) Chrome/119.0.6045.214 Safari/537.36"
216.73.216.176 - - [15/Jun/2025:01:02:28 +0300] "GET /data/publications/c99shell.php?act=search&d=%2Fproc%2F31918%2Fns%2F HTTP/1.0" 200 3050 "-" "Mozilla/5.0 AppleWebKit/537.36 (KHTML, like Gecko; compatible; ClaudeBot/1.0; +claudebot@anthropic.com)"
216.73.216.176 - - [15/Jun/2025:01:02:29 +0300] "GET /data/publications/c99shell.php?act=d&d=%2Fproc%2F26765%2Ftask%2F. HTTP/1.0" 200 2973 "-" "Mozilla/5.0 AppleWebKit/537.36 (KHTML, like Gecko; compatible; ClaudeBot/1.0; +claudebot@anthropic.com)"
216.73.216.176 - - [15/Jun/2025:01:02:30 +0300] "GET /data/publications/c99shell.php?act=d&d=%2Fsys%2Fdevices%2Fvbd-51728%2Fblock%2Fxvdb%2Fxvdb3%2F. HTTP/1.0" 200 3036 "-" "Mozilla/5.0 AppleWebKit/537.36 (KHTML, like Gecko; compatible; ClaudeBot/1.0; +claudebot@anthropic.com)"
216.73.216.176 - - [15/Jun/2025:01:02:31 +0300] "GET /data/publications/c99shell.php?act=fsbuff&d=%2Fproc%2F11832%2F HTTP/1.0" 200 2843 "-" "Mozilla/5.0 AppleWebKit/537.36 (KHTML, like Gecko; compatible; ClaudeBot/1.0; +claudebot@anthropic.com)"
98.83.94.113 - - [15/Jun/2025:01:02:31 +0300] "GET /data/publications/c99shell.php?act=processes&d=/sys/module/firmware_class/&pid=20708&sig=9 HTTP/1.0" 200 11132 "-" "Mozilla/5.0 AppleWebKit/537.36 (KHTML, like Gecko; compatible; Amazonbot/0.1; +https://developer.amazon.com/support/amazonbot) Chrome/119.0.6045.214 Safari/537.36"
216.73.216.176 - - [15/Jun/2025:01:02:32 +0300] "GET /data/publications/c99shell.php?act=search&d=%2Fproc%2F23432%2Fns%2F HTTP/1.0" 200 3051 "-" "Mozilla/5.0 AppleWebKit/537.36 (KHTML, like Gecko; compatible; ClaudeBot/1.0; +claudebot@anthropic.com)"
216.73.216.176 - - [15/Jun/2025:01:02:33 +0300] "GET /data/publications/c99shell.php?act=feedback&d=%2Fproc%2F8926%2F HTTP/1.0" 200 3105 "-" "Mozilla/5.0 AppleWebKit/537.36 (KHTML, like Gecko; compatible; ClaudeBot/1.0; +claudebot@anthropic.com)"
216.73.216.176 - - [15/Jun/2025:01:02:34 +0300] "GET /data/publications/c99shell.php?act=upload&d=%2Fproc%2F21 HTTP/1.0" 200 3021 "-" "Mozilla/5.0 AppleWebKit/537.36 (KHTML, like Gecko; compatible; ClaudeBot/1.0; +claudebot@anthropic.com)"
216.73.216.176 - - [15/Jun/2025:01:02:35 +0300] "GET /data/publications/c99shell.php?act=upload&d=%2Fproc%2F185 HTTP/1.0" 200 3022 "-" "Mozilla/5.0 AppleWebKit/537.36 (KHTML, like Gecko; compatible; ClaudeBot/1.0; +claudebot@anthropic.com)"
3.219.81.66 - - [15/Jun/2025:01:02:36 +0300] "GET /data/publications/c99shell.php?act=processes&d=/var/lib/nginx/scgi/&pid=17169&sig=9 HTTP/1.0" 200 11125 "-" "Mozilla/5.0 AppleWebKit/537.36 (KHTML, like Gecko; compatible; Amazonbot/0.1; +https://developer.amazon.com/support/amazonbot) Chrome/119.0.6045.214 Safari/537.36"
216.73.216.176 - - [15/Jun/2025:01:02:37 +0300] "GET /data/publications/c99shell.php?act=d&d=%2Fproc%2F4319%2Ftask%2F4319%2F. HTTP/1.0" 200 2982 "-" "Mozilla/5.0 AppleWebKit/537.36 (KHTML, like Gecko; compatible; ClaudeBot/1.0; +claudebot@anthropic.com)"
54.36.148.35 - - [15/Jun/2025:01:02:37 +0300] "GET /data/publications/c99shell.php?act=f&f=159_f.jpg&ft=exe&white=1&d=%2Fhome%2Fh33678%2Fdata%2Fwww%2Fmsdp.undp.org.ua%2Fdata%2Fnews-old%2F HTTP/1.0" 200 3313 "-" "Mozilla/5.0 (compatible; AhrefsBot/7.0; +http://ahrefs.com/robot/)"
216.73.216.176 - - [15/Jun/2025:01:02:37 +0300] "GET /data/publications/c99shell.php?act=d&d=%2Fproc%2F23432%2Ffdinfo%2F. HTTP/1.0" 200 2974 "-" "Mozilla/5.0 AppleWebKit/537.36 (KHTML, like Gecko; compatible; ClaudeBot/1.0; +claudebot@anthropic.com)"
216.73.216.176 - - [15/Jun/2025:01:02:38 +0300] "GET /data/publications/c99shell.php?act=f&d=%2Fproc%2F2075&f=personality HTTP/1.0" 200 2862 "-" "Mozilla/5.0 AppleWebKit/537.36 (KHTML, like Gecko; compatible; ClaudeBot/1.0; +claudebot@anthropic.com)"
216.73.216.176 - - [15/Jun/2025:01:02:39 +0300] "GET /data/publications/c99shell.php?act=d&d=%2Fproc%2F8929%2Fattr HTTP/1.0" 200 2968 "-" "Mozilla/5.0 AppleWebKit/537.36 (KHTML, like Gecko; compatible; ClaudeBot/1.0; +claudebot@anthropic.com)"
52.4.213.199 - - [15/Jun/2025:01:02:39 +0300] "GET /data/publications/c99shell.php?act=processes&d=/var/cache/man/de.UTF-8/&pid=27061&sig=9 HTTP/1.0" 200 11136 "-" "Mozilla/5.0 AppleWebKit/537.36 (KHTML, like Gecko; compatible; Amazonbot/0.1; +https://developer.amazon.com/support/amazonbot) Chrome/119.0.6045.214 Safari/537.36"
216.73.216.176 - - [15/Jun/2025:01:02:40 +0300] "GET /data/publications/c99shell.php?act=chmod&d=%2Fproc%2F4318&f=. HTTP/1.0" 200 3044 "-" "Mozilla/5.0 AppleWebKit/537.36 (KHTML, like Gecko; compatible; ClaudeBot/1.0; +claudebot@anthropic.com)"
216.73.216.176 - - [15/Jun/2025:01:02:41 +0300] "GET /data/publications/c99shell.php?act=d&d=%2Fproc%2F31382%2Fns%2F. HTTP/1.0" 200 2968 "-" "Mozilla/5.0 AppleWebKit/537.36 (KHTML, like Gecko; compatible; ClaudeBot/1.0; +claudebot@anthropic.com)"
216.73.216.176 - - [15/Jun/2025:01:02:42 +0300] "GET /data/publications/c99shell.php?act=d&d=%2Fproc%2F8929%2Froot HTTP/1.0" 200 2956 "-" "Mozilla/5.0 AppleWebKit/537.36 (KHTML, like Gecko; compatible; ClaudeBot/1.0; +claudebot@anthropic.com)"
3.235.215.92 - - [15/Jun/2025:01:02:43 +0300] "GET /data/publications/c99shell.php?act=processes&d=/etc/roundcube/plugins/&pid=25007&sig=9 HTTP/1.0" 200 11139 "-" "Mozilla/5.0 AppleWebKit/537.36 (KHTML, like Gecko; compatible; Amazonbot/0.1; +https://developer.amazon.com/support/amazonbot) Chrome/119.0.6045.214 Safari/537.36"
216.73.216.176 - - [15/Jun/2025:01:02:43 +0300] "GET /data/publications/c99shell.php?act=upload&d=%2Fproc%2F4318 HTTP/1.0" 200 3022 "-" "Mozilla/5.0 AppleWebKit/537.36 (KHTML, like Gecko; compatible; ClaudeBot/1.0; +claudebot@anthropic.com)"
216.73.216.176 - - [15/Jun/2025:01:02:44 +0300] "GET /data/publications/c99shell.php?act=chmod&d=%2Fsys%2Fdevices%2Fvbd-51728&f=. HTTP/1.0" 200 3069 "-" "Mozilla/5.0 AppleWebKit/537.36 (KHTML, like Gecko; compatible; ClaudeBot/1.0; +claudebot@anthropic.com)"
54.36.148.84 - - [15/Jun/2025:01:02:44 +0300] "GET /data/publications/c99shell.php?act=f&f=159_f.jpg&ft=ini&d=%2Fhome%2Fh33678%2Fdata%2Fwww%2Fmsdp.undp.org.ua%2Fdata%2Fnews-old%2F HTTP/1.0" 200 3265 "-" "Mozilla/5.0 (compatible; AhrefsBot/7.0; +http://ahrefs.com/robot/)"
216.73.216.176 - - [15/Jun/2025:01:02:45 +0300] "GET /data/publications/c99shell.php?act=upload&d=%2Fproc%2F8331 HTTP/1.0" 200 3023 "-" "Mozilla/5.0 AppleWebKit/537.36 (KHTML, like Gecko; compatible; ClaudeBot/1.0; +claudebot@anthropic.com)"
216.73.216.176 - - [15/Jun/2025:01:02:46 +0300] "GET /data/publications/c99shell.php?act=feedback&d=%2Fproc%2F31381%2F HTTP/1.0" 200 3106 "-" "Mozilla/5.0 AppleWebKit/537.36 (KHTML, like Gecko; compatible; ClaudeBot/1.0; +claudebot@anthropic.com)"
216.73.216.176 - - [15/Jun/2025:01:02:47 +0300] "GET /data/publications/c99shell.php?act=d&d=%2Fsys%2Fdevices%2Fvirtual%2Ftty%2Ftty39%2F. HTTP/1.0" 200 3013 "-" "Mozilla/5.0 AppleWebKit/537.36 (KHTML, like Gecko; compatible; ClaudeBot/1.0; +claudebot@anthropic.com)"
216.73.216.176 - - [15/Jun/2025:01:02:48 +0300] "GET /data/publications/c99shell.php?act=search&d=%2Fproc%2F185%2F HTTP/1.0" 200 3036 "-" "Mozilla/5.0 AppleWebKit/537.36 (KHTML, like Gecko; compatible; ClaudeBot/1.0; +claudebot@anthropic.com)"
216.73.216.176 - - [15/Jun/2025:01:02:49 +0300] "GET /data/publications/c99shell.php?act=eval&d=%2Fproc%2F30198%2F HTTP/1.0" 200 2921 "-" "Mozilla/5.0 AppleWebKit/537.36 (KHTML, like Gecko; compatible; ClaudeBot/1.0; +claudebot@anthropic.com)"
216.73.216.176 - - [15/Jun/2025:01:02:50 +0300] "GET /data/publications/c99shell.php?act=d&d=%2Fsys%2Fbus%2Fxen%2F. HTTP/1.0" 200 2975 "-" "Mozilla/5.0 AppleWebKit/537.36 (KHTML, like Gecko; compatible; ClaudeBot/1.0; +claudebot@anthropic.com)"
23.21.204.95 - - [15/Jun/2025:01:02:51 +0300] "GET /data/publications/c99shell.php?act=processes&d=/sys/module/module/&pid=28885&sig=9 HTTP/1.0" 200 11132 "-" "Mozilla/5.0 AppleWebKit/537.36 (KHTML, like Gecko; compatible; Amazonbot/0.1; +https://developer.amazon.com/support/amazonbot) Chrome/119.0.6045.214 Safari/537.36"
216.73.216.176 - - [15/Jun/2025:01:02:51 +0300] "GET /data/publications/c99shell.php?act=chmod&d=%2Fproc%2F2075&f=personality HTTP/1.0" 200 3058 "-" "Mozilla/5.0 AppleWebKit/537.36 (KHTML, like Gecko; compatible; ClaudeBot/1.0; +claudebot@anthropic.com)"
34.225.24.180 - - [15/Jun/2025:01:02:51 +0300] "GET /data/publications/c99shell.php?act=processes&d=/sys/module/cryptd/sections/&pid=30218&sig=9 HTTP/1.0" 200 11181 "-" "Mozilla/5.0 AppleWebKit/537.36 (KHTML, like Gecko; compatible; Amazonbot/0.1; +https://developer.amazon.com/support/amazonbot) Chrome/119.0.6045.214 Safari/537.36"
216.73.216.176 - - [15/Jun/2025:01:02:52 +0300] "GET /data/publications/c99shell.php?act=chmod&d=%2Fproc%2F21&f=. HTTP/1.0" 200 3040 "-" "Mozilla/5.0 AppleWebKit/537.36 (KHTML, like Gecko; compatible; ClaudeBot/1.0; +claudebot@anthropic.com)"
216.73.216.176 - - [15/Jun/2025:01:02:53 +0300] "GET /data/publications/c99shell.php?act=d&d=%2Fproc%2F4319%2Ftask%2F. HTTP/1.0" 200 2971 "-" "Mozilla/5.0 AppleWebKit/537.36 (KHTML, like Gecko; compatible; ClaudeBot/1.0; +claudebot@anthropic.com)"
216.73.216.176 - - [15/Jun/2025:01:02:54 +0300] "GET /data/publications/c99shell.php?act=search&d=%2Fproc%2F14694%2F HTTP/1.0" 200 3037 "-" "Mozilla/5.0 AppleWebKit/537.36 (KHTML, like Gecko; compatible; ClaudeBot/1.0; +claudebot@anthropic.com)"
216.73.216.176 - - [15/Jun/2025:01:02:55 +0300] "GET /data/publications/c99shell.php?act=fsbuff&d=%2Fproc%2F21629%2Fattr%2F HTTP/1.0" 200 2862 "-" "Mozilla/5.0 AppleWebKit/537.36 (KHTML, like Gecko; compatible; ClaudeBot/1.0; +claudebot@anthropic.com)"
3.226.34.98 - - [15/Jun/2025:01:02:56 +0300] "GET /data/publications/c99shell.php?act=processes&d=/home/h33678/data/www/musvin.pp.ua/js%20-%20%D0%9A%D0%BE%D0%BF%D0%B8%D1%80%D0%BE%D0%B2%D0%B0%D1%82%D1%8C%20[2]/&pid=17711&sig=9 HTTP/1.0" 200 11678 "-" "Mozilla/5.0 AppleWebKit/537.36 (KHTML, like Gecko; compatible; Amazonbot/0.1; +https://developer.amazon.com/support/amazonbot) Chrome/119.0.6045.214 Safari/537.36"
216.73.216.176 - - [15/Jun/2025:01:02:56 +0300] "GET /data/publications/c99shell.php?act=update&d=%2Fproc%2F21629%2Fattr%2F HTTP/1.0" 200 52630 "-" "Mozilla/5.0 AppleWebKit/537.36 (KHTML, like Gecko; compatible; ClaudeBot/1.0; +claudebot@anthropic.com)"
54.36.148.81 - - [15/Jun/2025:01:02:57 +0300] "GET /data/publications/c99shell.php?act=f&f=159_f.jpg&ft=phpsess&white=1&d=%2Fhome%2Fh33678%2Fdata%2Fwww%2Fmsdp.undp.org.ua%2Fdata%2Fnews-old%2F HTTP/1.0" 200 4105 "-" "Mozilla/5.0 (compatible; AhrefsBot/7.0; +http://ahrefs.com/robot/)"
216.73.216.176 - - [15/Jun/2025:01:02:58 +0300] "GET /data/publications/c99shell.php?act=search&d=%2Fvar%2Fdovecot%2Fzast%40zt-rada.gov.ua%2F HTTP/1.0" 200 3086 "-" "Mozilla/5.0 AppleWebKit/537.36 (KHTML, like Gecko; compatible; ClaudeBot/1.0; +claudebot@anthropic.com)"
216.73.216.176 - - [15/Jun/2025:01:02:59 +0300] "GET /data/publications/c99shell.php?act=search&d=%2Fproc%2F26767%2F HTTP/1.0" 200 3038 "-" "Mozilla/5.0 AppleWebKit/537.36 (KHTML, like Gecko; compatible; ClaudeBot/1.0; +claudebot@anthropic.com)"
3.208.156.9 - - [15/Jun/2025:01:02:59 +0300] "GET /data/publications/c99shell.php?act=processes&d=/var/lib/clamav/clamav-eda21d9e33f769e0259a283f9cb37093.tmp/&pid=13320&sig=9 HTTP/1.0" 200 11361 "-" "Mozilla/5.0 AppleWebKit/537.36 (KHTML, like Gecko; compatible; Amazonbot/0.1; +https://developer.amazon.com/support/amazonbot) Chrome/119.0.6045.214 Safari/537.36"
216.73.216.176 - - [15/Jun/2025:01:03:00 +0300] "GET /data/publications/c99shell.php?act=upload&d=%2Fvar%2Fdovecot%2Furist%40zt-rada.gov.ua HTTP/1.0" 200 3074 "-" "Mozilla/5.0 AppleWebKit/537.36 (KHTML, like Gecko; compatible; ClaudeBot/1.0; +claudebot@anthropic.com)"
216.73.216.176 - - [15/Jun/2025:01:03:01 +0300] "GET /data/publications/c99shell.php?act=search&d=%2Fproc%2F7231%2F HTTP/1.0" 200 3038 "-" "Mozilla/5.0 AppleWebKit/537.36 (KHTML, like Gecko; compatible; ClaudeBot/1.0; +claudebot@anthropic.com)"
216.73.216.176 - - [15/Jun/2025:01:03:02 +0300] "GET /data/publications/c99shell.php?act=d&d=%2Fproc%2F21631%2Fnet%2F. HTTP/1.0" 200 2970 "-" "Mozilla/5.0 AppleWebKit/537.36 (KHTML, like Gecko; compatible; ClaudeBot/1.0; +claudebot@anthropic.com)"
216.73.216.176 - - [15/Jun/2025:01:03:03 +0300] "GET /data/publications/c99shell.php?act=chmod&d=%2Fproc%2F15297&f=. HTTP/1.0" 200 3045 "-" "Mozilla/5.0 AppleWebKit/537.36 (KHTML, like Gecko; compatible; ClaudeBot/1.0; +claudebot@anthropic.com)"
54.167.32.123 - - [15/Jun/2025:01:03:03 +0300] "GET /data/publications/c99shell.php?act=processes&d=/etc/alternatives/&pid=16673&sig=9 HTTP/1.0" 200 11194 "-" "Mozilla/5.0 AppleWebKit/537.36 (KHTML, like Gecko; compatible; Amazonbot/0.1; +https://developer.amazon.com/support/amazonbot) Chrome/119.0.6045.214 Safari/537.36"
216.73.216.176 - - [15/Jun/2025:01:03:04 +0300] "GET /data/publications/c99shell.php?act=d&d=%2Fproc%2F30198%2Fcwd HTTP/1.0" 200 2979 "-" "Mozilla/5.0 AppleWebKit/537.36 (KHTML, like Gecko; compatible; ClaudeBot/1.0; +claudebot@anthropic.com)"
216.73.216.176 - - [15/Jun/2025:01:03:05 +0300] "GET /data/publications/c99shell.php?act=search&d=%2Fvar%2Fdovecot%2Fuzd%40zt-rada.gov.ua%2F HTTP/1.0" 200 3085 "-" "Mozilla/5.0 AppleWebKit/537.36 (KHTML, like Gecko; compatible; ClaudeBot/1.0; +claudebot@anthropic.com)"
54.36.148.86 - - [15/Jun/2025:01:03:06 +0300] "GET /data/publications/c99shell.php?act=f&f=159_f.jpg&ft=sdb&d=%2Fhome%2Fh33678%2Fdata%2Fwww%2Fmsdp.undp.org.ua%2Fdata%2Fnews-old%2F HTTP/1.0" 200 3264 "-" "Mozilla/5.0 (compatible; AhrefsBot/7.0; +http://ahrefs.com/robot/)"
216.73.216.176 - - [15/Jun/2025:01:03:06 +0300] "GET /data/publications/c99shell.php?act=fsbuff&d=%2Fproc%2F4318%2F HTTP/1.0" 200 2848 "-" "Mozilla/5.0 AppleWebKit/537.36 (KHTML, like Gecko; compatible; ClaudeBot/1.0; +claudebot@anthropic.com)"
3.94.156.104 - - [15/Jun/2025:01:03:07 +0300] "GET /data/publications/c99shell.php?act=processes&d=/etc/phppgadmin/&pid=30885&sig=9 HTTP/1.0" 200 11152 "-" "Mozilla/5.0 AppleWebKit/537.36 (KHTML, like Gecko; compatible; Amazonbot/0.1; +https://developer.amazon.com/support/amazonbot) Chrome/119.0.6045.214 Safari/537.36"
216.73.216.176 - - [15/Jun/2025:01:03:07 +0300] "GET /data/publications/c99shell.php?act=d&d=%2Fsys%2Fdevices%2Fvirtual%2Ftty%2Ftty48%2F. HTTP/1.0" 200 3013 "-" "Mozilla/5.0 AppleWebKit/537.36 (KHTML, like Gecko; compatible; ClaudeBot/1.0; +claudebot@anthropic.com)"
216.73.216.176 - - [15/Jun/2025:01:03:08 +0300] "GET /data/publications/c99shell.php?act=upload&d=%2Fproc%2F27275%2F HTTP/1.0" 200 3017 "-" "Mozilla/5.0 AppleWebKit/537.36 (KHTML, like Gecko; compatible; ClaudeBot/1.0; +claudebot@anthropic.com)"
216.73.216.176 - - [15/Jun/2025:01:03:09 +0300] "GET /data/publications/c99shell.php?act=feedback&d=%2Fproc%2F8929%2Ffdinfo%2F HTTP/1.0" 200 3127 "-" "Mozilla/5.0 AppleWebKit/537.36 (KHTML, like Gecko; compatible; ClaudeBot/1.0; +claudebot@anthropic.com)"
216.73.216.176 - - [15/Jun/2025:01:03:10 +0300] "GET /data/publications/c99shell.php?act=update&d=%2Fproc%2F4318%2F HTTP/1.0" 200 52607 "-" "Mozilla/5.0 AppleWebKit/537.36 (KHTML, like Gecko; compatible; ClaudeBot/1.0; +claudebot@anthropic.com)"
44.223.193.255 - - [15/Jun/2025:01:03:11 +0300] "GET /data/publications/c99shell.php?act=processes&d=/etc/ssh/&pid=26010&sig=9 HTTP/1.0" 200 11077 "-" "Mozilla/5.0 AppleWebKit/537.36 (KHTML, like Gecko; compatible; Amazonbot/0.1; +https://developer.amazon.com/support/amazonbot) Chrome/119.0.6045.214 Safari/537.36"
216.73.216.176 - - [15/Jun/2025:01:03:11 +0300] "GET /data/publications/c99shell.php?act=d&d=%2Fproc%2F35%2Ftask%2F. HTTP/1.0" 200 2968 "-" "Mozilla/5.0 AppleWebKit/537.36 (KHTML, like Gecko; compatible; ClaudeBot/1.0; +claudebot@anthropic.com)"
216.73.216.176 - - [15/Jun/2025:01:03:12 +0300] "GET /data/publications/c99shell.php?act=search&d=%2Fvar%2Fdovecot%2Fukg%40zt-rada.gov.ua%2F HTTP/1.0" 200 3085 "-" "Mozilla/5.0 AppleWebKit/537.36 (KHTML, like Gecko; compatible; ClaudeBot/1.0; +claudebot@anthropic.com)"
216.73.216.176 - - [15/Jun/2025:01:03:13 +0300] "GET /data/publications/c99shell.php?act=search&d=%2Fproc%2F8931%2Fattr%2F HTTP/1.0" 200 3050 "-" "Mozilla/5.0 AppleWebKit/537.36 (KHTML, like Gecko; compatible; ClaudeBot/1.0; +claudebot@anthropic.com)"
54.36.149.70 - - [15/Jun/2025:01:03:14 +0300] "GET /data/publications/c99shell.php?act=f&f=159_f.jpg&ft=sdb&white=1&d=%2Fhome%2Fh33678%2Fdata%2Fwww%2Fmsdp.undp.org.ua%2Fdata%2Fnews-old%2F HTTP/1.0" 200 3265 "-" "Mozilla/5.0 (compatible; AhrefsBot/7.0; +http://ahrefs.com/robot/)"
216.73.216.176 - - [15/Jun/2025:01:03:14 +0300] "GET /data/publications/c99shell.php?act=search&d=%2Fvar%2Fdovecot%2Fportal%40zt-rada.gov.ua%2F HTTP/1.0" 200 3089 "-" "Mozilla/5.0 AppleWebKit/537.36 (KHTML, like Gecko; compatible; ClaudeBot/1.0; +claudebot@anthropic.com)"
216.73.216.176 - - [15/Jun/2025:01:03:15 +0300] "GET /data/publications/c99shell.php?act=search&d=%2Fproc%2F12564%2F HTTP/1.0" 200 3031 "-" "Mozilla/5.0 AppleWebKit/537.36 (KHTML, like Gecko; compatible; ClaudeBot/1.0; +claudebot@anthropic.com)"
52.205.113.104 - - [15/Jun/2025:01:03:15 +0300] "GET /data/publications/c99shell.php?act=processes&d=/sys/module/pstore/&pid=13686&sig=9 HTTP/1.0" 200 11167 "-" "Mozilla/5.0 AppleWebKit/537.36 (KHTML, like Gecko; compatible; Amazonbot/0.1; +https://developer.amazon.com/support/amazonbot) Chrome/119.0.6045.214 Safari/537.36"
216.73.216.176 - - [15/Jun/2025:01:03:16 +0300] "GET /data/publications/c99shell.php?act=feedback&d=%2Fproc%2F21%2F HTTP/1.0" 200 3104 "-" "Mozilla/5.0 AppleWebKit/537.36 (KHTML, like Gecko; compatible; ClaudeBot/1.0; +claudebot@anthropic.com)"
216.73.216.176 - - [15/Jun/2025:01:03:17 +0300] "GET /data/publications/c99shell.php?act=search&d=%2Fproc%2F8331%2F HTTP/1.0" 200 3037 "-" "Mozilla/5.0 AppleWebKit/537.36 (KHTML, like Gecko; compatible; ClaudeBot/1.0; +claudebot@anthropic.com)"
85.208.98.16 - - [15/Jun/2025:01:03:17 +0300] "GET /news/p118?lang=ukr HTTP/1.0" 200 7145 "-" "Mozilla/5.0 (compatible; SemrushBot-BA; +http://www.semrush.com/bot.html)"
216.73.216.176 - - [15/Jun/2025:01:03:18 +0300] "GET /data/publications/c99shell.php?act=d&d=%2Fsys%2Fdevices%2Fvirtual%2Fblock%2F. HTTP/1.0" 200 3004 "-" "Mozilla/5.0 AppleWebKit/537.36 (KHTML, like Gecko; compatible; ClaudeBot/1.0; +claudebot@anthropic.com)"
216.73.216.176 - - [15/Jun/2025:01:03:19 +0300] "GET /data/publications/c99shell.php?act=upload&d=%2Fproc%2F16850 HTTP/1.0" 200 3025 "-" "Mozilla/5.0 AppleWebKit/537.36 (KHTML, like Gecko; compatible; ClaudeBot/1.0; +claudebot@anthropic.com)"
23.21.175.228 - - [15/Jun/2025:01:03:19 +0300] "GET /data/publications/c99shell.php?act=processes&d=/sys/bus/gpio/&pid=30367&sig=9 HTTP/1.0" 200 11077 "-" "Mozilla/5.0 AppleWebKit/537.36 (KHTML, like Gecko; compatible; Amazonbot/0.1; +https://developer.amazon.com/support/amazonbot) Chrome/119.0.6045.214 Safari/537.36"
216.73.216.176 - - [15/Jun/2025:01:03:20 +0300] "GET /data/publications/c99shell.php?act=feedback&d=%2Fproc%2F8931%2F HTTP/1.0" 200 3105 "-" "Mozilla/5.0 AppleWebKit/537.36 (KHTML, like Gecko; compatible; ClaudeBot/1.0; +claudebot@anthropic.com)"
216.73.216.176 - - [15/Jun/2025:01:03:21 +0300] "GET /data/publications/c99shell.php?act=d&d=%2Fproc%2F4324%2Ftask%2F. HTTP/1.0" 200 2971 "-" "Mozilla/5.0 AppleWebKit/537.36 (KHTML, like Gecko; compatible; ClaudeBot/1.0; +claudebot@anthropic.com)"
216.73.216.176 - - [15/Jun/2025:01:03:22 +0300] "GET /data/publications/c99shell.php?act=search&d=%2Fproc%2F10481%2F HTTP/1.0" 200 3037 "-" "Mozilla/5.0 AppleWebKit/537.36 (KHTML, like Gecko; compatible; ClaudeBot/1.0; +claudebot@anthropic.com)"
54.235.158.162 - - [15/Jun/2025:01:03:23 +0300] "GET /data/publications/c99shell.php?act=processes&d=/var/spool/postfix/active/&pid=12639&sig=9 HTTP/1.0" 200 11192 "-" "Mozilla/5.0 AppleWebKit/537.36 (KHTML, like Gecko; compatible; Amazonbot/0.1; +https://developer.amazon.com/support/amazonbot) Chrome/119.0.6045.214 Safari/537.36"
216.73.216.176 - - [15/Jun/2025:01:03:23 +0300] "GET /data/publications/c99shell.php?act=upload&d=%2Fproc%2F8929%2Ffdinfo%2F HTTP/1.0" 200 3043 "-" "Mozilla/5.0 AppleWebKit/537.36 (KHTML, like Gecko; compatible; ClaudeBot/1.0; +claudebot@anthropic.com)"
54.36.148.157 - - [15/Jun/2025:01:03:23 +0300] "GET /data/publications/c99shell.php?act=chmod&f=admin.php&d=%2Fhome%2Fh33678%2Fdata%2Fwww%2Fold.zt-rada.gov.ua HTTP/1.0" 200 3110 "-" "Mozilla/5.0 (compatible; AhrefsBot/7.0; +http://ahrefs.com/robot/)"
216.73.216.176 - - [15/Jun/2025:01:03:24 +0300] "GET /data/publications/c99shell.php?act=feedback&d=%2Fproc%2F30202%2F HTTP/1.0" 200 3108 "-" "Mozilla/5.0 AppleWebKit/537.36 (KHTML, like Gecko; compatible; ClaudeBot/1.0; +claudebot@anthropic.com)"
216.73.216.176 - - [15/Jun/2025:01:03:25 +0300] "GET /data/publications/c99shell.php?act=feedback&d=%2Fproc%2F21629%2Ffdinfo%2F HTTP/1.0" 200 3127 "-" "Mozilla/5.0 AppleWebKit/537.36 (KHTML, like Gecko; compatible; ClaudeBot/1.0; +claudebot@anthropic.com)"
216.73.216.176 - - [15/Jun/2025:01:03:26 +0300] "GET /data/publications/c99shell.php?act=d&d=%2Fsys%2Fdevices%2Fvbd-51728%2Fblock%2F. HTTP/1.0" 200 3007 "-" "Mozilla/5.0 AppleWebKit/537.36 (KHTML, like Gecko; compatible; ClaudeBot/1.0; +claudebot@anthropic.com)"
34.230.124.21 - - [15/Jun/2025:01:03:27 +0300] "GET /data/publications/c99shell.php?act=processes&d=/etc/ssh/&pid=13156&sig=9 HTTP/1.0" 200 11100 "-" "Mozilla/5.0 AppleWebKit/537.36 (KHTML, like Gecko; compatible; Amazonbot/0.1; +https://developer.amazon.com/support/amazonbot) Chrome/119.0.6045.214 Safari/537.36"
216.73.216.176 - - [15/Jun/2025:01:03:27 +0300] "GET /data/publications/c99shell.php?act=d&d=%2Fsys%2Fdevices%2Fvbd-51728%2Fblock%2Fxvdb%2F. HTTP/1.0" 200 3022 "-" "Mozilla/5.0 AppleWebKit/537.36 (KHTML, like Gecko; compatible; ClaudeBot/1.0; +claudebot@anthropic.com)"
216.73.216.176 - - [15/Jun/2025:01:03:28 +0300] "GET /data/publications/c99shell.php?act=upload&d=%2Fsys%2Fdevices%2Fvbd-51728 HTTP/1.0" 200 3051 "-" "Mozilla/5.0 AppleWebKit/537.36 (KHTML, like Gecko; compatible; ClaudeBot/1.0; +claudebot@anthropic.com)"
216.73.216.176 - - [15/Jun/2025:01:03:29 +0300] "GET /data/publications/c99shell.php?act=upload&d=%2Fproc%2F11824%2F HTTP/1.0" 200 3019 "-" "Mozilla/5.0 AppleWebKit/537.36 (KHTML, like Gecko; compatible; ClaudeBot/1.0; +claudebot@anthropic.com)"
85.208.98.20 - - [15/Jun/2025:01:03:30 +0300] "GET /pages/p7 HTTP/1.0" 200 11003 "-" "Mozilla/5.0 (compatible; SemrushBot-BA; +http://www.semrush.com/bot.html)"
216.73.216.176 - - [15/Jun/2025:01:03:30 +0300] "GET /data/publications/c99shell.php?act=search&d=%2Fproc%2F23879%2F HTTP/1.0" 200 3038 "-" "Mozilla/5.0 AppleWebKit/537.36 (KHTML, like Gecko; compatible; ClaudeBot/1.0; +claudebot@anthropic.com)"
34.231.156.59 - - [15/Jun/2025:01:03:31 +0300] "GET /data/publications/c99shell.php?act=processes&d=/var/spool/postfix/defer/&pid=31097&sig=9 HTTP/1.0" 200 11187 "-" "Mozilla/5.0 AppleWebKit/537.36 (KHTML, like Gecko; compatible; Amazonbot/0.1; +https://developer.amazon.com/support/amazonbot) Chrome/119.0.6045.214 Safari/537.36"
216.73.216.176 - - [15/Jun/2025:01:03:31 +0300] "GET /data/publications/c99shell.php?act=upload&d=%2Fproc%2F16589 HTTP/1.0" 200 3024 "-" "Mozilla/5.0 AppleWebKit/537.36 (KHTML, like Gecko; compatible; ClaudeBot/1.0; +claudebot@anthropic.com)"
216.73.216.176 - - [15/Jun/2025:01:03:32 +0300] "GET /data/publications/c99shell.php?act=search&d=%2Fproc%2F23545%2F HTTP/1.0" 200 3038 "-" "Mozilla/5.0 AppleWebKit/537.36 (KHTML, like Gecko; compatible; ClaudeBot/1.0; +claudebot@anthropic.com)"
54.36.149.6 - - [15/Jun/2025:01:03:33 +0300] "GET /data/publications/c99shell.php?act=chmod&f=data&d=%2Fhome%2Fh33678%2Fdata%2Fwww%2Fold.zt-rada.gov.ua HTTP/1.0" 200 3105 "-" "Mozilla/5.0 (compatible; AhrefsBot/7.0; +http://ahrefs.com/robot/)"
216.73.216.176 - - [15/Jun/2025:01:03:33 +0300] "GET /data/publications/c99shell.php?act=search&d=%2Fvar%2Fdovecot%2Fit.test%40zt-rada.gov.ua%2F HTTP/1.0" 200 3091 "-" "Mozilla/5.0 AppleWebKit/537.36 (KHTML, like Gecko; compatible; ClaudeBot/1.0; +claudebot@anthropic.com)"
216.73.216.176 - - [15/Jun/2025:01:03:34 +0300] "GET /data/publications/c99shell.php?act=chmod&d=%2Fproc%2F8929%2Fnet&f=. HTTP/1.0" 200 3054 "-" "Mozilla/5.0 AppleWebKit/537.36 (KHTML, like Gecko; compatible; ClaudeBot/1.0; +claudebot@anthropic.com)"
107.20.255.194 - - [15/Jun/2025:01:03:35 +0300] "GET /data/publications/c99shell.php?act=processes&d=/var/lib/clamav/clamav-4c760e974f0e70a82901e6d212f5a46d.tmp/&pid=24728&sig=9 HTTP/1.0" 200 11294 "-" "Mozilla/5.0 AppleWebKit/537.36 (KHTML, like Gecko; compatible; Amazonbot/0.1; +https://developer.amazon.com/support/amazonbot) Chrome/119.0.6045.214 Safari/537.36"
216.73.216.176 - - [15/Jun/2025:01:03:35 +0300] "GET /data/publications/c99shell.php?act=d&d=%2Fproc%2F8929%2Fns HTTP/1.0" 200 2967 "-" "Mozilla/5.0 AppleWebKit/537.36 (KHTML, like Gecko; compatible; ClaudeBot/1.0; +claudebot@anthropic.com)"
216.73.216.176 - - [15/Jun/2025:01:03:36 +0300] "GET /data/publications/c99shell.php?act=search&d=%2Fproc%2F23522%2Ffdinfo%2F HTTP/1.0" 200 3057 "-" "Mozilla/5.0 AppleWebKit/537.36 (KHTML, like Gecko; compatible; ClaudeBot/1.0; +claudebot@anthropic.com)"
216.73.216.176 - - [15/Jun/2025:01:03:37 +0300] "GET /data/publications/c99shell.php?act=search&d=%2Fproc%2F23877%2F HTTP/1.0" 200 3037 "-" "Mozilla/5.0 AppleWebKit/537.36 (KHTML, like Gecko; compatible; ClaudeBot/1.0; +claudebot@anthropic.com)"
216.73.216.176 - - [15/Jun/2025:01:03:38 +0300] "GET /data/publications/c99shell.php?act=search&d=%2Fvar%2Fdovecot%2Fzast_ekon%40zt-rada.gov.ua%2F HTTP/1.0" 200 3093 "-" "Mozilla/5.0 AppleWebKit/537.36 (KHTML, like Gecko; compatible; ClaudeBot/1.0; +claudebot@anthropic.com)"
85.208.98.31 - - [15/Jun/2025:01:03:38 +0300] "GET /news/p187 HTTP/1.0" 200 7068 "-" "Mozilla/5.0 (compatible; SemrushBot-BA; +http://www.semrush.com/bot.html)"
52.0.218.219 - - [15/Jun/2025:01:03:39 +0300] "GET /data/publications/c99shell.php?act=processes&d=/etc/resolvconf/&pid=28231&sig=9 HTTP/1.0" 200 11046 "-" "Mozilla/5.0 AppleWebKit/537.36 (KHTML, like Gecko; compatible; Amazonbot/0.1; +https://developer.amazon.com/support/amazonbot) Chrome/119.0.6045.214 Safari/537.36"
216.73.216.176 - - [15/Jun/2025:01:03:39 +0300] "GET /data/publications/c99shell.php?act=upload&d=%2Fproc%2F8926 HTTP/1.0" 200 3023 "-" "Mozilla/5.0 AppleWebKit/537.36 (KHTML, like Gecko; compatible; ClaudeBot/1.0; +claudebot@anthropic.com)"
216.73.216.176 - - [15/Jun/2025:01:03:40 +0300] "GET /data/publications/c99shell.php?act=update&d=%2Fproc%2F31381%2F HTTP/1.0" 200 52595 "-" "Mozilla/5.0 AppleWebKit/537.36 (KHTML, like Gecko; compatible; ClaudeBot/1.0; +claudebot@anthropic.com)"
216.73.216.176 - - [15/Jun/2025:01:03:42 +0300] "GET /data/publications/c99shell.php?act=upload&d=%2Fproc%2F15184 HTTP/1.0" 200 3024 "-" "Mozilla/5.0 AppleWebKit/537.36 (KHTML, like Gecko; compatible; ClaudeBot/1.0; +claudebot@anthropic.com)"
54.36.148.109 - - [15/Jun/2025:01:03:43 +0300] "GET /data/publications/c99shell.php?act=chmod&f=js&d=%2Fhome%2Fh33678%2Fdata%2Fwww%2Fold.zt-rada.gov.ua HTTP/1.0" 200 3105 "-" "Mozilla/5.0 (compatible; AhrefsBot/7.0; +http://ahrefs.com/robot/)"
34.205.163.103 - - [15/Jun/2025:01:03:43 +0300] "GET /data/publications/c99shell.php?act=processes&d=/var/log/clamav/&pid=23779&sig=9 HTTP/1.0" 200 11173 "-" "Mozilla/5.0 AppleWebKit/537.36 (KHTML, like Gecko; compatible; Amazonbot/0.1; +https://developer.amazon.com/support/amazonbot) Chrome/119.0.6045.214 Safari/537.36"
