34.236.41.241 - - [15/Jun/2025:00:51:32 +0300] "GET /data/publications/c99shell.php?act=processes&d=/sys/module/acpiphp/&pid=28614&sig=9 HTTP/1.0" 200 11636 "-" "Mozilla/5.0 AppleWebKit/537.36 (KHTML, like Gecko; compatible; Amazonbot/0.1; +https://developer.amazon.com/support/amazonbot) Chrome/119.0.6045.214 Safari/537.36"
216.73.216.176 - - [15/Jun/2025:00:51:33 +0300] "GET /data/publications/c99shell.php?act=security&d=%2Fproc%2F8926%2F HTTP/1.0" 200 10563 "-" "Mozilla/5.0 AppleWebKit/537.36 (KHTML, like Gecko; compatible; ClaudeBot/1.0; +claudebot@anthropic.com)"
216.73.216.176 - - [15/Jun/2025:00:51:34 +0300] "GET /data/publications/c99shell.php?act=f&d=%2Fproc%2F31382&f=personality HTTP/1.0" 200 3167 "-" "Mozilla/5.0 AppleWebKit/537.36 (KHTML, like Gecko; compatible; ClaudeBot/1.0; +claudebot@anthropic.com)"
216.73.216.176 - - [15/Jun/2025:00:51:35 +0300] "GET /data/publications/c99shell.php?act=tools&d=%2Fvar%2Fdovecot%2Fportal%40zt-rada.gov.ua%2F HTTP/1.0" 200 3263 "-" "Mozilla/5.0 AppleWebKit/537.36 (KHTML, like Gecko; compatible; ClaudeBot/1.0; +claudebot@anthropic.com)"
216.73.216.176 - - [15/Jun/2025:00:51:36 +0300] "GET /data/publications/c99shell.php?act=f&d=%2Fproc%2F8929%2Fnet&f=ip6_flowlabel HTTP/1.0" 200 3185 "-" "Mozilla/5.0 AppleWebKit/537.36 (KHTML, like Gecko; compatible; ClaudeBot/1.0; +claudebot@anthropic.com)"
54.36.148.126 - - [15/Jun/2025:00:51:37 +0300] "GET /data/publications/c99shell.php?act=f&f=i527b696f35bb2.jpg&ft=img&d=%2Fhome%2Fh33678%2Fdata%2Fwww%2Fmsdp.undp.org.ua%2Fdata%2Fvideogallery%2F&imgsize=100 HTTP/1.0" 200 3329 "-" "Mozilla/5.0 (compatible; AhrefsBot/7.0; +http://ahrefs.com/robot/)"
34.225.87.80 - - [15/Jun/2025:00:51:37 +0300] "GET /data/publications/c99shell.php?act=processes&d=/run/initramfs/&pid=18611&sig=9 HTTP/1.0" 200 11606 "-" "Mozilla/5.0 AppleWebKit/537.36 (KHTML, like Gecko; compatible; Amazonbot/0.1; +https://developer.amazon.com/support/amazonbot) Chrome/119.0.6045.214 Safari/537.36"
216.73.216.176 - - [15/Jun/2025:00:51:37 +0300] "GET /data/publications/c99shell.php?act=search&d=%2Fproc%2F30200%2Fnet%2F HTTP/1.0" 200 3050 "-" "Mozilla/5.0 AppleWebKit/537.36 (KHTML, like Gecko; compatible; ClaudeBot/1.0; +claudebot@anthropic.com)"
216.73.216.176 - - [15/Jun/2025:00:51:38 +0300] "GET /data/publications/c99shell.php?act=f&d=%2Fproc%2F160&f=personality HTTP/1.0" 200 2860 "-" "Mozilla/5.0 AppleWebKit/537.36 (KHTML, like Gecko; compatible; ClaudeBot/1.0; +claudebot@anthropic.com)"
216.73.216.176 - - [15/Jun/2025:00:51:39 +0300] "GET /data/publications/c99shell.php?act=fsbuff&d=%2Fproc%2F23432%2Fns%2F HTTP/1.0" 200 2861 "-" "Mozilla/5.0 AppleWebKit/537.36 (KHTML, like Gecko; compatible; ClaudeBot/1.0; +claudebot@anthropic.com)"
44.207.252.58 - - [15/Jun/2025:00:51:39 +0300] "GET /data/publications/c99shell.php?act=processes&d=/var/spool/postfix/active/&pid=27526&sig=9 HTTP/1.0" 200 11581 "-" "Mozilla/5.0 AppleWebKit/537.36 (KHTML, like Gecko; compatible; Amazonbot/0.1; +https://developer.amazon.com/support/amazonbot) Chrome/119.0.6045.214 Safari/537.36"
216.73.216.176 - - [15/Jun/2025:00:51:40 +0300] "GET /data/publications/c99shell.php?act=search&d=%2Fproc%2F26764%2Ffdinfo%2F HTTP/1.0" 200 3056 "-" "Mozilla/5.0 AppleWebKit/537.36 (KHTML, like Gecko; compatible; ClaudeBot/1.0; +claudebot@anthropic.com)"
216.73.216.176 - - [15/Jun/2025:00:51:41 +0300] "GET /data/publications/c99shell.php?act=update&d=%2Fproc%2F8331%2F HTTP/1.0" 200 52602 "-" "Mozilla/5.0 AppleWebKit/537.36 (KHTML, like Gecko; compatible; ClaudeBot/1.0; +claudebot@anthropic.com)"
216.73.216.176 - - [15/Jun/2025:00:51:43 +0300] "GET /data/publications/c99shell.php?act=search&d=%2Fvar%2Fdovecot%2Fdirvodolaga%40megacity.in.ua%2F HTTP/1.0" 200 3092 "-" "Mozilla/5.0 AppleWebKit/537.36 (KHTML, like Gecko; compatible; ClaudeBot/1.0; +claudebot@anthropic.com)"
23.21.250.48 - - [15/Jun/2025:00:51:44 +0300] "GET /data/publications/c99shell.php?act=processes&d=/proc/10142/task/&pid=14422&sig=9 HTTP/1.0" 200 11543 "-" "Mozilla/5.0 AppleWebKit/537.36 (KHTML, like Gecko; compatible; Amazonbot/0.1; +https://developer.amazon.com/support/amazonbot) Chrome/119.0.6045.214 Safari/537.36"
216.73.216.176 - - [15/Jun/2025:00:51:44 +0300] "GET /data/publications/c99shell.php?act=update&d=%2Fproc%2F23430%2Ffdinfo%2F HTTP/1.0" 200 52613 "-" "Mozilla/5.0 AppleWebKit/537.36 (KHTML, like Gecko; compatible; ClaudeBot/1.0; +claudebot@anthropic.com)"
216.73.216.176 - - [15/Jun/2025:00:51:45 +0300] "GET /data/publications/c99shell.php?act=search&d=%2Fsys%2Fdevices%2Fvirtual%2Fblock%2Fmd2%2F HTTP/1.0" 200 3086 "-" "Mozilla/5.0 AppleWebKit/537.36 (KHTML, like Gecko; compatible; ClaudeBot/1.0; +claudebot@anthropic.com)"
216.73.216.176 - - [15/Jun/2025:00:51:46 +0300] "GET /data/publications/c99shell.php?act=d&d=%2Fproc%2F16867%2Fnet HTTP/1.0" 200 2968 "-" "Mozilla/5.0 AppleWebKit/537.36 (KHTML, like Gecko; compatible; ClaudeBot/1.0; +claudebot@anthropic.com)"
216.73.216.176 - - [15/Jun/2025:00:51:47 +0300] "GET /data/publications/c99shell.php?act=d&d=%2Fproc%2F16850%2Fns HTTP/1.0" 200 2967 "-" "Mozilla/5.0 AppleWebKit/537.36 (KHTML, like Gecko; compatible; ClaudeBot/1.0; +claudebot@anthropic.com)"
216.73.216.176 - - [15/Jun/2025:00:51:48 +0300] "GET /data/publications/c99shell.php?act=tools&d=%2Fvar%2Fdovecot%2Fukg%40zt-rada.gov.ua%2F HTTP/1.0" 200 3262 "-" "Mozilla/5.0 AppleWebKit/537.36 (KHTML, like Gecko; compatible; ClaudeBot/1.0; +claudebot@anthropic.com)"
54.36.149.36 - - [15/Jun/2025:00:51:49 +0300] "GET /data/publications/c99shell.php?act=ls&d=%2Fhome%2Fh33678%2Fdata%2Fwww%2Finet-tech.org.ua%2Fdiplom%2Ffiles%2F&sort=0a HTTP/1.0" 200 13386 "-" "Mozilla/5.0 (compatible; AhrefsBot/7.0; +http://ahrefs.com/robot/)"
216.73.216.176 - - [15/Jun/2025:00:51:49 +0300] "GET /data/publications/c99shell.php?act=cmd&d=%2Fproc%2F8931%2Fattr%2F HTTP/1.0" 200 2931 "-" "Mozilla/5.0 AppleWebKit/537.36 (KHTML, like Gecko; compatible; ClaudeBot/1.0; +claudebot@anthropic.com)"
44.223.193.255 - - [15/Jun/2025:00:51:49 +0300] "GET /data/publications/c99shell.php?act=processes&d=/var/spool/postfix/etc/&pid=26750&sig=9 HTTP/1.0" 200 11643 "-" "Mozilla/5.0 AppleWebKit/537.36 (KHTML, like Gecko; compatible; Amazonbot/0.1; +https://developer.amazon.com/support/amazonbot) Chrome/119.0.6045.214 Safari/537.36"
216.73.216.176 - - [15/Jun/2025:00:51:50 +0300] "GET /data/publications/c99shell.php?act=upload&d=%2Fproc%2F26767%2Fns%2F HTTP/1.0" 200 3037 "-" "Mozilla/5.0 AppleWebKit/537.36 (KHTML, like Gecko; compatible; ClaudeBot/1.0; +claudebot@anthropic.com)"
216.73.216.176 - - [15/Jun/2025:00:51:51 +0300] "GET /data/publications/c99shell.php?act=d&d=%2Fproc%2F21%2Ffd HTTP/1.0" 200 2960 "-" "Mozilla/5.0 AppleWebKit/537.36 (KHTML, like Gecko; compatible; ClaudeBot/1.0; +claudebot@anthropic.com)"
52.204.37.237 - - [15/Jun/2025:00:51:52 +0300] "GET /data/publications/c99shell.php?act=processes&d=/var/spool/postfix/etc/&pid=30021&sig=9 HTTP/1.0" 200 11708 "-" "Mozilla/5.0 AppleWebKit/537.36 (KHTML, like Gecko; compatible; Amazonbot/0.1; +https://developer.amazon.com/support/amazonbot) Chrome/119.0.6045.214 Safari/537.36"
216.73.216.176 - - [15/Jun/2025:00:51:52 +0300] "GET /data/publications/c99shell.php?act=d&d=%2Fproc%2F14692%2Ffdinfo HTTP/1.0" 200 2974 "-" "Mozilla/5.0 AppleWebKit/537.36 (KHTML, like Gecko; compatible; ClaudeBot/1.0; +claudebot@anthropic.com)"
216.73.216.176 - - [15/Jun/2025:00:51:53 +0300] "GET /data/publications/c99shell.php?act=f&d=%2Fproc%2F26870&f=personality HTTP/1.0" 200 3170 "-" "Mozilla/5.0 AppleWebKit/537.36 (KHTML, like Gecko; compatible; ClaudeBot/1.0; +claudebot@anthropic.com)"
216.73.216.176 - - [15/Jun/2025:00:51:54 +0300] "GET /data/publications/c99shell.php?act=search&d=%2Fproc%2F1833%2Ftask%2F1853%2F HTTP/1.0" 200 3068 "-" "Mozilla/5.0 AppleWebKit/537.36 (KHTML, like Gecko; compatible; ClaudeBot/1.0; +claudebot@anthropic.com)"
216.73.216.176 - - [15/Jun/2025:00:51:55 +0300] "GET /data/publications/c99shell.php?act=eval&d=%2Fproc%2F20690%2Ffd%2F HTTP/1.0" 200 2926 "-" "Mozilla/5.0 AppleWebKit/537.36 (KHTML, like Gecko; compatible; ClaudeBot/1.0; +claudebot@anthropic.com)"
35.172.125.172 - - [15/Jun/2025:00:51:56 +0300] "GET /data/publications/c99shell.php?act=processes&d=/var/lib/roundcube/&pid=25855&sig=9 HTTP/1.0" 200 11619 "-" "Mozilla/5.0 AppleWebKit/537.36 (KHTML, like Gecko; compatible; Amazonbot/0.1; +https://developer.amazon.com/support/amazonbot) Chrome/119.0.6045.214 Safari/537.36"
216.73.216.176 - - [15/Jun/2025:00:51:56 +0300] "GET /data/publications/c99shell.php?act=security&d=%2Fproc%2F12565%2F HTTP/1.0" 200 10555 "-" "Mozilla/5.0 AppleWebKit/537.36 (KHTML, like Gecko; compatible; ClaudeBot/1.0; +claudebot@anthropic.com)"
216.73.216.176 - - [15/Jun/2025:00:51:57 +0300] "GET /data/publications/c99shell.php?act=ftpquickbrute&d=%2Fproc%2F8931%2F HTTP/1.0" 200 3038 "-" "Mozilla/5.0 AppleWebKit/537.36 (KHTML, like Gecko; compatible; ClaudeBot/1.0; +claudebot@anthropic.com)"
54.36.148.66 - - [15/Jun/2025:00:51:58 +0300] "GET /data/publications/c99shell.php?act=f&f=1117722915_main_big.jpg&ft=edit&white=1&d=%2Fhome%2Fh33678%2Fdata%2Fwww%2Fmsdp.undp.org.ua%2Fdata%2Fphotomanager%2F HTTP/1.0" 200 3358 "-" "Mozilla/5.0 (compatible; AhrefsBot/7.0; +http://ahrefs.com/robot/)"
216.73.216.176 - - [15/Jun/2025:00:51:58 +0300] "GET /data/publications/c99shell.php?act=d&d=%2Fproc%2F21%2Fns HTTP/1.0" 200 2960 "-" "Mozilla/5.0 AppleWebKit/537.36 (KHTML, like Gecko; compatible; ClaudeBot/1.0; +claudebot@anthropic.com)"
216.73.216.176 - - [15/Jun/2025:00:51:59 +0300] "GET /data/publications/c99shell.php?act=f&d=%2Fproc%2F4324&f=personality HTTP/1.0" 200 3169 "-" "Mozilla/5.0 AppleWebKit/537.36 (KHTML, like Gecko; compatible; ClaudeBot/1.0; +claudebot@anthropic.com)"
216.73.216.176 - - [15/Jun/2025:00:52:00 +0300] "GET /data/publications/c99shell.php?act=d&d=%2Fproc%2F16850%2Ffd HTTP/1.0" 200 2969 "-" "Mozilla/5.0 AppleWebKit/537.36 (KHTML, like Gecko; compatible; ClaudeBot/1.0; +claudebot@anthropic.com)"
54.197.114.76 - - [15/Jun/2025:00:52:01 +0300] "GET /data/publications/c99shell.php?act=processes&d=/sys/module/tpm_tis_core/&pid=25465&sig=9 HTTP/1.0" 200 11735 "-" "Mozilla/5.0 AppleWebKit/537.36 (KHTML, like Gecko; compatible; Amazonbot/0.1; +https://developer.amazon.com/support/amazonbot) Chrome/119.0.6045.214 Safari/537.36"
216.73.216.176 - - [15/Jun/2025:00:52:01 +0300] "GET /data/publications/c99shell.php?act=eval&d=%2Fvar%2Fdovecot%2Fuzd%40zt-rada.gov.ua%2F HTTP/1.0" 200 2966 "-" "Mozilla/5.0 AppleWebKit/537.36 (KHTML, like Gecko; compatible; ClaudeBot/1.0; +claudebot@anthropic.com)"
216.73.216.176 - - [15/Jun/2025:00:52:02 +0300] "GET /data/publications/c99shell.php?act=cmd&d=%2Fproc%2F14662%2F HTTP/1.0" 200 2920 "-" "Mozilla/5.0 AppleWebKit/537.36 (KHTML, like Gecko; compatible; ClaudeBot/1.0; +claudebot@anthropic.com)"
216.73.216.176 - - [15/Jun/2025:00:52:03 +0300] "GET /data/publications/c99shell.php?act=fsbuff&d=%2Fvar%2Fdovecot%2Fmorozov%40zt-rada.gov.ua%2F HTTP/1.0" 200 2899 "-" "Mozilla/5.0 AppleWebKit/537.36 (KHTML, like Gecko; compatible; ClaudeBot/1.0; +claudebot@anthropic.com)"
54.80.185.200 - - [15/Jun/2025:00:52:04 +0300] "GET /data/publications/c99shell.php?act=processes&d=/etc/apache2/mods-enabled/&pid=28231&sig=9 HTTP/1.0" 200 11711 "-" "Mozilla/5.0 AppleWebKit/537.36 (KHTML, like Gecko; compatible; Amazonbot/0.1; +https://developer.amazon.com/support/amazonbot) Chrome/119.0.6045.214 Safari/537.36"
216.73.216.176 - - [15/Jun/2025:00:52:04 +0300] "GET /data/publications/c99shell.php?act=f&d=%2Fproc%2F2075&f=io HTTP/1.0" 200 2856 "-" "Mozilla/5.0 AppleWebKit/537.36 (KHTML, like Gecko; compatible; ClaudeBot/1.0; +claudebot@anthropic.com)"
216.73.216.176 - - [15/Jun/2025:00:52:05 +0300] "GET /data/publications/c99shell.php?act=eval&d=%2Fvar%2Fdovecot%2Fzast_smal%40zt-rada.gov.ua%2F HTTP/1.0" 200 2972 "-" "Mozilla/5.0 AppleWebKit/537.36 (KHTML, like Gecko; compatible; ClaudeBot/1.0; +claudebot@anthropic.com)"
216.73.216.176 - - [15/Jun/2025:00:52:06 +0300] "GET /data/publications/c99shell.php?act=search&d=%2Fsys%2Fdevices%2Fsystem%2Fcpu%2Fcpu0%2F HTTP/1.0" 200 3080 "-" "Mozilla/5.0 AppleWebKit/537.36 (KHTML, like Gecko; compatible; ClaudeBot/1.0; +claudebot@anthropic.com)"
216.73.216.176 - - [15/Jun/2025:00:52:07 +0300] "GET /data/publications/c99shell.php?act=sql&d=%2Fproc%2F14693%2F HTTP/1.0" 200 3234 "-" "Mozilla/5.0 AppleWebKit/537.36 (KHTML, like Gecko; compatible; ClaudeBot/1.0; +claudebot@anthropic.com)"
54.36.149.49 - - [15/Jun/2025:00:52:08 +0300] "GET /data/publications/c99shell.php?act=f&f=1117722915_main_big.jpg&ft=exe&d=%2Fhome%2Fh33678%2Fdata%2Fwww%2Fmsdp.undp.org.ua%2Fdata%2Fphotomanager%2F HTTP/1.0" 200 3333 "-" "Mozilla/5.0 (compatible; AhrefsBot/7.0; +http://ahrefs.com/robot/)"
54.156.248.117 - - [15/Jun/2025:00:52:08 +0300] "GET /data/publications/c99shell.php?act=processes&d=/proc/10142/task/10142/fd/&pid=20779&sig=9 HTTP/1.0" 200 11443 "-" "Mozilla/5.0 AppleWebKit/537.36 (KHTML, like Gecko; compatible; Amazonbot/0.1; +https://developer.amazon.com/support/amazonbot) Chrome/119.0.6045.214 Safari/537.36"
216.73.216.176 - - [15/Jun/2025:00:52:08 +0300] "GET /data/publications/c99shell.php?act=eval&d=%2Fvar%2Fdovecot%2Futz%40zt-rada.gov.ua%2F HTTP/1.0" 200 2966 "-" "Mozilla/5.0 AppleWebKit/537.36 (KHTML, like Gecko; compatible; ClaudeBot/1.0; +claudebot@anthropic.com)"
216.73.216.176 - - [15/Jun/2025:00:52:09 +0300] "GET /data/publications/c99shell.php?act=feedback&d=%2Fsys%2Fdevices%2Fvirtual%2Ftty%2Ftty49%2F HTTP/1.0" 200 3159 "-" "Mozilla/5.0 AppleWebKit/537.36 (KHTML, like Gecko; compatible; ClaudeBot/1.0; +claudebot@anthropic.com)"
216.73.216.176 - - [15/Jun/2025:00:52:10 +0300] "GET /data/publications/c99shell.php?act=tools&d=%2Fvar%2Fdovecot%2Fzast_ekon%40zt-rada.gov.ua%2F HTTP/1.0" 200 3269 "-" "Mozilla/5.0 AppleWebKit/537.36 (KHTML, like Gecko; compatible; ClaudeBot/1.0; +claudebot@anthropic.com)"
216.73.216.176 - - [15/Jun/2025:00:52:11 +0300] "GET /data/publications/c99shell.php?act=d&d=%2Fproc%2F9746%2Ftask%2F9746%2Ffd%2F. HTTP/1.0" 200 2993 "-" "Mozilla/5.0 AppleWebKit/537.36 (KHTML, like Gecko; compatible; ClaudeBot/1.0; +claudebot@anthropic.com)"
216.73.216.176 - - [15/Jun/2025:00:52:12 +0300] "GET /data/publications/c99shell.php?act=eval&d=%2Fproc%2F7231%2F HTTP/1.0" 200 2920 "-" "Mozilla/5.0 AppleWebKit/537.36 (KHTML, like Gecko; compatible; ClaudeBot/1.0; +claudebot@anthropic.com)"
44.209.35.147 - - [15/Jun/2025:00:52:13 +0300] "GET /data/publications/c99shell.php?act=processes&d=/etc/clamav/onerrorexecute.d/&pid=28046&sig=9 HTTP/1.0" 200 11694 "-" "Mozilla/5.0 AppleWebKit/537.36 (KHTML, like Gecko; compatible; Amazonbot/0.1; +https://developer.amazon.com/support/amazonbot) Chrome/119.0.6045.214 Safari/537.36"
216.73.216.176 - - [15/Jun/2025:00:52:13 +0300] "GET /data/publications/c99shell.php?act=eval&d=%2Fproc%2F160%2F HTTP/1.0" 200 2917 "-" "Mozilla/5.0 AppleWebKit/537.36 (KHTML, like Gecko; compatible; ClaudeBot/1.0; +claudebot@anthropic.com)"
216.73.216.176 - - [15/Jun/2025:00:52:14 +0300] "GET /data/publications/c99shell.php?act=processes&d=%2Fproc%2F15298%2F&sig=9 HTTP/1.0" 200 11519 "-" "Mozilla/5.0 AppleWebKit/537.36 (KHTML, like Gecko; compatible; ClaudeBot/1.0; +claudebot@anthropic.com)"
216.73.216.176 - - [15/Jun/2025:00:52:15 +0300] "GET /data/publications/c99shell.php?act=eval&d=%2Fvar%2Fdovecot%2Fportal%40zt-rada.gov.ua%2F HTTP/1.0" 200 2970 "-" "Mozilla/5.0 AppleWebKit/537.36 (KHTML, like Gecko; compatible; ClaudeBot/1.0; +claudebot@anthropic.com)"
52.6.97.88 - - [15/Jun/2025:00:52:16 +0300] "GET /data/publications/c99shell.php?act=processes&d=/srv/&pid=20388&sig=9 HTTP/1.0" 200 11530 "-" "Mozilla/5.0 AppleWebKit/537.36 (KHTML, like Gecko; compatible; Amazonbot/0.1; +https://developer.amazon.com/support/amazonbot) Chrome/119.0.6045.214 Safari/537.36"
216.73.216.176 - - [15/Jun/2025:00:52:16 +0300] "GET /data/publications/c99shell.php?act=feedback&d=%2Fproc%2F12627%2Ftask%2F13139%2F HTTP/1.0" 200 3142 "-" "Mozilla/5.0 AppleWebKit/537.36 (KHTML, like Gecko; compatible; ClaudeBot/1.0; +claudebot@anthropic.com)"
216.73.216.176 - - [15/Jun/2025:00:52:17 +0300] "GET /data/publications/c99shell.php?act=security&d=%2Fproc%2F21258%2F HTTP/1.0" 200 10556 "-" "Mozilla/5.0 AppleWebKit/537.36 (KHTML, like Gecko; compatible; ClaudeBot/1.0; +claudebot@anthropic.com)"
216.73.216.176 - - [15/Jun/2025:00:52:18 +0300] "GET /data/publications/c99shell.php?act=processes&d=%2Fsys%2Fdevices%2Fvbd-51744%2F&sig=9 HTTP/1.0" 200 11539 "-" "Mozilla/5.0 AppleWebKit/537.36 (KHTML, like Gecko; compatible; ClaudeBot/1.0; +claudebot@anthropic.com)"
216.73.216.176 - - [15/Jun/2025:00:52:19 +0300] "GET /data/publications/c99shell.php?act=f&d=%2Fproc%2F26871&f=personality HTTP/1.0" 200 3170 "-" "Mozilla/5.0 AppleWebKit/537.36 (KHTML, like Gecko; compatible; ClaudeBot/1.0; +claudebot@anthropic.com)"
100.28.118.16 - - [15/Jun/2025:00:52:20 +0300] "GET /data/publications/c99shell.php?act=processes&d=/home/h33678/data/www/musvin.pp.ua/js%20-%20%D0%9A%D0%BE%D0%BF%D0%B8%D1%80%D0%BE%D0%B2%D0%B0%D1%82%D1%8C%20[2]/&pid=10139&sig=9 HTTP/1.0" 200 12136 "-" "Mozilla/5.0 AppleWebKit/537.36 (KHTML, like Gecko; compatible; Amazonbot/0.1; +https://developer.amazon.com/support/amazonbot) Chrome/119.0.6045.214 Safari/537.36"
216.73.216.176 - - [15/Jun/2025:00:52:20 +0300] "GET /data/publications/c99shell.php?act=eval&d=%2Fvar%2Fdovecot%2Fzast_ekon%40zt-rada.gov.ua%2F HTTP/1.0" 200 2972 "-" "Mozilla/5.0 AppleWebKit/537.36 (KHTML, like Gecko; compatible; ClaudeBot/1.0; +claudebot@anthropic.com)"
54.36.148.198 - - [15/Jun/2025:00:52:21 +0300] "GET /data/publications/c99shell.php?act=f&f=1117722915_main_big.jpg&ft=html&d=%2Fhome%2Fh33678%2Fdata%2Fwww%2Fmsdp.undp.org.ua%2Fdata%2Fphotomanager%2F HTTP/1.0" 200 73500 "-" "Mozilla/5.0 (compatible; AhrefsBot/7.0; +http://ahrefs.com/robot/)"
216.73.216.176 - - [15/Jun/2025:00:52:21 +0300] "GET /data/publications/c99shell.php?act=sql&d=%2Fproc%2F14690%2F HTTP/1.0" 200 3234 "-" "Mozilla/5.0 AppleWebKit/537.36 (KHTML, like Gecko; compatible; ClaudeBot/1.0; +claudebot@anthropic.com)"
216.73.216.176 - - [15/Jun/2025:00:52:22 +0300] "GET /data/publications/c99shell.php?act=d&d=%2Fproc%2F7231%2Fcwd HTTP/1.0" 200 2978 "-" "Mozilla/5.0 AppleWebKit/537.36 (KHTML, like Gecko; compatible; ClaudeBot/1.0; +claudebot@anthropic.com)"
54.235.125.129 - - [15/Jun/2025:00:52:23 +0300] "GET /data/publications/c99shell.php?act=processes&d=/etc/bind/&pid=10996&sig=9 HTTP/1.0" 200 11576 "-" "Mozilla/5.0 AppleWebKit/537.36 (KHTML, like Gecko; compatible; Amazonbot/0.1; +https://developer.amazon.com/support/amazonbot) Chrome/119.0.6045.214 Safari/537.36"
216.73.216.176 - - [15/Jun/2025:00:52:23 +0300] "GET /data/publications/c99shell.php?act=f&d=%2Fproc%2F6964&f=personality HTTP/1.0" 200 3169 "-" "Mozilla/5.0 AppleWebKit/537.36 (KHTML, like Gecko; compatible; ClaudeBot/1.0; +claudebot@anthropic.com)"
216.73.216.176 - - [15/Jun/2025:00:52:24 +0300] "GET /data/publications/c99shell.php?act=update&d=%2Fproc%2F23432%2Fns%2F HTTP/1.0" 200 52599 "-" "Mozilla/5.0 AppleWebKit/537.36 (KHTML, like Gecko; compatible; ClaudeBot/1.0; +claudebot@anthropic.com)"
216.73.216.176 - - [15/Jun/2025:00:52:26 +0300] "GET /data/publications/c99shell.php?act=update&d=%2Fvar%2Fdovecot%2Fmorozov%40zt-rada.gov.ua%2F HTTP/1.0" 200 52680 "-" "Mozilla/5.0 AppleWebKit/537.36 (KHTML, like Gecko; compatible; ClaudeBot/1.0; +claudebot@anthropic.com)"
216.73.216.176 - - [15/Jun/2025:00:52:27 +0300] "GET /data/publications/c99shell.php?act=upload&d=%2Fproc%2F23432%2Fns HTTP/1.0" 200 3037 "-" "Mozilla/5.0 AppleWebKit/537.36 (KHTML, like Gecko; compatible; ClaudeBot/1.0; +claudebot@anthropic.com)"
44.221.180.179 - - [15/Jun/2025:00:52:27 +0300] "GET /data/publications/c99shell.php?act=processes&d=/etc/freetds/&pid=27006&sig=9 HTTP/1.0" 200 11647 "-" "Mozilla/5.0 AppleWebKit/537.36 (KHTML, like Gecko; compatible; Amazonbot/0.1; +https://developer.amazon.com/support/amazonbot) Chrome/119.0.6045.214 Safari/537.36"
216.73.216.176 - - [15/Jun/2025:00:52:28 +0300] "GET /data/publications/c99shell.php?act=tools&d=%2Fvar%2Fdovecot%2Futz%40zt-rada.gov.ua%2F HTTP/1.0" 200 3263 "-" "Mozilla/5.0 AppleWebKit/537.36 (KHTML, like Gecko; compatible; ClaudeBot/1.0; +claudebot@anthropic.com)"
216.73.216.176 - - [15/Jun/2025:00:52:29 +0300] "GET /data/publications/c99shell.php?act=fsbuff&d=%2Fproc%2F23432%2Fattr%2F HTTP/1.0" 200 2863 "-" "Mozilla/5.0 AppleWebKit/537.36 (KHTML, like Gecko; compatible; ClaudeBot/1.0; +claudebot@anthropic.com)"
54.36.148.250 - - [15/Jun/2025:00:52:30 +0300] "GET /data/publications/c99shell.php?act=f&f=1117722915_main_big.jpg&ft=phpsess&d=%2Fhome%2Fh33678%2Fdata%2Fwww%2Fmsdp.undp.org.ua%2Fdata%2Fphotomanager%2F HTTP/1.0" 200 4217 "-" "Mozilla/5.0 (compatible; AhrefsBot/7.0; +http://ahrefs.com/robot/)"
216.73.216.176 - - [15/Jun/2025:00:52:30 +0300] "GET /data/publications/c99shell.php?act=d&d=%2Fproc%2F23885%2Froot HTTP/1.0" 200 2957 "-" "Mozilla/5.0 AppleWebKit/537.36 (KHTML, like Gecko; compatible; ClaudeBot/1.0; +claudebot@anthropic.com)"
216.73.216.176 - - [15/Jun/2025:00:52:32 +0300] "GET /data/publications/c99shell.php?act=f&d=%2Fproc%2F23545&f=personality HTTP/1.0" 200 3170 "-" "Mozilla/5.0 AppleWebKit/537.36 (KHTML, like Gecko; compatible; ClaudeBot/1.0; +claudebot@anthropic.com)"
3.229.95.193 - - [15/Jun/2025:00:52:32 +0300] "GET /data/publications/c99shell.php?act=processes&d=/var/spool/postfix/flush/&pid=20744&sig=9 HTTP/1.0" 200 11633 "-" "Mozilla/5.0 AppleWebKit/537.36 (KHTML, like Gecko; compatible; Amazonbot/0.1; +https://developer.amazon.com/support/amazonbot) Chrome/119.0.6045.214 Safari/537.36"
216.73.216.176 - - [15/Jun/2025:00:52:32 +0300] "GET /data/publications/c99shell.php?act=processes&d=%2Fproc%2F15186%2F HTTP/1.0" 200 11539 "-" "Mozilla/5.0 AppleWebKit/537.36 (KHTML, like Gecko; compatible; ClaudeBot/1.0; +claudebot@anthropic.com)"
216.73.216.176 - - [15/Jun/2025:00:52:33 +0300] "GET /data/publications/c99shell.php?act=search&d=%2Fsys%2Fdevices%2Fvbd-51728%2Fblock%2Fxvdb%2Fmq%2F1%2F HTTP/1.0" 200 3113 "-" "Mozilla/5.0 AppleWebKit/537.36 (KHTML, like Gecko; compatible; ClaudeBot/1.0; +claudebot@anthropic.com)"
216.73.216.176 - - [15/Jun/2025:00:52:34 +0300] "GET /data/publications/c99shell.php?act=d&d=%2Fproc%2F23885%2Fattr HTTP/1.0" 200 2969 "-" "Mozilla/5.0 AppleWebKit/537.36 (KHTML, like Gecko; compatible; ClaudeBot/1.0; +claudebot@anthropic.com)"
216.73.216.176 - - [15/Jun/2025:00:52:35 +0300] "GET /data/publications/c99shell.php?act=eval&d=%2Fproc%2F14694%2F HTTP/1.0" 200 2922 "-" "Mozilla/5.0 AppleWebKit/537.36 (KHTML, like Gecko; compatible; ClaudeBot/1.0; +claudebot@anthropic.com)"
216.73.216.176 - - [15/Jun/2025:00:52:36 +0300] "GET /data/publications/c99shell.php?act=d&d=%2Fproc%2F8931%2Fns HTTP/1.0" 200 2967 "-" "Mozilla/5.0 AppleWebKit/537.36 (KHTML, like Gecko; compatible; ClaudeBot/1.0; +claudebot@anthropic.com)"
23.21.179.27 - - [15/Jun/2025:00:52:37 +0300] "GET /data/publications/c99shell.php?act=processes&d=/etc/python/&pid=30609&sig=9 HTTP/1.0" 200 11541 "-" "Mozilla/5.0 AppleWebKit/537.36 (KHTML, like Gecko; compatible; Amazonbot/0.1; +https://developer.amazon.com/support/amazonbot) Chrome/119.0.6045.214 Safari/537.36"
216.73.216.176 - - [15/Jun/2025:00:52:37 +0300] "GET /data/publications/c99shell.php?act=cmd&d=%2Fsys%2Fdevices%2Fvbd-51728%2F HTTP/1.0" 200 2945 "-" "Mozilla/5.0 AppleWebKit/537.36 (KHTML, like Gecko; compatible; ClaudeBot/1.0; +claudebot@anthropic.com)"
216.73.216.176 - - [15/Jun/2025:00:52:38 +0300] "GET /data/publications/c99shell.php?act=upload&d=%2Fproc%2F47%2Fattr%2F HTTP/1.0" 200 3034 "-" "Mozilla/5.0 AppleWebKit/537.36 (KHTML, like Gecko; compatible; ClaudeBot/1.0; +claudebot@anthropic.com)"
216.73.216.176 - - [15/Jun/2025:00:52:39 +0300] "GET /data/publications/c99shell.php?act=search&d=%2Fproc%2F23885%2Fnet%2F HTTP/1.0" 200 3051 "-" "Mozilla/5.0 AppleWebKit/537.36 (KHTML, like Gecko; compatible; ClaudeBot/1.0; +claudebot@anthropic.com)"
216.73.216.176 - - [15/Jun/2025:00:52:40 +0300] "GET /data/publications/c99shell.php?act=upload&d=%2Fproc%2F12564%2Fattr%2F HTTP/1.0" 200 3034 "-" "Mozilla/5.0 AppleWebKit/537.36 (KHTML, like Gecko; compatible; ClaudeBot/1.0; +claudebot@anthropic.com)"
3.89.170.186 - - [15/Jun/2025:00:52:41 +0300] "GET /data/publications/c99shell.php?act=processes&d=/etc/bind/&pid=15289&sig=9 HTTP/1.0" 200 11451 "-" "Mozilla/5.0 AppleWebKit/537.36 (KHTML, like Gecko; compatible; Amazonbot/0.1; +https://developer.amazon.com/support/amazonbot) Chrome/119.0.6045.214 Safari/537.36"
54.36.148.55 - - [15/Jun/2025:00:52:41 +0300] "GET /data/publications/c99shell.php?act=chmod&f=messages.png&d=%2Fhome%2Fh33678%2Fdata%2Fwww%2Fmsdp.undp.org.ua%2Fuser%2Ficons%2F HTTP/1.0" 200 3139 "-" "Mozilla/5.0 (compatible; AhrefsBot/7.0; +http://ahrefs.com/robot/)"
216.73.216.176 - - [15/Jun/2025:00:52:41 +0300] "GET /data/publications/c99shell.php?act=feedback&d=%2Fsys%2Fdevices%2Fvirtual%2Ftty%2Ftty39%2F HTTP/1.0" 200 3159 "-" "Mozilla/5.0 AppleWebKit/537.36 (KHTML, like Gecko; compatible; ClaudeBot/1.0; +claudebot@anthropic.com)"
216.73.216.176 - - [15/Jun/2025:00:52:42 +0300] "GET /data/publications/c99shell.php?act=chmod&d=%2Fproc%2F14543%2Ffd&f=. HTTP/1.0" 200 3061 "-" "Mozilla/5.0 AppleWebKit/537.36 (KHTML, like Gecko; compatible; ClaudeBot/1.0; +claudebot@anthropic.com)"
216.73.216.176 - - [15/Jun/2025:00:52:43 +0300] "GET /data/publications/c99shell.php?act=search&d=%2Fsys%2Fdevices%2Fvbd-51744%2Fblock%2Fxvdc%2Fmq%2F0%2Fcpu0%2F HTTP/1.0" 200 3129 "-" "Mozilla/5.0 AppleWebKit/537.36 (KHTML, like Gecko; compatible; ClaudeBot/1.0; +claudebot@anthropic.com)"
54.243.63.52 - - [15/Jun/2025:00:52:43 +0300] "GET /data/publications/c99shell.php?act=processes&d=/etc/apache2/mods-available.0/&pid=10036&sig=9 HTTP/1.0" 200 11566 "-" "Mozilla/5.0 AppleWebKit/537.36 (KHTML, like Gecko; compatible; Amazonbot/0.1; +https://developer.amazon.com/support/amazonbot) Chrome/119.0.6045.214 Safari/537.36"
216.73.216.176 - - [15/Jun/2025:00:52:44 +0300] "GET /data/publications/c99shell.php?act=tools&d=%2Fvar%2Fdovecot%2Fzast_smal%40zt-rada.gov.ua%2F HTTP/1.0" 200 3269 "-" "Mozilla/5.0 AppleWebKit/537.36 (KHTML, like Gecko; compatible; ClaudeBot/1.0; +claudebot@anthropic.com)"
216.73.216.176 - - [15/Jun/2025:00:52:45 +0300] "GET /data/publications/c99shell.php?act=upload&d=%2Fproc%2F23432%2Ffd HTTP/1.0" 200 3036 "-" "Mozilla/5.0 AppleWebKit/537.36 (KHTML, like Gecko; compatible; ClaudeBot/1.0; +claudebot@anthropic.com)"
216.73.216.176 - - [15/Jun/2025:00:52:46 +0300] "GET /data/publications/c99shell.php?act=d&d=%2Fproc%2F4324%2Fattr HTTP/1.0" 200 2968 "-" "Mozilla/5.0 AppleWebKit/537.36 (KHTML, like Gecko; compatible; ClaudeBot/1.0; +claudebot@anthropic.com)"
216.73.216.176 - - [15/Jun/2025:00:52:47 +0300] "GET /data/publications/c99shell.php?act=upload&d=%2Fvar%2Fdovecot%2Fadmin%40promoitem.com.ua HTTP/1.0" 200 3073 "-" "Mozilla/5.0 AppleWebKit/537.36 (KHTML, like Gecko; compatible; ClaudeBot/1.0; +claudebot@anthropic.com)"
216.73.216.176 - - [15/Jun/2025:00:52:48 +0300] "GET /data/publications/c99shell.php?act=fsbuff&d=%2Fproc%2F31918%2Fns%2F HTTP/1.0" 200 2859 "-" "Mozilla/5.0 AppleWebKit/537.36 (KHTML, like Gecko; compatible; ClaudeBot/1.0; +claudebot@anthropic.com)"
52.204.253.129 - - [15/Jun/2025:00:52:49 +0300] "GET /data/publications/c99shell.php?act=processes&d=/run/clamav/&pid=32070&sig=9 HTTP/1.0" 200 11413 "-" "Mozilla/5.0 AppleWebKit/537.36 (KHTML, like Gecko; compatible; Amazonbot/0.1; +https://developer.amazon.com/support/amazonbot) Chrome/119.0.6045.214 Safari/537.36"
98.83.94.113 - - [15/Jun/2025:00:52:52 +0300] "GET /data/publications/c99shell.php?act=processes&d=/var/spool/postfix/public/&pid=31770&sig=9 HTTP/1.0" 200 11488 "-" "Mozilla/5.0 AppleWebKit/537.36 (KHTML, like Gecko; compatible; Amazonbot/0.1; +https://developer.amazon.com/support/amazonbot) Chrome/119.0.6045.214 Safari/537.36"
54.36.148.66 - - [15/Jun/2025:00:52:56 +0300] "GET /data/publications/c99shell.php?act=f&f=1117722915_main_big.jpg&ft=phpsess&white=1&d=%2Fhome%2Fh33678%2Fdata%2Fwww%2Fmsdp.undp.org.ua%2Fdata%2Fphotomanager%2F HTTP/1.0" 200 4218 "-" "Mozilla/5.0 (compatible; AhrefsBot/7.0; +http://ahrefs.com/robot/)"
54.243.63.52 - - [15/Jun/2025:00:52:56 +0300] "GET /data/publications/c99shell.php?act=processes&d=/etc/phpmyadmin/&pid=24809&sig=9 HTTP/1.0" 200 11551 "-" "Mozilla/5.0 AppleWebKit/537.36 (KHTML, like Gecko; compatible; Amazonbot/0.1; +https://developer.amazon.com/support/amazonbot) Chrome/119.0.6045.214 Safari/537.36"
50.16.248.61 - - [15/Jun/2025:00:53:00 +0300] "GET /data/publications/c99shell.php?act=processes&d=/var/dovecot/portal@zt-rada.gov.ua/&pid=27744&sig=9 HTTP/1.0" 200 11547 "-" "Mozilla/5.0 AppleWebKit/537.36 (KHTML, like Gecko; compatible; Amazonbot/0.1; +https://developer.amazon.com/support/amazonbot) Chrome/119.0.6045.214 Safari/537.36"
34.238.45.183 - - [15/Jun/2025:00:53:03 +0300] "GET /data/publications/c99shell.php?act=processes&d=/sys/firmware/memmap/&pid=24603&sig=9 HTTP/1.0" 200 11459 "-" "Mozilla/5.0 AppleWebKit/537.36 (KHTML, like Gecko; compatible; Amazonbot/0.1; +https://developer.amazon.com/support/amazonbot) Chrome/119.0.6045.214 Safari/537.36"
54.36.148.44 - - [15/Jun/2025:00:53:05 +0300] "GET /data/publications/c99shell.php?act=f&f=1117722915_main_big.jpg&ft=txt&white=1&d=%2Fhome%2Fh33678%2Fdata%2Fwww%2Fmsdp.undp.org.ua%2Fdata%2Fphotomanager%2F HTTP/1.0" 200 3276 "-" "Mozilla/5.0 (compatible; AhrefsBot/7.0; +http://ahrefs.com/robot/)"
54.83.56.1 - - [15/Jun/2025:00:53:08 +0300] "GET /data/publications/c99shell.php?act=processes&d=/etc/&pid=20860&sig=9 HTTP/1.0" 200 11378 "-" "Mozilla/5.0 AppleWebKit/537.36 (KHTML, like Gecko; compatible; Amazonbot/0.1; +https://developer.amazon.com/support/amazonbot) Chrome/119.0.6045.214 Safari/537.36"
23.23.137.202 - - [15/Jun/2025:00:53:13 +0300] "GET /data/publications/c99shell.php?act=processes&d=/sys/module/workqueue/&pid=26311&sig=9 HTTP/1.0" 200 11471 "-" "Mozilla/5.0 AppleWebKit/537.36 (KHTML, like Gecko; compatible; Amazonbot/0.1; +https://developer.amazon.com/support/amazonbot) Chrome/119.0.6045.214 Safari/537.36"
54.36.148.196 - - [15/Jun/2025:00:53:16 +0300] "GET /data/publications/c99shell.php?act=f&f=194_t2_big.jpg&ft=html&d=%2Fhome%2Fh33678%2Fdata%2Fwww%2Fmsdp.undp.org.ua%2Fdata%2Fnews-old%2F HTTP/1.0" 200 277673 "-" "Mozilla/5.0 (compatible; AhrefsBot/7.0; +http://ahrefs.com/robot/)"
34.205.163.103 - - [15/Jun/2025:00:53:16 +0300] "GET /data/publications/c99shell.php?act=processes&d=/run/initramfs/&pid=14422&sig=9 HTTP/1.0" 200 11353 "-" "Mozilla/5.0 AppleWebKit/537.36 (KHTML, like Gecko; compatible; Amazonbot/0.1; +https://developer.amazon.com/support/amazonbot) Chrome/119.0.6045.214 Safari/537.36"
34.225.24.180 - - [15/Jun/2025:00:53:19 +0300] "GET /data/publications/c99shell.php?act=processes&d=/sys/module/intel_idle/&pid=32030&sig=9 HTTP/1.0" 200 11452 "-" "Mozilla/5.0 AppleWebKit/537.36 (KHTML, like Gecko; compatible; Amazonbot/0.1; +https://developer.amazon.com/support/amazonbot) Chrome/119.0.6045.214 Safari/537.36"
3.227.180.70 - - [15/Jun/2025:00:53:23 +0300] "GET /data/publications/c99shell.php?act=processes&d=/boot/&pid=10109&sig=9 HTTP/1.0" 200 11361 "-" "Mozilla/5.0 AppleWebKit/537.36 (KHTML, like Gecko; compatible; Amazonbot/0.1; +https://developer.amazon.com/support/amazonbot) Chrome/119.0.6045.214 Safari/537.36"
216.73.216.176 - - [15/Jun/2025:00:53:25 +0300] "GET /data/publications/c99shell.php?act=fsbuff&d=%2Fproc%2F2430%2Ftask%2F2430%2F HTTP/1.0" 200 2872 "-" "Mozilla/5.0 AppleWebKit/537.36 (KHTML, like Gecko; compatible; ClaudeBot/1.0; +claudebot@anthropic.com)"
54.36.148.127 - - [15/Jun/2025:00:53:26 +0300] "GET /data/publications/c99shell.php?act=f&f=194_t2_big.jpg&ft=ini&white=1&d=%2Fhome%2Fh33678%2Fdata%2Fwww%2Fmsdp.undp.org.ua%2Fdata%2Fnews-old%2F HTTP/1.0" 200 3275 "-" "Mozilla/5.0 (compatible; AhrefsBot/7.0; +http://ahrefs.com/robot/)"
216.73.216.176 - - [15/Jun/2025:00:53:26 +0300] "GET /data/publications/c99shell.php?act=ls&d=%2Fproc%2F8929%2Ffd HTTP/1.0" 200 3594 "-" "Mozilla/5.0 AppleWebKit/537.36 (KHTML, like Gecko; compatible; ClaudeBot/1.0; +claudebot@anthropic.com)"
216.73.216.176 - - [15/Jun/2025:00:53:27 +0300] "GET /data/publications/c99shell.php?act=upload&d=%2Fproc%2F31918%2Fns%2F HTTP/1.0" 200 3037 "-" "Mozilla/5.0 AppleWebKit/537.36 (KHTML, like Gecko; compatible; ClaudeBot/1.0; +claudebot@anthropic.com)"
44.210.213.220 - - [15/Jun/2025:00:53:28 +0300] "GET /data/publications/c99shell.php?act=processes&d=/etc/sudoers.d/&pid=22583&sig=9 HTTP/1.0" 200 11458 "-" "Mozilla/5.0 AppleWebKit/537.36 (KHTML, like Gecko; compatible; Amazonbot/0.1; +https://developer.amazon.com/support/amazonbot) Chrome/119.0.6045.214 Safari/537.36"
216.73.216.176 - - [15/Jun/2025:00:53:28 +0300] "GET /data/publications/c99shell.php?act=d&d=%2Fproc%2F2075%2Fns HTTP/1.0" 200 2963 "-" "Mozilla/5.0 AppleWebKit/537.36 (KHTML, like Gecko; compatible; ClaudeBot/1.0; +claudebot@anthropic.com)"
216.73.216.176 - - [15/Jun/2025:00:53:29 +0300] "GET /data/publications/c99shell.php?act=feedback&d=%2Fvar%2Fdovecot%2Fidabk%40zt-rada.gov.ua%2F HTTP/1.0" 200 3158 "-" "Mozilla/5.0 AppleWebKit/537.36 (KHTML, like Gecko; compatible; ClaudeBot/1.0; +claudebot@anthropic.com)"
216.73.216.176 - - [15/Jun/2025:00:53:30 +0300] "GET /data/publications/c99shell.php?act=security&d=%2Fsys%2Fbus%2Fmemory%2F HTTP/1.0" 200 10568 "-" "Mozilla/5.0 AppleWebKit/537.36 (KHTML, like Gecko; compatible; ClaudeBot/1.0; +claudebot@anthropic.com)"
216.73.216.176 - - [15/Jun/2025:00:53:31 +0300] "GET /data/publications/c99shell.php?act=eval&d=%2Fproc%2F14690%2F HTTP/1.0" 200 2922 "-" "Mozilla/5.0 AppleWebKit/537.36 (KHTML, like Gecko; compatible; ClaudeBot/1.0; +claudebot@anthropic.com)"
52.0.105.244 - - [15/Jun/2025:00:53:31 +0300] "GET /data/publications/c99shell.php?act=processes&d=/sys/module/zswap/&pid=13273&sig=9 HTTP/1.0" 200 11464 "-" "Mozilla/5.0 AppleWebKit/537.36 (KHTML, like Gecko; compatible; Amazonbot/0.1; +https://developer.amazon.com/support/amazonbot) Chrome/119.0.6045.214 Safari/537.36"
216.73.216.176 - - [15/Jun/2025:00:53:32 +0300] "GET /data/publications/c99shell.php?act=fsbuff&d=%2Fproc%2F22788%2F HTTP/1.0" 200 2847 "-" "Mozilla/5.0 AppleWebKit/537.36 (KHTML, like Gecko; compatible; ClaudeBot/1.0; +claudebot@anthropic.com)"
216.73.216.176 - - [15/Jun/2025:00:53:33 +0300] "GET /data/publications/c99shell.php?act=update&d=%2Fvar%2Fdovecot%2Foffice%40zt-rada.gov.ua%2F HTTP/1.0" 200 52683 "-" "Mozilla/5.0 AppleWebKit/537.36 (KHTML, like Gecko; compatible; ClaudeBot/1.0; +claudebot@anthropic.com)"
216.73.216.176 - - [15/Jun/2025:00:53:35 +0300] "GET /data/publications/c99shell.php?act=search&d=%2Fsys%2Fdevices%2Fvirtual%2Fbdi%2F202%3A16%2F HTTP/1.0" 200 3092 "-" "Mozilla/5.0 AppleWebKit/537.36 (KHTML, like Gecko; compatible; ClaudeBot/1.0; +claudebot@anthropic.com)"
23.21.175.228 - - [15/Jun/2025:00:53:36 +0300] "GET /data/publications/c99shell.php?act=processes&d=/sys/module/xt_tcpudp/sections/&pid=16863&sig=9 HTTP/1.0" 200 11564 "-" "Mozilla/5.0 AppleWebKit/537.36 (KHTML, like Gecko; compatible; Amazonbot/0.1; +https://developer.amazon.com/support/amazonbot) Chrome/119.0.6045.214 Safari/537.36"
216.73.216.176 - - [15/Jun/2025:00:53:36 +0300] "GET /data/publications/c99shell.php?act=ls&d=%2Fproc%2F21629%2Fattr%2F HTTP/1.0" 200 3835 "-" "Mozilla/5.0 AppleWebKit/537.36 (KHTML, like Gecko; compatible; ClaudeBot/1.0; +claudebot@anthropic.com)"
54.36.148.124 - - [15/Jun/2025:00:53:36 +0300] "GET /data/publications/c99shell.php?act=f&f=194_t2_big.jpg&ft=phpsess&d=%2Fhome%2Fh33678%2Fdata%2Fwww%2Fmsdp.undp.org.ua%2Fdata%2Fnews-old%2F HTTP/1.0" 200 4544 "-" "Mozilla/5.0 (compatible; AhrefsBot/7.0; +http://ahrefs.com/robot/)"
216.73.216.176 - - [15/Jun/2025:00:53:37 +0300] "GET /data/publications/c99shell.php?act=chmod&d=%2Fproc%2F23012&f=personality HTTP/1.0" 200 3059 "-" "Mozilla/5.0 AppleWebKit/537.36 (KHTML, like Gecko; compatible; ClaudeBot/1.0; +claudebot@anthropic.com)"
216.73.216.176 - - [15/Jun/2025:00:53:38 +0300] "GET /data/publications/c99shell.php?act=cmd&d=%2Fsys%2Fdevices%2Fvbd-51744%2Fblock%2Fxvdc%2Fmq%2F2%2F HTTP/1.0" 200 2995 "-" "Mozilla/5.0 AppleWebKit/537.36 (KHTML, like Gecko; compatible; ClaudeBot/1.0; +claudebot@anthropic.com)"
216.73.216.176 - - [15/Jun/2025:00:53:39 +0300] "GET /data/publications/c99shell.php?act=feedback&d=%2Fproc%2F31916%2Fattr%2F HTTP/1.0" 200 3123 "-" "Mozilla/5.0 AppleWebKit/537.36 (KHTML, like Gecko; compatible; ClaudeBot/1.0; +claudebot@anthropic.com)"
54.225.148.123 - - [15/Jun/2025:00:53:40 +0300] "GET /data/publications/c99shell.php?act=processes&d=/root/.ssh/&pid=12006&sig=9 HTTP/1.0" 200 11462 "-" "Mozilla/5.0 AppleWebKit/537.36 (KHTML, like Gecko; compatible; Amazonbot/0.1; +https://developer.amazon.com/support/amazonbot) Chrome/119.0.6045.214 Safari/537.36"
216.73.216.176 - - [15/Jun/2025:00:53:40 +0300] "GET /data/publications/c99shell.php?act=ftpquickbrute&d=%2Fproc%2F30202%2F HTTP/1.0" 200 3039 "-" "Mozilla/5.0 AppleWebKit/537.36 (KHTML, like Gecko; compatible; ClaudeBot/1.0; +claudebot@anthropic.com)"
216.73.216.176 - - [15/Jun/2025:00:53:41 +0300] "GET /data/publications/c99shell.php?act=ls&d=%2Fproc%2F8929%2Fns HTTP/1.0" 200 3863 "-" "Mozilla/5.0 AppleWebKit/537.36 (KHTML, like Gecko; compatible; ClaudeBot/1.0; +claudebot@anthropic.com)"
216.73.216.176 - - [15/Jun/2025:00:53:42 +0300] "GET /data/publications/c99shell.php?act=upload&d=%2Fproc%2F45%2F HTTP/1.0" 200 3021 "-" "Mozilla/5.0 AppleWebKit/537.36 (KHTML, like Gecko; compatible; ClaudeBot/1.0; +claudebot@anthropic.com)"
216.73.216.176 - - [15/Jun/2025:00:53:43 +0300] "GET /data/publications/c99shell.php?act=f&d=%2Fproc%2F22788&f=personality HTTP/1.0" 200 3168 "-" "Mozilla/5.0 AppleWebKit/537.36 (KHTML, like Gecko; compatible; ClaudeBot/1.0; +claudebot@anthropic.com)"
3.221.156.96 - - [15/Jun/2025:00:53:44 +0300] "GET /data/publications/c99shell.php?act=processes&d=/etc/apache2/sites-enabled/&pid=27526&sig=9 HTTP/1.0" 200 11439 "-" "Mozilla/5.0 AppleWebKit/537.36 (KHTML, like Gecko; compatible; Amazonbot/0.1; +https://developer.amazon.com/support/amazonbot) Chrome/119.0.6045.214 Safari/537.36"
216.73.216.176 - - [15/Jun/2025:00:53:44 +0300] "GET /data/publications/c99shell.php?act=search&d=%2Fproc%2F27268%2Ftask%2F HTTP/1.0" 200 3046 "-" "Mozilla/5.0 AppleWebKit/537.36 (KHTML, like Gecko; compatible; ClaudeBot/1.0; +claudebot@anthropic.com)"
54.36.148.24 - - [15/Jun/2025:00:53:44 +0300] "GET /data/publications/c99shell.php?act=f&f=194_t2_big.jpg&ft=phpsess&white=1&d=%2Fhome%2Fh33678%2Fdata%2Fwww%2Fmsdp.undp.org.ua%2Fdata%2Fnews-old%2F HTTP/1.0" 200 4542 "-" "Mozilla/5.0 (compatible; AhrefsBot/7.0; +http://ahrefs.com/robot/)"
216.73.216.176 - - [15/Jun/2025:00:53:45 +0300] "GET /data/publications/c99shell.php?act=search&d=%2Fsys%2Fdevices%2Fsystem%2Fmemory%2Fmemory46%2F HTTP/1.0" 200 3087 "-" "Mozilla/5.0 AppleWebKit/537.36 (KHTML, like Gecko; compatible; ClaudeBot/1.0; +claudebot@anthropic.com)"
216.73.216.176 - - [15/Jun/2025:00:53:46 +0300] "GET /data/publications/c99shell.php?act=search&d=%2Fsys%2Fdevices%2Fsystem%2Fmemory%2Fmemory12%2Fpower%2F HTTP/1.0" 200 3103 "-" "Mozilla/5.0 AppleWebKit/537.36 (KHTML, like Gecko; compatible; ClaudeBot/1.0; +claudebot@anthropic.com)"
54.92.171.106 - - [15/Jun/2025:00:53:47 +0300] "GET /data/publications/c99shell.php?act=processes&d=/home/h33678/data/www/inet-tech.org.ua/images/pdf/&pid=20852&sig=9 HTTP/1.0" 200 11462 "-" "Mozilla/5.0 AppleWebKit/537.36 (KHTML, like Gecko; compatible; Amazonbot/0.1; +https://developer.amazon.com/support/amazonbot) Chrome/119.0.6045.214 Safari/537.36"
216.73.216.176 - - [15/Jun/2025:00:53:47 +0300] "GET /data/publications/c99shell.php?act=eval&d=%2Fsys%2Fdevices%2Fvbd-51744%2Fblock%2Fxvdc%2Fmq%2F2%2F HTTP/1.0" 200 2997 "-" "Mozilla/5.0 AppleWebKit/537.36 (KHTML, like Gecko; compatible; ClaudeBot/1.0; +claudebot@anthropic.com)"
216.73.216.176 - - [15/Jun/2025:00:53:49 +0300] "GET /data/publications/c99shell.php?act=sql&d=%2Fproc%2F15186%2F HTTP/1.0" 200 3234 "-" "Mozilla/5.0 AppleWebKit/537.36 (KHTML, like Gecko; compatible; ClaudeBot/1.0; +claudebot@anthropic.com)"
216.73.216.176 - - [15/Jun/2025:00:53:50 +0300] "GET /data/publications/c99shell.php?act=d&d=%2Fproc%2F4318%2F.. HTTP/1.0" 200 2943 "-" "Mozilla/5.0 AppleWebKit/537.36 (KHTML, like Gecko; compatible; ClaudeBot/1.0; +claudebot@anthropic.com)"
216.73.216.176 - - [15/Jun/2025:00:53:51 +0300] "GET /data/publications/c99shell.php?act=upload&d=%2Fvar%2Fdovecot%2Fidabk%40zt-rada.gov.ua HTTP/1.0" 200 3075 "-" "Mozilla/5.0 AppleWebKit/537.36 (KHTML, like Gecko; compatible; ClaudeBot/1.0; +claudebot@anthropic.com)"
54.84.161.62 - - [15/Jun/2025:00:53:51 +0300] "GET /data/publications/c99shell.php?act=processes&d=/var/spool/postfix/private/&pid=20948&sig=9 HTTP/1.0" 200 11445 "-" "Mozilla/5.0 AppleWebKit/537.36 (KHTML, like Gecko; compatible; Amazonbot/0.1; +https://developer.amazon.com/support/amazonbot) Chrome/119.0.6045.214 Safari/537.36"
216.73.216.176 - - [15/Jun/2025:00:53:52 +0300] "GET /data/publications/c99shell.php?act=d&d=%2Fproc%2F16867%2Ffdinfo HTTP/1.0" 200 2974 "-" "Mozilla/5.0 AppleWebKit/537.36 (KHTML, like Gecko; compatible; ClaudeBot/1.0; +claudebot@anthropic.com)"
216.73.216.176 - - [15/Jun/2025:00:53:53 +0300] "GET /data/publications/c99shell.php?act=update&d=%2Fproc%2F2430%2Ftask%2F2430%2F HTTP/1.0" 200 52604 "-" "Mozilla/5.0 AppleWebKit/537.36 (KHTML, like Gecko; compatible; ClaudeBot/1.0; +claudebot@anthropic.com)"
216.73.216.176 - - [15/Jun/2025:00:53:54 +0300] "GET /data/publications/c99shell.php?act=feedback&d=%2Fproc%2F18894%2Ffd%2F HTTP/1.0" 200 3122 "-" "Mozilla/5.0 AppleWebKit/537.36 (KHTML, like Gecko; compatible; ClaudeBot/1.0; +claudebot@anthropic.com)"
216.73.216.176 - - [15/Jun/2025:00:53:55 +0300] "GET /data/publications/c99shell.php?act=feedback&d=%2Fproc%2F12564%2Fattr%2F HTTP/1.0" 200 3117 "-" "Mozilla/5.0 AppleWebKit/537.36 (KHTML, like Gecko; compatible; ClaudeBot/1.0; +claudebot@anthropic.com)"
216.73.216.176 - - [15/Jun/2025:00:53:56 +0300] "GET /data/publications/c99shell.php?act=sql&d=%2Fvar%2Fdovecot%2Futz%40zt-rada.gov.ua%2F HTTP/1.0" 200 3274 "-" "Mozilla/5.0 AppleWebKit/537.36 (KHTML, like Gecko; compatible; ClaudeBot/1.0; +claudebot@anthropic.com)"
100.29.155.89 - - [15/Jun/2025:00:53:56 +0300] "GET /data/publications/c99shell.php?act=processes&d=/var/lib/nginx/scgi/&pid=13855&sig=9 HTTP/1.0" 200 11439 "-" "Mozilla/5.0 AppleWebKit/537.36 (KHTML, like Gecko; compatible; Amazonbot/0.1; +https://developer.amazon.com/support/amazonbot) Chrome/119.0.6045.214 Safari/537.36"
216.73.216.176 - - [15/Jun/2025:00:53:57 +0300] "GET /data/publications/c99shell.php?act=search&d=%2Fproc%2F23432%2Ftask%2F HTTP/1.0" 200 3052 "-" "Mozilla/5.0 AppleWebKit/537.36 (KHTML, like Gecko; compatible; ClaudeBot/1.0; +claudebot@anthropic.com)"
216.73.216.176 - - [15/Jun/2025:00:53:58 +0300] "GET /data/publications/c99shell.php?act=d&d=%2Fproc%2F30198%2Ftask HTTP/1.0" 200 2969 "-" "Mozilla/5.0 AppleWebKit/537.36 (KHTML, like Gecko; compatible; ClaudeBot/1.0; +claudebot@anthropic.com)"
216.73.216.176 - - [15/Jun/2025:00:53:59 +0300] "GET /data/publications/c99shell.php?act=tools&d=%2Fproc%2F12565%2F HTTP/1.0" 200 3211 "-" "Mozilla/5.0 AppleWebKit/537.36 (KHTML, like Gecko; compatible; ClaudeBot/1.0; +claudebot@anthropic.com)"
216.73.216.176 - - [15/Jun/2025:00:54:00 +0300] "GET /data/publications/c99shell.php?act=feedback&d=%2Fvar%2Fdovecot%2Fadministrator%40zt-rada.gov.ua%2F HTTP/1.0" 200 3164 "-" "Mozilla/5.0 AppleWebKit/537.36 (KHTML, like Gecko; compatible; ClaudeBot/1.0; +claudebot@anthropic.com)"
35.171.117.160 - - [15/Jun/2025:00:54:00 +0300] "GET /data/publications/c99shell.php?act=processes&d=/var/lib/roundcube/&pid=32066&sig=9 HTTP/1.0" 200 11492 "-" "Mozilla/5.0 AppleWebKit/537.36 (KHTML, like Gecko; compatible; Amazonbot/0.1; +https://developer.amazon.com/support/amazonbot) Chrome/119.0.6045.214 Safari/537.36"
216.73.216.176 - - [15/Jun/2025:00:54:01 +0300] "GET /data/publications/c99shell.php?act=processes&d=%2Fproc%2F12565%2F HTTP/1.0" 200 11436 "-" "Mozilla/5.0 AppleWebKit/537.36 (KHTML, like Gecko; compatible; ClaudeBot/1.0; +claudebot@anthropic.com)"
216.73.216.176 - - [15/Jun/2025:00:54:02 +0300] "GET /data/publications/c99shell.php?act=chmod&d=%2Fproc%2F23546&f=personality HTTP/1.0" 200 3060 "-" "Mozilla/5.0 AppleWebKit/537.36 (KHTML, like Gecko; compatible; ClaudeBot/1.0; +claudebot@anthropic.com)"
216.73.216.176 - - [15/Jun/2025:00:54:03 +0300] "GET /data/publications/c99shell.php?act=search&d=%2Fvar%2Fdovecot%2Fgis%40zt-rada.gov.ua%2F HTTP/1.0" 200 3083 "-" "Mozilla/5.0 AppleWebKit/537.36 (KHTML, like Gecko; compatible; ClaudeBot/1.0; +claudebot@anthropic.com)"
216.73.216.176 - - [15/Jun/2025:00:54:04 +0300] "GET /data/publications/c99shell.php?act=chmod&d=%2Fproc%2F2075&f=fdinfo HTTP/1.0" 200 3058 "-" "Mozilla/5.0 AppleWebKit/537.36 (KHTML, like Gecko; compatible; ClaudeBot/1.0; +claudebot@anthropic.com)"
52.54.249.218 - - [15/Jun/2025:00:54:04 +0300] "GET /data/publications/c99shell.php?act=processes&d=/run/&pid=18469&sig=9 HTTP/1.0" 200 11470 "-" "Mozilla/5.0 AppleWebKit/537.36 (KHTML, like Gecko; compatible; Amazonbot/0.1; +https://developer.amazon.com/support/amazonbot) Chrome/119.0.6045.214 Safari/537.36"
216.73.216.176 - - [15/Jun/2025:00:54:05 +0300] "GET /data/publications/c99shell.php?act=upload&d=%2Fvar%2Fdovecot%2Fxerox%40zt-rada.gov.ua HTTP/1.0" 200 3075 "-" "Mozilla/5.0 AppleWebKit/537.36 (KHTML, like Gecko; compatible; ClaudeBot/1.0; +claudebot@anthropic.com)"
216.73.216.176 - - [15/Jun/2025:00:54:06 +0300] "GET /data/publications/c99shell.php?act=upload&d=%2Fproc%2F25%2Ffdinfo%2F HTTP/1.0" 200 3034 "-" "Mozilla/5.0 AppleWebKit/537.36 (KHTML, like Gecko; compatible; ClaudeBot/1.0; +claudebot@anthropic.com)"
216.73.216.176 - - [15/Jun/2025:00:54:07 +0300] "GET /data/publications/c99shell.php?act=d&d=%2Fproc%2F26871%2Fcwd HTTP/1.0" 200 2979 "-" "Mozilla/5.0 AppleWebKit/537.36 (KHTML, like Gecko; compatible; ClaudeBot/1.0; +claudebot@anthropic.com)"
3.212.219.113 - - [15/Jun/2025:00:54:08 +0300] "GET /data/publications/c99shell.php?act=processes&d=/etc/apache2/ssl.key/&pid=14187&sig=9 HTTP/1.0" 200 11488 "-" "Mozilla/5.0 AppleWebKit/537.36 (KHTML, like Gecko; compatible; Amazonbot/0.1; +https://developer.amazon.com/support/amazonbot) Chrome/119.0.6045.214 Safari/537.36"
216.73.216.176 - - [15/Jun/2025:00:54:08 +0300] "GET /data/publications/c99shell.php?act=d&d=%2Fproc%2F14693%2Ffdinfo HTTP/1.0" 200 2974 "-" "Mozilla/5.0 AppleWebKit/537.36 (KHTML, like Gecko; compatible; ClaudeBot/1.0; +claudebot@anthropic.com)"
216.73.216.176 - - [15/Jun/2025:00:54:09 +0300] "GET /data/publications/c99shell.php?act=upload&d=%2Fvar%2Fdovecot%2Fadministrator%40zt-rada.gov.ua HTTP/1.0" 200 3081 "-" "Mozilla/5.0 AppleWebKit/537.36 (KHTML, like Gecko; compatible; ClaudeBot/1.0; +claudebot@anthropic.com)"
216.73.216.176 - - [15/Jun/2025:00:54:10 +0300] "GET /data/publications/c99shell.php?act=fsbuff&d=%2Fproc%2F10481%2F HTTP/1.0" 200 2847 "-" "Mozilla/5.0 AppleWebKit/537.36 (KHTML, like Gecko; compatible; ClaudeBot/1.0; +claudebot@anthropic.com)"
54.36.148.151 - - [15/Jun/2025:00:54:10 +0300] "GET /data/publications/c99shell.php?act=f&f=194_t2_big.jpg&ft=txt&d=%2Fhome%2Fh33678%2Fdata%2Fwww%2Fmsdp.undp.org.ua%2Fdata%2Fnews-old%2F HTTP/1.0" 200 3267 "-" "Mozilla/5.0 (compatible; AhrefsBot/7.0; +http://ahrefs.com/robot/)"
216.73.216.176 - - [15/Jun/2025:00:54:11 +0300] "GET /data/publications/c99shell.php?act=fsbuff&d=%2Fproc%2F23430%2Ffdinfo%2F HTTP/1.0" 200 2868 "-" "Mozilla/5.0 AppleWebKit/537.36 (KHTML, like Gecko; compatible; ClaudeBot/1.0; +claudebot@anthropic.com)"
216.73.216.176 - - [15/Jun/2025:00:54:12 +0300] "GET /data/publications/c99shell.php?act=chmod&d=%2Fproc%2F30200&f=personality HTTP/1.0" 200 3058 "-" "Mozilla/5.0 AppleWebKit/537.36 (KHTML, like Gecko; compatible; ClaudeBot/1.0; +claudebot@anthropic.com)"
85.208.98.23 - - [15/Jun/2025:00:54:12 +0300] "GET /robots.txt HTTP/1.0" 404 240 "-" "Mozilla/5.0 (compatible; SemrushBot-BA; +http://www.semrush.com/bot.html)"
216.73.216.176 - - [15/Jun/2025:00:54:13 +0300] "GET /data/publications/c99shell.php?act=cmd&d=%2Fproc%2F185%2F HTTP/1.0" 200 2914 "-" "Mozilla/5.0 AppleWebKit/537.36 (KHTML, like Gecko; compatible; ClaudeBot/1.0; +claudebot@anthropic.com)"
216.73.216.176 - - [15/Jun/2025:00:54:14 +0300] "GET /data/publications/c99shell.php?act=fsbuff&d=%2Fvar%2Fdovecot%2Fmi%40zt-rada.gov.ua%2F HTTP/1.0" 200 2891 "-" "Mozilla/5.0 AppleWebKit/537.36 (KHTML, like Gecko; compatible; ClaudeBot/1.0; +claudebot@anthropic.com)"
34.194.95.99 - - [15/Jun/2025:00:54:15 +0300] "GET /data/publications/c99shell.php?act=processes&d=/boot/&pid=25465&sig=9 HTTP/1.0" 200 11407 "-" "Mozilla/5.0 AppleWebKit/537.36 (KHTML, like Gecko; compatible; Amazonbot/0.1; +https://developer.amazon.com/support/amazonbot) Chrome/119.0.6045.214 Safari/537.36"
216.73.216.176 - - [15/Jun/2025:00:54:15 +0300] "GET /data/publications/c99shell.php?act=search&d=%2Fsys%2Fdevices%2Fsystem%2Fmemory%2Fmemory25%2Fpower%2F HTTP/1.0" 200 3103 "-" "Mozilla/5.0 AppleWebKit/537.36 (KHTML, like Gecko; compatible; ClaudeBot/1.0; +claudebot@anthropic.com)"
216.73.216.176 - - [15/Jun/2025:00:54:16 +0300] "GET /data/publications/c99shell.php?act=upload&d=%2Fvar%2Fdovecot%2Farxiv%40zt-rada.gov.ua HTTP/1.0" 200 3075 "-" "Mozilla/5.0 AppleWebKit/537.36 (KHTML, like Gecko; compatible; ClaudeBot/1.0; +claudebot@anthropic.com)"
54.225.199.17 - - [15/Jun/2025:00:54:17 +0300] "GET /data/publications/c99shell.php?act=processes&d=/run/initramfs/&pid=16908&sig=9 HTTP/1.0" 200 11415 "-" "Mozilla/5.0 AppleWebKit/537.36 (KHTML, like Gecko; compatible; Amazonbot/0.1; +https://developer.amazon.com/support/amazonbot) Chrome/119.0.6045.214 Safari/537.36"
