216.73.216.176 - - [15/Jun/2025:00:56:36 +0300] "GET /data/publications/c99shell.php?act=d&d=%2Fproc%2F16867%2Fcwd HTTP/1.0" 200 2978 "-" "Mozilla/5.0 AppleWebKit/537.36 (KHTML, like Gecko; compatible; ClaudeBot/1.0; +claudebot@anthropic.com)"
54.152.163.42 - - [15/Jun/2025:00:56:37 +0300] "GET /data/publications/c99shell.php?act=processes&d=/sys/module/module/&pid=11669&sig=9 HTTP/1.0" 200 11286 "-" "Mozilla/5.0 AppleWebKit/537.36 (KHTML, like Gecko; compatible; Amazonbot/0.1; +https://developer.amazon.com/support/amazonbot) Chrome/119.0.6045.214 Safari/537.36"
216.73.216.176 - - [15/Jun/2025:00:56:37 +0300] "GET /data/publications/c99shell.php?act=cmd&d=%2Fproc%2F21258%2F HTTP/1.0" 200 2919 "-" "Mozilla/5.0 AppleWebKit/537.36 (KHTML, like Gecko; compatible; ClaudeBot/1.0; +claudebot@anthropic.com)"
216.73.216.176 - - [15/Jun/2025:00:56:38 +0300] "GET /data/publications/c99shell.php?act=fsbuff&d=%2Fproc%2F23877%2F HTTP/1.0" 200 2846 "-" "Mozilla/5.0 AppleWebKit/537.36 (KHTML, like Gecko; compatible; ClaudeBot/1.0; +claudebot@anthropic.com)"
216.73.216.176 - - [15/Jun/2025:00:56:39 +0300] "GET /data/publications/c99shell.php?act=f&d=%2Fproc%2F2075&f=autogroup HTTP/1.0" 200 3167 "-" "Mozilla/5.0 AppleWebKit/537.36 (KHTML, like Gecko; compatible; ClaudeBot/1.0; +claudebot@anthropic.com)"
216.73.216.176 - - [15/Jun/2025:00:56:40 +0300] "GET /data/publications/c99shell.php?act=d&d=%2Fproc%2F23012%2Ffdinfo HTTP/1.0" 200 2974 "-" "Mozilla/5.0 AppleWebKit/537.36 (KHTML, like Gecko; compatible; ClaudeBot/1.0; +claudebot@anthropic.com)"
3.213.85.234 - - [15/Jun/2025:00:56:40 +0300] "GET /data/publications/c99shell.php?act=processes&d=/run/zabbix/&pid=20233&sig=9 HTTP/1.0" 200 11272 "-" "Mozilla/5.0 AppleWebKit/537.36 (KHTML, like Gecko; compatible; Amazonbot/0.1; +https://developer.amazon.com/support/amazonbot) Chrome/119.0.6045.214 Safari/537.36"
216.73.216.176 - - [15/Jun/2025:00:56:41 +0300] "GET /data/publications/c99shell.php?act=upload&d=%2Fvar%2Fdovecot%2Fvodolaga%40megacity.in.ua HTTP/1.0" 200 3076 "-" "Mozilla/5.0 AppleWebKit/537.36 (KHTML, like Gecko; compatible; ClaudeBot/1.0; +claudebot@anthropic.com)"
216.73.216.176 - - [15/Jun/2025:00:56:42 +0300] "GET /data/publications/c99shell.php?act=search&d=%2Fsys%2Fdevices%2Fvirtual%2Ftty%2Ftty42%2F HTTP/1.0" 200 3087 "-" "Mozilla/5.0 AppleWebKit/537.36 (KHTML, like Gecko; compatible; ClaudeBot/1.0; +claudebot@anthropic.com)"
216.73.216.176 - - [15/Jun/2025:00:56:43 +0300] "GET /data/publications/c99shell.php?act=update&d=%2Fproc%2F12564%2F HTTP/1.0" 200 52596 "-" "Mozilla/5.0 AppleWebKit/537.36 (KHTML, like Gecko; compatible; ClaudeBot/1.0; +claudebot@anthropic.com)"
101.46.4.12 - - [15/Jun/2025:00:56:43 +0300] "GET /projects/8/8?lang=ukr HTTP/1.0" 200 4418 "http://msdp.undp.org.ua/projects/8/8?lang=ukr" "Mozilla/5.0 (Windows NT 10.0; Win64; x64) AppleWebKit/537.36 (KHTML, like Gecko) Chrome/104.0.0.0 Safari/537.36"
3.213.106.226 - - [15/Jun/2025:00:56:44 +0300] "GET /data/publications/c99shell.php?act=processes&d=/root/.ssh/&pid=30579&sig=9 HTTP/1.0" 200 11247 "-" "Mozilla/5.0 AppleWebKit/537.36 (KHTML, like Gecko; compatible; Amazonbot/0.1; +https://developer.amazon.com/support/amazonbot) Chrome/119.0.6045.214 Safari/537.36"
216.73.216.176 - - [15/Jun/2025:00:56:44 +0300] "GET /data/publications/c99shell.php?act=eval&d=%2Fsys%2Fbus%2Fmemory%2F HTTP/1.0" 200 2935 "-" "Mozilla/5.0 AppleWebKit/537.36 (KHTML, like Gecko; compatible; ClaudeBot/1.0; +claudebot@anthropic.com)"
216.73.216.176 - - [15/Jun/2025:00:56:45 +0300] "GET /data/publications/c99shell.php?act=fsbuff&d=%2Fproc%2F14690%2F HTTP/1.0" 200 2848 "-" "Mozilla/5.0 AppleWebKit/537.36 (KHTML, like Gecko; compatible; ClaudeBot/1.0; +claudebot@anthropic.com)"
54.36.148.56 - - [15/Jun/2025:00:56:45 +0300] "GET /data/publications/c99shell.php?act=chmod&f=tmp&d=%2Fhome%2Fh33678%2Fdata%2Fwww%2Fmusvin.pp.ua HTTP/1.0" 200 3099 "-" "Mozilla/5.0 (compatible; AhrefsBot/7.0; +http://ahrefs.com/robot/)"
216.73.216.176 - - [15/Jun/2025:00:56:46 +0300] "GET /data/publications/c99shell.php?act=search&d=%2Fproc%2F14170%2Ffd%2F HTTP/1.0" 200 3050 "-" "Mozilla/5.0 AppleWebKit/537.36 (KHTML, like Gecko; compatible; ClaudeBot/1.0; +claudebot@anthropic.com)"
216.73.216.176 - - [15/Jun/2025:00:56:47 +0300] "GET /data/publications/c99shell.php?act=search&d=%2Fproc%2F186%2Ffd%2F HTTP/1.0" 200 3045 "-" "Mozilla/5.0 AppleWebKit/537.36 (KHTML, like Gecko; compatible; ClaudeBot/1.0; +claudebot@anthropic.com)"
85.208.98.16 - - [15/Jun/2025:00:56:46 +0300] "GET /news/p265?lang=eng HTTP/1.0" 200 5608 "-" "Mozilla/5.0 (compatible; SemrushBot-BA; +http://www.semrush.com/bot.html)"
216.73.216.176 - - [15/Jun/2025:00:56:48 +0300] "GET /data/publications/c99shell.php?act=feedback&d=%2Fproc%2F22788%2F HTTP/1.0" 200 3107 "-" "Mozilla/5.0 AppleWebKit/537.36 (KHTML, like Gecko; compatible; ClaudeBot/1.0; +claudebot@anthropic.com)"
44.197.76.210 - - [15/Jun/2025:00:56:48 +0300] "GET /data/publications/c99shell.php?act=f&d=/sys/bus/cpu/&f=uevent&ft=exe&white=1 HTTP/1.0" 200 2870 "-" "Mozilla/5.0 AppleWebKit/537.36 (KHTML, like Gecko; compatible; Amazonbot/0.1; +https://developer.amazon.com/support/amazonbot) Chrome/119.0.6045.214 Safari/537.36"
216.73.216.176 - - [15/Jun/2025:00:56:49 +0300] "GET /data/publications/c99shell.php?act=fsbuff&d=%2Fproc%2F8931%2Fattr%2F HTTP/1.0" 200 2859 "-" "Mozilla/5.0 AppleWebKit/537.36 (KHTML, like Gecko; compatible; ClaudeBot/1.0; +claudebot@anthropic.com)"
216.73.216.176 - - [15/Jun/2025:00:56:50 +0300] "GET /data/publications/c99shell.php?act=ftpquickbrute&d=%2Fproc%2F21629%2Fattr%2F HTTP/1.0" 200 3054 "-" "Mozilla/5.0 AppleWebKit/537.36 (KHTML, like Gecko; compatible; ClaudeBot/1.0; +claudebot@anthropic.com)"
216.73.216.176 - - [15/Jun/2025:00:56:51 +0300] "GET /data/publications/c99shell.php?act=search&d=%2Fvar%2Fdovecot%2Funsczn%40zt-rada.gov.ua%2F HTTP/1.0" 200 3091 "-" "Mozilla/5.0 AppleWebKit/537.36 (KHTML, like Gecko; compatible; ClaudeBot/1.0; +claudebot@anthropic.com)"
216.73.216.176 - - [15/Jun/2025:00:56:52 +0300] "GET /data/publications/c99shell.php?act=tools&d=%2Fproc%2F11832%2F HTTP/1.0" 200 3213 "-" "Mozilla/5.0 AppleWebKit/537.36 (KHTML, like Gecko; compatible; ClaudeBot/1.0; +claudebot@anthropic.com)"
54.84.93.8 - - [15/Jun/2025:00:56:52 +0300] "GET /data/publications/c99shell.php?act=f&d=/opt/php52/include/php/main&f=logos.h&ft=download HTTP/1.0" 200 45486 "-" "Mozilla/5.0 AppleWebKit/537.36 (KHTML, like Gecko; compatible; Amazonbot/0.1; +https://developer.amazon.com/support/amazonbot) Chrome/119.0.6045.214 Safari/537.36"
216.73.216.176 - - [15/Jun/2025:00:56:53 +0300] "GET /data/publications/c99shell.php?act=update&d=%2Fproc%2F14690%2F HTTP/1.0" 200 52594 "-" "Mozilla/5.0 AppleWebKit/537.36 (KHTML, like Gecko; compatible; ClaudeBot/1.0; +claudebot@anthropic.com)"
216.73.216.176 - - [15/Jun/2025:00:56:54 +0300] "GET /data/publications/c99shell.php?act=f&d=%2Fproc%2F23885&f=personality HTTP/1.0" 200 3170 "-" "Mozilla/5.0 AppleWebKit/537.36 (KHTML, like Gecko; compatible; ClaudeBot/1.0; +claudebot@anthropic.com)"
216.73.216.176 - - [15/Jun/2025:00:56:55 +0300] "GET /data/publications/c99shell.php?act=feedback&d=%2Fproc%2F2430%2Ftask%2F2430%2F HTTP/1.0" 200 3134 "-" "Mozilla/5.0 AppleWebKit/537.36 (KHTML, like Gecko; compatible; ClaudeBot/1.0; +claudebot@anthropic.com)"
216.73.216.176 - - [15/Jun/2025:00:56:56 +0300] "GET /data/publications/c99shell.php?act=upload&d=%2Fvar%2Fdovecot%2Fmorozov%40zt-rada.gov.ua HTTP/1.0" 200 3078 "-" "Mozilla/5.0 AppleWebKit/537.36 (KHTML, like Gecko; compatible; ClaudeBot/1.0; +claudebot@anthropic.com)"
216.73.216.176 - - [15/Jun/2025:00:56:57 +0300] "GET /data/publications/c99shell.php?act=feedback&d=%2Fproc%2F6964%2F HTTP/1.0" 200 3107 "-" "Mozilla/5.0 AppleWebKit/537.36 (KHTML, like Gecko; compatible; ClaudeBot/1.0; +claudebot@anthropic.com)"
52.200.54.136 - - [15/Jun/2025:00:56:57 +0300] "GET /data/publications/c99shell.php?act=processes&d=/lib/init/&pid=14048&sig=9 HTTP/1.0" 200 11372 "-" "Mozilla/5.0 AppleWebKit/537.36 (KHTML, like Gecko; compatible; Amazonbot/0.1; +https://developer.amazon.com/support/amazonbot) Chrome/119.0.6045.214 Safari/537.36"
216.73.216.176 - - [15/Jun/2025:00:56:58 +0300] "GET /data/publications/c99shell.php?act=d&d=%2Fproc%2F23885%2Fcwd HTTP/1.0" 200 2980 "-" "Mozilla/5.0 AppleWebKit/537.36 (KHTML, like Gecko; compatible; ClaudeBot/1.0; +claudebot@anthropic.com)"
216.73.216.176 - - [15/Jun/2025:00:56:59 +0300] "GET /data/publications/c99shell.php?act=processes&d=%2Fproc%2F11832%2F HTTP/1.0" 200 11346 "-" "Mozilla/5.0 AppleWebKit/537.36 (KHTML, like Gecko; compatible; ClaudeBot/1.0; +claudebot@anthropic.com)"
85.208.98.24 - - [15/Jun/2025:00:56:58 +0300] "GET /projects/8/139?lang=eng HTTP/1.0" 200 3964 "-" "Mozilla/5.0 (compatible; SemrushBot-BA; +http://www.semrush.com/bot.html)"
216.73.216.176 - - [15/Jun/2025:00:57:00 +0300] "GET /data/publications/c99shell.php?act=chmod&d=%2Fsys%2Fbus%2Fmemory%2F HTTP/1.0" 200 3056 "-" "Mozilla/5.0 AppleWebKit/537.36 (KHTML, like Gecko; compatible; ClaudeBot/1.0; +claudebot@anthropic.com)"
54.198.33.233 - - [15/Jun/2025:00:57:00 +0300] "GET /data/publications/c99shell.php?act=processes&d=/etc/sgml/&pid=20779&sig=9 HTTP/1.0" 200 11379 "-" "Mozilla/5.0 AppleWebKit/537.36 (KHTML, like Gecko; compatible; Amazonbot/0.1; +https://developer.amazon.com/support/amazonbot) Chrome/119.0.6045.214 Safari/537.36"
216.73.216.176 - - [15/Jun/2025:00:57:01 +0300] "GET /data/publications/c99shell.php?act=chmod&d=%2Fproc%2F16867&f=. HTTP/1.0" 200 3046 "-" "Mozilla/5.0 AppleWebKit/537.36 (KHTML, like Gecko; compatible; ClaudeBot/1.0; +claudebot@anthropic.com)"
54.36.148.101 - - [15/Jun/2025:00:57:01 +0300] "GET /data/publications/c99shell.php?act=f&f=12.png&ft=exe&white=1&d=%2Fhome%2Fh33678%2Fdata%2Fwww%2Fmsdp.undp.org.ua%2Fdata%2Fleftmenu%2F HTTP/1.0" 200 3307 "-" "Mozilla/5.0 (compatible; AhrefsBot/7.0; +http://ahrefs.com/robot/)"
216.73.216.176 - - [15/Jun/2025:00:57:02 +0300] "GET /data/publications/c99shell.php?act=update&d=%2Fproc%2F8931%2Fattr%2F HTTP/1.0" 200 52633 "-" "Mozilla/5.0 AppleWebKit/537.36 (KHTML, like Gecko; compatible; ClaudeBot/1.0; +claudebot@anthropic.com)"
216.73.216.176 - - [15/Jun/2025:00:57:03 +0300] "GET /data/publications/c99shell.php?act=search&d=%2Fproc%2F188%2Ffd%2F HTTP/1.0" 200 3045 "-" "Mozilla/5.0 AppleWebKit/537.36 (KHTML, like Gecko; compatible; ClaudeBot/1.0; +claudebot@anthropic.com)"
18.215.112.101 - - [15/Jun/2025:00:57:04 +0300] "GET /data/publications/c99shell.php?act=processes&d=/var/dovecot/kon-analit@zt-rada.gov.ua/&pid=10036&sig=9 HTTP/1.0" 200 11508 "-" "Mozilla/5.0 AppleWebKit/537.36 (KHTML, like Gecko; compatible; Amazonbot/0.1; +https://developer.amazon.com/support/amazonbot) Chrome/119.0.6045.214 Safari/537.36"
216.73.216.176 - - [15/Jun/2025:00:57:04 +0300] "GET /data/publications/c99shell.php?act=d&d=%2Fproc%2F2075%2Fattr HTTP/1.0" 200 2967 "-" "Mozilla/5.0 AppleWebKit/537.36 (KHTML, like Gecko; compatible; ClaudeBot/1.0; +claudebot@anthropic.com)"
85.208.98.31 - - [15/Jun/2025:00:57:04 +0300] "GET /projects/8 HTTP/1.0" 200 4748 "-" "Mozilla/5.0 (compatible; SemrushBot-BA; +http://www.semrush.com/bot.html)"
216.73.216.176 - - [15/Jun/2025:00:57:05 +0300] "GET /data/publications/c99shell.php?act=d&d=%2Fproc%2F15297%2Ffdinfo HTTP/1.0" 200 2972 "-" "Mozilla/5.0 AppleWebKit/537.36 (KHTML, like Gecko; compatible; ClaudeBot/1.0; +claudebot@anthropic.com)"
216.73.216.176 - - [15/Jun/2025:00:57:06 +0300] "GET /data/publications/c99shell.php?act=d&d=%2Fproc%2F15297%2Fnet HTTP/1.0" 200 2968 "-" "Mozilla/5.0 AppleWebKit/537.36 (KHTML, like Gecko; compatible; ClaudeBot/1.0; +claudebot@anthropic.com)"
216.73.216.176 - - [15/Jun/2025:00:57:07 +0300] "GET /data/publications/c99shell.php?act=fsbuff&d=%2Fproc%2F14693%2F HTTP/1.0" 200 2846 "-" "Mozilla/5.0 AppleWebKit/537.36 (KHTML, like Gecko; compatible; ClaudeBot/1.0; +claudebot@anthropic.com)"
54.91.122.193 - - [15/Jun/2025:00:57:07 +0300] "GET /data/publications/c99shell.php?act=processes&d=/var/log/roundcube/&pid=32071&sig=9 HTTP/1.0" 200 11455 "-" "Mozilla/5.0 AppleWebKit/537.36 (KHTML, like Gecko; compatible; Amazonbot/0.1; +https://developer.amazon.com/support/amazonbot) Chrome/119.0.6045.214 Safari/537.36"
216.73.216.176 - - [15/Jun/2025:00:57:08 +0300] "GET /data/publications/c99shell.php?act=sql&d=%2Fproc%2F11832%2F HTTP/1.0" 200 3227 "-" "Mozilla/5.0 AppleWebKit/537.36 (KHTML, like Gecko; compatible; ClaudeBot/1.0; +claudebot@anthropic.com)"
216.73.216.176 - - [15/Jun/2025:00:57:09 +0300] "GET /data/publications/c99shell.php?act=search&d=%2Fproc%2F8929%2Fnet%2Fstat%2F HTTP/1.0" 200 3064 "-" "Mozilla/5.0 AppleWebKit/537.36 (KHTML, like Gecko; compatible; ClaudeBot/1.0; +claudebot@anthropic.com)"
216.73.216.176 - - [15/Jun/2025:00:57:10 +0300] "GET /data/publications/c99shell.php?act=eval&d=%2Fproc%2F12565%2F HTTP/1.0" 200 2915 "-" "Mozilla/5.0 AppleWebKit/537.36 (KHTML, like Gecko; compatible; ClaudeBot/1.0; +claudebot@anthropic.com)"
216.73.216.176 - - [15/Jun/2025:00:57:11 +0300] "GET /data/publications/c99shell.php?act=chmod&d=%2Fproc%2F26767%2Fns&f=. HTTP/1.0" 200 3060 "-" "Mozilla/5.0 AppleWebKit/537.36 (KHTML, like Gecko; compatible; ClaudeBot/1.0; +claudebot@anthropic.com)"
44.215.210.112 - - [15/Jun/2025:00:57:12 +0300] "GET /data/publications/c99shell.php?act=processes&d=/root/nginx/&pid=19636&sig=9 HTTP/1.0" 200 11414 "-" "Mozilla/5.0 AppleWebKit/537.36 (KHTML, like Gecko; compatible; Amazonbot/0.1; +https://developer.amazon.com/support/amazonbot) Chrome/119.0.6045.214 Safari/537.36"
216.73.216.176 - - [15/Jun/2025:00:57:12 +0300] "GET /data/publications/c99shell.php?act=tools&d=%2Fvar%2Fdovecot%2Fzagal%40zt-rada.gov.ua%2F HTTP/1.0" 200 3264 "-" "Mozilla/5.0 AppleWebKit/537.36 (KHTML, like Gecko; compatible; ClaudeBot/1.0; +claudebot@anthropic.com)"
216.73.216.176 - - [15/Jun/2025:00:57:13 +0300] "GET /data/publications/c99shell.php?act=search&d=%2Fproc%2F12627%2Ftask%2F12722%2Ffd%2F HTTP/1.0" 200 3079 "-" "Mozilla/5.0 AppleWebKit/537.36 (KHTML, like Gecko; compatible; ClaudeBot/1.0; +claudebot@anthropic.com)"
216.73.216.176 - - [15/Jun/2025:00:57:14 +0300] "GET /data/publications/c99shell.php?act=tools&d=%2Fvar%2Fdovecot%2Fit%40zt-rada.gov.ua%2F HTTP/1.0" 200 3260 "-" "Mozilla/5.0 AppleWebKit/537.36 (KHTML, like Gecko; compatible; ClaudeBot/1.0; +claudebot@anthropic.com)"
216.73.216.176 - - [15/Jun/2025:00:57:15 +0300] "GET /data/publications/c99shell.php?act=feedback&d=%2Fvar%2Fdovecot%2Fmorozov%40zt-rada.gov.ua%2F HTTP/1.0" 200 3160 "-" "Mozilla/5.0 AppleWebKit/537.36 (KHTML, like Gecko; compatible; ClaudeBot/1.0; +claudebot@anthropic.com)"
3.90.73.206 - - [15/Jun/2025:00:57:15 +0300] "GET /data/publications/c99shell.php?act=processes&d=/etc/apache2/mods-enabled.0/&pid=18266&sig=9 HTTP/1.0" 200 11396 "-" "Mozilla/5.0 AppleWebKit/537.36 (KHTML, like Gecko; compatible; Amazonbot/0.1; +https://developer.amazon.com/support/amazonbot) Chrome/119.0.6045.214 Safari/537.36"
216.73.216.176 - - [15/Jun/2025:00:57:16 +0300] "GET /data/publications/c99shell.php?act=ls&d=%2Fproc%2F8929%2Fattr HTTP/1.0" 200 3833 "-" "Mozilla/5.0 AppleWebKit/537.36 (KHTML, like Gecko; compatible; ClaudeBot/1.0; +claudebot@anthropic.com)"
54.36.149.1 - - [15/Jun/2025:00:57:17 +0300] "GET /data/publications/c99shell.php?act=f&f=12.png&ft=ini&d=%2Fhome%2Fh33678%2Fdata%2Fwww%2Fmsdp.undp.org.ua%2Fdata%2Fleftmenu%2F HTTP/1.0" 200 3261 "-" "Mozilla/5.0 (compatible; AhrefsBot/7.0; +http://ahrefs.com/robot/)"
216.73.216.176 - - [15/Jun/2025:00:57:17 +0300] "GET /data/publications/c99shell.php?act=chmod&d=%2Fproc%2F15297&f=personality HTTP/1.0" 200 3060 "-" "Mozilla/5.0 AppleWebKit/537.36 (KHTML, like Gecko; compatible; ClaudeBot/1.0; +claudebot@anthropic.com)"
216.73.216.176 - - [15/Jun/2025:00:57:18 +0300] "GET /data/publications/c99shell.php?act=update&d=%2Fproc%2F14693%2F HTTP/1.0" 200 52594 "-" "Mozilla/5.0 AppleWebKit/537.36 (KHTML, like Gecko; compatible; ClaudeBot/1.0; +claudebot@anthropic.com)"
216.73.216.176 - - [15/Jun/2025:00:57:19 +0300] "GET /data/publications/c99shell.php?act=eval&d=%2Fvar%2Fdovecot%2Fzagal%40zt-rada.gov.ua%2F HTTP/1.0" 200 2968 "-" "Mozilla/5.0 AppleWebKit/537.36 (KHTML, like Gecko; compatible; ClaudeBot/1.0; +claudebot@anthropic.com)"
184.72.84.154 - - [15/Jun/2025:00:57:19 +0300] "GET /data/publications/c99shell.php?act=processes&d=/sys/module/workqueue/&pid=26195&sig=9 HTTP/1.0" 200 11486 "-" "Mozilla/5.0 AppleWebKit/537.36 (KHTML, like Gecko; compatible; Amazonbot/0.1; +https://developer.amazon.com/support/amazonbot) Chrome/119.0.6045.214 Safari/537.36"
216.73.216.176 - - [15/Jun/2025:00:57:20 +0300] "GET /data/publications/c99shell.php?act=upload&d=%2Fproc%2F15722%2Ffdinfo%2F HTTP/1.0" 200 3044 "-" "Mozilla/5.0 AppleWebKit/537.36 (KHTML, like Gecko; compatible; ClaudeBot/1.0; +claudebot@anthropic.com)"
216.73.216.176 - - [15/Jun/2025:00:57:21 +0300] "GET /data/publications/c99shell.php?act=f&d=%2Fproc%2F30201&f=personality HTTP/1.0" 200 3169 "-" "Mozilla/5.0 AppleWebKit/537.36 (KHTML, like Gecko; compatible; ClaudeBot/1.0; +claudebot@anthropic.com)"
216.73.216.176 - - [15/Jun/2025:00:57:22 +0300] "GET /data/publications/c99shell.php?act=search&d=%2Fproc%2F31377%2Ffd%2F HTTP/1.0" 200 3051 "-" "Mozilla/5.0 AppleWebKit/537.36 (KHTML, like Gecko; compatible; ClaudeBot/1.0; +claudebot@anthropic.com)"
216.73.216.176 - - [15/Jun/2025:00:57:23 +0300] "GET /data/publications/c99shell.php?act=feedback&d=%2Fvar%2Fdovecot%2Fprotokol%40zt-rada.gov.ua%2F HTTP/1.0" 200 3160 "-" "Mozilla/5.0 AppleWebKit/537.36 (KHTML, like Gecko; compatible; ClaudeBot/1.0; +claudebot@anthropic.com)"
216.73.216.176 - - [15/Jun/2025:00:57:24 +0300] "GET /data/publications/c99shell.php?act=cmd&d=%2Fproc%2F30200%2F HTTP/1.0" 200 2920 "-" "Mozilla/5.0 AppleWebKit/537.36 (KHTML, like Gecko; compatible; ClaudeBot/1.0; +claudebot@anthropic.com)"
54.157.99.244 - - [15/Jun/2025:00:57:24 +0300] "GET /data/publications/c99shell.php?act=processes&d=/etc/phppgadmin/&pid=21005&sig=9 HTTP/1.0" 200 11342 "-" "Mozilla/5.0 AppleWebKit/537.36 (KHTML, like Gecko; compatible; Amazonbot/0.1; +https://developer.amazon.com/support/amazonbot) Chrome/119.0.6045.214 Safari/537.36"
216.73.216.176 - - [15/Jun/2025:00:57:25 +0300] "GET /data/publications/c99shell.php?act=d&d=%2Fproc%2F16850%2Fattr HTTP/1.0" 200 2971 "-" "Mozilla/5.0 AppleWebKit/537.36 (KHTML, like Gecko; compatible; ClaudeBot/1.0; +claudebot@anthropic.com)"
216.73.216.176 - - [15/Jun/2025:00:57:26 +0300] "GET /data/publications/c99shell.php?act=tools&d=%2Fproc%2F21629%2Ffdinfo%2F HTTP/1.0" 200 3234 "-" "Mozilla/5.0 AppleWebKit/537.36 (KHTML, like Gecko; compatible; ClaudeBot/1.0; +claudebot@anthropic.com)"
216.73.216.176 - - [15/Jun/2025:00:57:27 +0300] "GET /data/publications/c99shell.php?act=search&d=%2Fsys%2Fdevices%2Fvirtual%2Ftty%2Ftty49%2F HTTP/1.0" 200 3087 "-" "Mozilla/5.0 AppleWebKit/537.36 (KHTML, like Gecko; compatible; ClaudeBot/1.0; +claudebot@anthropic.com)"
54.36.149.42 - - [15/Jun/2025:00:57:27 +0300] "GET /data/publications/c99shell.php?act=f&f=197_f.jpg&ft=img&d=%2Fhome%2Fh33678%2Fdata%2Fwww%2Fmsdp.undp.org.ua%2Fdata%2Fnews-old%2F HTTP/1.0" 200 3316 "-" "Mozilla/5.0 (compatible; AhrefsBot/7.0; +http://ahrefs.com/robot/)"
216.73.216.176 - - [15/Jun/2025:00:57:28 +0300] "GET /data/publications/c99shell.php?act=search&d=%2Fproc%2F23426%2Ffd%2F HTTP/1.0" 200 3050 "-" "Mozilla/5.0 AppleWebKit/537.36 (KHTML, like Gecko; compatible; ClaudeBot/1.0; +claudebot@anthropic.com)"
216.73.216.176 - - [15/Jun/2025:00:57:29 +0300] "GET /data/publications/c99shell.php?act=upload&d=%2Fproc%2F7136%2F HTTP/1.0" 200 3023 "-" "Mozilla/5.0 AppleWebKit/537.36 (KHTML, like Gecko; compatible; ClaudeBot/1.0; +claudebot@anthropic.com)"
44.212.232.231 - - [15/Jun/2025:00:57:29 +0300] "GET /data/publications/c99shell.php?act=processes&d=/proc/10142/task/10142/fd/&pid=20818&sig=9 HTTP/1.0" 200 11505 "-" "Mozilla/5.0 AppleWebKit/537.36 (KHTML, like Gecko; compatible; Amazonbot/0.1; +https://developer.amazon.com/support/amazonbot) Chrome/119.0.6045.214 Safari/537.36"
85.208.98.20 - - [15/Jun/2025:00:57:29 +0300] "GET /projects/24 HTTP/1.0" 200 4202 "-" "Mozilla/5.0 (compatible; SemrushBot-BA; +http://www.semrush.com/bot.html)"
216.73.216.176 - - [15/Jun/2025:00:57:30 +0300] "GET /data/publications/c99shell.php?act=search&d=%2Fsys%2Fdevices%2Fvirtual%2Ftty%2Ftty39%2F HTTP/1.0" 200 3087 "-" "Mozilla/5.0 AppleWebKit/537.36 (KHTML, like Gecko; compatible; ClaudeBot/1.0; +claudebot@anthropic.com)"
216.73.216.176 - - [15/Jun/2025:00:57:31 +0300] "GET /data/publications/c99shell.php?act=upload&d=%2Fproc%2F22788 HTTP/1.0" 200 3024 "-" "Mozilla/5.0 AppleWebKit/537.36 (KHTML, like Gecko; compatible; ClaudeBot/1.0; +claudebot@anthropic.com)"
216.73.216.176 - - [15/Jun/2025:00:57:32 +0300] "GET /data/publications/c99shell.php?act=search&d=%2Fproc%2F22788%2Fns%2F HTTP/1.0" 200 3051 "-" "Mozilla/5.0 AppleWebKit/537.36 (KHTML, like Gecko; compatible; ClaudeBot/1.0; +claudebot@anthropic.com)"
216.73.216.176 - - [15/Jun/2025:00:57:33 +0300] "GET /data/publications/c99shell.php?act=upload&d=%2Fproc%2F2657%2Fnet HTTP/1.0" 200 3035 "-" "Mozilla/5.0 AppleWebKit/537.36 (KHTML, like Gecko; compatible; ClaudeBot/1.0; +claudebot@anthropic.com)"
23.21.175.228 - - [15/Jun/2025:00:57:33 +0300] "GET /data/publications/c99shell.php?act=processes&d=/etc/resolvconf/&pid=11553&sig=9 HTTP/1.0" 200 11232 "-" "Mozilla/5.0 AppleWebKit/537.36 (KHTML, like Gecko; compatible; Amazonbot/0.1; +https://developer.amazon.com/support/amazonbot) Chrome/119.0.6045.214 Safari/537.36"
216.73.216.176 - - [15/Jun/2025:00:57:34 +0300] "GET /data/publications/c99shell.php?act=sql&d=%2Fproc%2F21629%2Ffdinfo%2F HTTP/1.0" 200 3254 "-" "Mozilla/5.0 AppleWebKit/537.36 (KHTML, like Gecko; compatible; ClaudeBot/1.0; +claudebot@anthropic.com)"
216.73.216.176 - - [15/Jun/2025:00:57:35 +0300] "GET /data/publications/c99shell.php?act=processes&d=%2Fproc%2F21629%2Ffdinfo%2F HTTP/1.0" 200 11269 "-" "Mozilla/5.0 AppleWebKit/537.36 (KHTML, like Gecko; compatible; ClaudeBot/1.0; +claudebot@anthropic.com)"
216.73.216.176 - - [15/Jun/2025:00:57:36 +0300] "GET /data/publications/c99shell.php?act=d&d=%2Fproc%2F16850%2Ffdinfo HTTP/1.0" 200 2975 "-" "Mozilla/5.0 AppleWebKit/537.36 (KHTML, like Gecko; compatible; ClaudeBot/1.0; +claudebot@anthropic.com)"
34.231.181.240 - - [15/Jun/2025:00:57:36 +0300] "GET /data/publications/c99shell.php?act=f&d=/opt/php52/include/php/TSRM&f=TSRM.h HTTP/1.0" 200 5122 "-" "Mozilla/5.0 AppleWebKit/537.36 (KHTML, like Gecko; compatible; Amazonbot/0.1; +https://developer.amazon.com/support/amazonbot) Chrome/119.0.6045.214 Safari/537.36"
216.73.216.176 - - [15/Jun/2025:00:57:37 +0300] "GET /data/publications/c99shell.php?act=feedback&d=%2Fproc%2F20690%2Ffd%2F HTTP/1.0" 200 3114 "-" "Mozilla/5.0 AppleWebKit/537.36 (KHTML, like Gecko; compatible; ClaudeBot/1.0; +claudebot@anthropic.com)"
54.36.149.54 - - [15/Jun/2025:00:57:37 +0300] "GET /data/publications/c99shell.php?act=f&f=270899669_main_big.jpg&ft=info&d=%2Fhome%2Fh33678%2Fdata%2Fwww%2Fmsdp.undp.org.ua%2Fdata%2Fphotomanager%2F HTTP/1.0" 200 4145 "-" "Mozilla/5.0 (compatible; AhrefsBot/7.0; +http://ahrefs.com/robot/)"
216.73.216.176 - - [15/Jun/2025:00:57:38 +0300] "GET /data/publications/c99shell.php?act=search&d=%2Fvar%2Fdovecot%2Fusms2%40zt-rada.gov.ua%2F HTTP/1.0" 200 3088 "-" "Mozilla/5.0 AppleWebKit/537.36 (KHTML, like Gecko; compatible; ClaudeBot/1.0; +claudebot@anthropic.com)"
216.73.216.176 - - [15/Jun/2025:00:57:39 +0300] "GET /data/publications/c99shell.php?act=search&d=%2Fproc%2F6963%2Fattr%2F HTTP/1.0" 200 3050 "-" "Mozilla/5.0 AppleWebKit/537.36 (KHTML, like Gecko; compatible; ClaudeBot/1.0; +claudebot@anthropic.com)"
216.73.216.176 - - [15/Jun/2025:00:57:40 +0300] "GET /data/publications/c99shell.php?act=upload&d=%2Fproc%2F23432%2Fnet HTTP/1.0" 200 3037 "-" "Mozilla/5.0 AppleWebKit/537.36 (KHTML, like Gecko; compatible; ClaudeBot/1.0; +claudebot@anthropic.com)"
44.223.232.55 - - [15/Jun/2025:00:57:40 +0300] "GET /data/publications/c99shell.php?act=processes&d=/home/h33678/data/www/musvin.pp.ua/fancyapps%20-%20%D0%9A%D0%BE%D0%BF%D0%B8%D1%80%D0%BE%D0%B2%D0%B0%D1%82%D1%8C/source/&pid=16673&sig=9 HTTP/1.0" 200 11909 "-" "Mozilla/5.0 AppleWebKit/537.36 (KHTML, like Gecko; compatible; Amazonbot/0.1; +https://developer.amazon.com/support/amazonbot) Chrome/119.0.6045.214 Safari/537.36"
216.73.216.176 - - [15/Jun/2025:00:57:41 +0300] "GET /data/publications/c99shell.php?act=upload&d=%2Fproc%2F14692%2F HTTP/1.0" 200 3024 "-" "Mozilla/5.0 AppleWebKit/537.36 (KHTML, like Gecko; compatible; ClaudeBot/1.0; +claudebot@anthropic.com)"
216.73.216.176 - - [15/Jun/2025:00:57:42 +0300] "GET /data/publications/c99shell.php?act=upload&d=%2Fproc%2F8931%2Fattr%2F HTTP/1.0" 200 3036 "-" "Mozilla/5.0 AppleWebKit/537.36 (KHTML, like Gecko; compatible; ClaudeBot/1.0; +claudebot@anthropic.com)"
216.73.216.176 - - [15/Jun/2025:00:57:43 +0300] "GET /data/publications/c99shell.php?act=search&d=%2Fproc%2F16850%2Ftask%2F HTTP/1.0" 200 3053 "-" "Mozilla/5.0 AppleWebKit/537.36 (KHTML, like Gecko; compatible; ClaudeBot/1.0; +claudebot@anthropic.com)"
216.73.216.176 - - [15/Jun/2025:00:57:44 +0300] "GET /data/publications/c99shell.php?act=search&d=%2Fvar%2Fdovecot%2Fadmin%40promoitem.com.ua%2F HTTP/1.0" 200 3088 "-" "Mozilla/5.0 AppleWebKit/537.36 (KHTML, like Gecko; compatible; ClaudeBot/1.0; +claudebot@anthropic.com)"
52.70.209.13 - - [15/Jun/2025:00:57:45 +0300] "GET /data/publications/c99shell.php?act=processes&d=/run/initramfs/&pid=28618&sig=9 HTTP/1.0" 200 11266 "-" "Mozilla/5.0 AppleWebKit/537.36 (KHTML, like Gecko; compatible; Amazonbot/0.1; +https://developer.amazon.com/support/amazonbot) Chrome/119.0.6045.214 Safari/537.36"
216.73.216.176 - - [15/Jun/2025:00:57:45 +0300] "GET /data/publications/c99shell.php?act=fsbuff&d=%2Fproc%2F15186%2F HTTP/1.0" 200 2848 "-" "Mozilla/5.0 AppleWebKit/537.36 (KHTML, like Gecko; compatible; ClaudeBot/1.0; +claudebot@anthropic.com)"
216.73.216.176 - - [15/Jun/2025:00:57:46 +0300] "GET /data/publications/c99shell.php?act=d&d=%2Fproc%2F8931%2Fnet HTTP/1.0" 200 2968 "-" "Mozilla/5.0 AppleWebKit/537.36 (KHTML, like Gecko; compatible; ClaudeBot/1.0; +claudebot@anthropic.com)"
216.73.216.176 - - [15/Jun/2025:00:57:47 +0300] "GET /data/publications/c99shell.php?act=feedback&d=%2Fproc%2F23879%2F HTTP/1.0" 200 3108 "-" "Mozilla/5.0 AppleWebKit/537.36 (KHTML, like Gecko; compatible; ClaudeBot/1.0; +claudebot@anthropic.com)"
18.232.12.157 - - [15/Jun/2025:00:57:48 +0300] "GET /data/publications/c99shell.php?act=processes&d=/run/initramfs/&pid=14478&sig=9 HTTP/1.0" 200 11209 "-" "Mozilla/5.0 AppleWebKit/537.36 (KHTML, like Gecko; compatible; Amazonbot/0.1; +https://developer.amazon.com/support/amazonbot) Chrome/119.0.6045.214 Safari/537.36"
216.73.216.176 - - [15/Jun/2025:00:57:48 +0300] "GET /data/publications/c99shell.php?act=upload&d=%2Fvar%2Fdovecot%2F1test1%40zt-rada.gov.ua HTTP/1.0" 200 3076 "-" "Mozilla/5.0 AppleWebKit/537.36 (KHTML, like Gecko; compatible; ClaudeBot/1.0; +claudebot@anthropic.com)"
216.73.216.176 - - [15/Jun/2025:00:57:49 +0300] "GET /data/publications/c99shell.php?act=search&d=%2Fvar%2Fdovecot%2Fdozorro%40zt-rada.gov.ua%2F HTTP/1.0" 200 3090 "-" "Mozilla/5.0 AppleWebKit/537.36 (KHTML, like Gecko; compatible; ClaudeBot/1.0; +claudebot@anthropic.com)"
54.36.148.33 - - [15/Jun/2025:00:57:50 +0300] "GET /data/publications/c99shell.php?act=f&f=130_t1_big.jpg&ft=code&d=%2Fhome%2Fh33678%2Fdata%2Fwww%2Fmsdp.undp.org.ua%2Fdata%2Fnews-old%2F HTTP/1.0" 200 404914 "-" "Mozilla/5.0 (compatible; AhrefsBot/7.0; +http://ahrefs.com/robot/)"
216.73.216.176 - - [15/Jun/2025:00:57:50 +0300] "GET /data/publications/c99shell.php?act=search&d=%2Fproc%2Ftty%2Fdriver%2F HTTP/1.0" 200 3048 "-" "Mozilla/5.0 AppleWebKit/537.36 (KHTML, like Gecko; compatible; ClaudeBot/1.0; +claudebot@anthropic.com)"
216.73.216.176 - - [15/Jun/2025:00:57:51 +0300] "GET /data/publications/c99shell.php?act=search&d=%2Fproc%2F31808%2Ffd%2F HTTP/1.0" 200 3050 "-" "Mozilla/5.0 AppleWebKit/537.36 (KHTML, like Gecko; compatible; ClaudeBot/1.0; +claudebot@anthropic.com)"
44.205.74.196 - - [15/Jun/2025:00:57:52 +0300] "GET /data/publications/c99shell.php?act=f&d=/root/migration/restore/&f=2_restore_emaildomain.sh&ft=exe HTTP/1.0" 200 2904 "-" "Mozilla/5.0 AppleWebKit/537.36 (KHTML, like Gecko; compatible; Amazonbot/0.1; +https://developer.amazon.com/support/amazonbot) Chrome/119.0.6045.214 Safari/537.36"
216.73.216.176 - - [15/Jun/2025:00:57:52 +0300] "GET /data/publications/c99shell.php?act=chmod&d=%2Fproc%2F23877&f=. HTTP/1.0" 200 3046 "-" "Mozilla/5.0 AppleWebKit/537.36 (KHTML, like Gecko; compatible; ClaudeBot/1.0; +claudebot@anthropic.com)"
216.73.216.176 - - [15/Jun/2025:00:57:53 +0300] "GET /data/publications/c99shell.php?act=d&d=%2Fproc%2F8931%2Ffdinfo HTTP/1.0" 200 2971 "-" "Mozilla/5.0 AppleWebKit/537.36 (KHTML, like Gecko; compatible; ClaudeBot/1.0; +claudebot@anthropic.com)"
216.73.216.176 - - [15/Jun/2025:00:57:54 +0300] "GET /data/publications/c99shell.php?act=security&d=%2Fproc%2F21629%2Ffdinfo%2F HTTP/1.0" 200 10575 "-" "Mozilla/5.0 AppleWebKit/537.36 (KHTML, like Gecko; compatible; ClaudeBot/1.0; +claudebot@anthropic.com)"
216.73.216.176 - - [15/Jun/2025:00:57:55 +0300] "GET /data/publications/c99shell.php?act=upload&d=%2Fvar%2Fdovecot%2Foffice%40zt-rada.gov.ua HTTP/1.0" 200 3076 "-" "Mozilla/5.0 AppleWebKit/537.36 (KHTML, like Gecko; compatible; ClaudeBot/1.0; +claudebot@anthropic.com)"
100.25.120.246 - - [15/Jun/2025:00:57:55 +0300] "GET /data/publications/c99shell.php?act=processes&d=/etc/ghostscript/cidfmap.d/&pid=26816&sig=9 HTTP/1.0" 200 11091 "-" "Mozilla/5.0 AppleWebKit/537.36 (KHTML, like Gecko; compatible; Amazonbot/0.1; +https://developer.amazon.com/support/amazonbot) Chrome/119.0.6045.214 Safari/537.36"
85.208.98.20 - - [15/Jun/2025:00:57:56 +0300] "GET /map/28?lang=ukr HTTP/1.0" 200 3992 "-" "Mozilla/5.0 (compatible; SemrushBot-BA; +http://www.semrush.com/bot.html)"
216.73.216.176 - - [15/Jun/2025:00:57:56 +0300] "GET /data/publications/c99shell.php?act=update&d=%2Fproc%2F15186%2F HTTP/1.0" 200 52601 "-" "Mozilla/5.0 AppleWebKit/537.36 (KHTML, like Gecko; compatible; ClaudeBot/1.0; +claudebot@anthropic.com)"
216.73.216.176 - - [15/Jun/2025:00:57:58 +0300] "GET /data/publications/c99shell.php?act=search&d=%2Fproc%2F23994%2Ftask%2F HTTP/1.0" 200 3053 "-" "Mozilla/5.0 AppleWebKit/537.36 (KHTML, like Gecko; compatible; ClaudeBot/1.0; +claudebot@anthropic.com)"
216.73.216.176 - - [15/Jun/2025:00:57:59 +0300] "GET /data/publications/c99shell.php?act=d&d=%2Fproc%2F31381%2Fattr HTTP/1.0" 200 2969 "-" "Mozilla/5.0 AppleWebKit/537.36 (KHTML, like Gecko; compatible; ClaudeBot/1.0; +claudebot@anthropic.com)"
34.205.163.103 - - [15/Jun/2025:00:58:00 +0300] "GET /data/publications/c99shell.php?act=processes&d=/run/apache2/&pid=15429&sig=9 HTTP/1.0" 200 11088 "-" "Mozilla/5.0 AppleWebKit/537.36 (KHTML, like Gecko; compatible; Amazonbot/0.1; +https://developer.amazon.com/support/amazonbot) Chrome/119.0.6045.214 Safari/537.36"
216.73.216.176 - - [15/Jun/2025:00:58:00 +0300] "GET /data/publications/c99shell.php?act=d&d=%2Fproc%2F31381%2Froot HTTP/1.0" 200 2956 "-" "Mozilla/5.0 AppleWebKit/537.36 (KHTML, like Gecko; compatible; ClaudeBot/1.0; +claudebot@anthropic.com)"
216.73.216.176 - - [15/Jun/2025:00:58:01 +0300] "GET /data/publications/c99shell.php?act=chmod&d=%2Fproc%2F21&f=personality HTTP/1.0" 200 3055 "-" "Mozilla/5.0 AppleWebKit/537.36 (KHTML, like Gecko; compatible; ClaudeBot/1.0; +claudebot@anthropic.com)"
54.36.148.134 - - [15/Jun/2025:00:58:02 +0300] "GET /data/publications/c99shell.php?act=chmod&f=fancy_shadow_nw.png&d=%2Fhome%2Fh33678%2Fdata%2Fwww%2Fmsdp.undp.org.ua%2Fmodules-alien%2Ffancybox%2F HTTP/1.0" 200 3159 "-" "Mozilla/5.0 (compatible; AhrefsBot/7.0; +http://ahrefs.com/robot/)"
216.73.216.176 - - [15/Jun/2025:00:58:02 +0300] "GET /data/publications/c99shell.php?act=feedback&d=%2Fproc%2F23877%2F HTTP/1.0" 200 3107 "-" "Mozilla/5.0 AppleWebKit/537.36 (KHTML, like Gecko; compatible; ClaudeBot/1.0; +claudebot@anthropic.com)"
216.73.216.176 - - [15/Jun/2025:00:58:03 +0300] "GET /data/publications/c99shell.php?act=tools&d=%2Fproc%2F21%2F HTTP/1.0" 200 3215 "-" "Mozilla/5.0 AppleWebKit/537.36 (KHTML, like Gecko; compatible; ClaudeBot/1.0; +claudebot@anthropic.com)"
100.28.118.16 - - [15/Jun/2025:00:58:03 +0300] "GET /data/publications/c99shell.php?act=processes&d=/etc/zabbix/zabbix_agentd.conf.d/&pid=22118&sig=9 HTTP/1.0" 200 11181 "-" "Mozilla/5.0 AppleWebKit/537.36 (KHTML, like Gecko; compatible; Amazonbot/0.1; +https://developer.amazon.com/support/amazonbot) Chrome/119.0.6045.214 Safari/537.36"
216.73.216.176 - - [15/Jun/2025:00:58:04 +0300] "GET /data/publications/c99shell.php?act=tools&d=%2Fproc%2F8931%2F HTTP/1.0" 200 3217 "-" "Mozilla/5.0 AppleWebKit/537.36 (KHTML, like Gecko; compatible; ClaudeBot/1.0; +claudebot@anthropic.com)"
216.73.216.176 - - [15/Jun/2025:00:58:05 +0300] "GET /data/publications/c99shell.php?act=chmod&d=%2Fproc%2F14693&f=. HTTP/1.0" 200 3045 "-" "Mozilla/5.0 AppleWebKit/537.36 (KHTML, like Gecko; compatible; ClaudeBot/1.0; +claudebot@anthropic.com)"
216.73.216.176 - - [15/Jun/2025:00:58:06 +0300] "GET /data/publications/c99shell.php?act=feedback&d=%2Fproc%2F23545%2F HTTP/1.0" 200 3108 "-" "Mozilla/5.0 AppleWebKit/537.36 (KHTML, like Gecko; compatible; ClaudeBot/1.0; +claudebot@anthropic.com)"
216.73.216.176 - - [15/Jun/2025:00:58:07 +0300] "GET /data/publications/c99shell.php?act=feedback&d=%2Fvar%2Fdovecot%2Foffice%40zt-rada.gov.ua%2F HTTP/1.0" 200 3158 "-" "Mozilla/5.0 AppleWebKit/537.36 (KHTML, like Gecko; compatible; ClaudeBot/1.0; +claudebot@anthropic.com)"
216.73.216.176 - - [15/Jun/2025:00:58:08 +0300] "GET /data/publications/c99shell.php?act=d&d=%2Fproc%2F21%2Ffdinfo HTTP/1.0" 200 2965 "-" "Mozilla/5.0 AppleWebKit/537.36 (KHTML, like Gecko; compatible; ClaudeBot/1.0; +claudebot@anthropic.com)"
216.73.216.176 - - [15/Jun/2025:00:58:09 +0300] "GET /data/publications/c99shell.php?act=feedback&d=%2Fproc%2F8331%2F HTTP/1.0" 200 3106 "-" "Mozilla/5.0 AppleWebKit/537.36 (KHTML, like Gecko; compatible; ClaudeBot/1.0; +claudebot@anthropic.com)"
18.204.89.56 - - [15/Jun/2025:00:58:10 +0300] "GET /data/publications/c99shell.php?act=processes&d=/run/sshd/&pid=15381&sig=9 HTTP/1.0" 200 11053 "-" "Mozilla/5.0 AppleWebKit/537.36 (KHTML, like Gecko; compatible; Amazonbot/0.1; +https://developer.amazon.com/support/amazonbot) Chrome/119.0.6045.214 Safari/537.36"
216.73.216.176 - - [15/Jun/2025:00:58:10 +0300] "GET /data/publications/c99shell.php?act=feedback&d=%2Fproc%2F10481%2F HTTP/1.0" 200 3106 "-" "Mozilla/5.0 AppleWebKit/537.36 (KHTML, like Gecko; compatible; ClaudeBot/1.0; +claudebot@anthropic.com)"
216.73.216.176 - - [15/Jun/2025:00:58:11 +0300] "GET /data/publications/c99shell.php?act=tools&d=%2Fproc%2F30202%2F HTTP/1.0" 200 3219 "-" "Mozilla/5.0 AppleWebKit/537.36 (KHTML, like Gecko; compatible; ClaudeBot/1.0; +claudebot@anthropic.com)"
216.73.216.176 - - [15/Jun/2025:00:58:12 +0300] "GET /data/publications/c99shell.php?act=sql&d=%2Fproc%2F8931%2F HTTP/1.0" 200 3235 "-" "Mozilla/5.0 AppleWebKit/537.36 (KHTML, like Gecko; compatible; ClaudeBot/1.0; +claudebot@anthropic.com)"
54.36.148.55 - - [15/Jun/2025:00:58:12 +0300] "GET /data/publications/c99shell.php?act=f&f=130_t1_big.jpg&ft=edit&d=%2Fhome%2Fh33678%2Fdata%2Fwww%2Fmsdp.undp.org.ua%2Fdata%2Fnews-old%2F HTTP/1.0" 200 3345 "-" "Mozilla/5.0 (compatible; AhrefsBot/7.0; +http://ahrefs.com/robot/)"
34.206.212.24 - - [15/Jun/2025:00:58:13 +0300] "GET /data/publications/c99shell.php?act=processes&d=/etc/sysctl.d/&pid=20708&sig=9 HTTP/1.0" 200 11116 "-" "Mozilla/5.0 AppleWebKit/537.36 (KHTML, like Gecko; compatible; Amazonbot/0.1; +https://developer.amazon.com/support/amazonbot) Chrome/119.0.6045.214 Safari/537.36"
216.73.216.176 - - [15/Jun/2025:00:58:13 +0300] "GET /data/publications/c99shell.php?act=fsbuff&d=%2Fproc%2F185%2F HTTP/1.0" 200 2846 "-" "Mozilla/5.0 AppleWebKit/537.36 (KHTML, like Gecko; compatible; ClaudeBot/1.0; +claudebot@anthropic.com)"
216.73.216.176 - - [15/Jun/2025:00:58:14 +0300] "GET /data/publications/c99shell.php?act=upload&d=%2Fproc%2F21479%2F HTTP/1.0" 200 3023 "-" "Mozilla/5.0 AppleWebKit/537.36 (KHTML, like Gecko; compatible; ClaudeBot/1.0; +claudebot@anthropic.com)"
216.73.216.176 - - [15/Jun/2025:00:58:15 +0300] "GET /data/publications/c99shell.php?act=eval&d=%2Fproc%2F30200%2F HTTP/1.0" 200 2920 "-" "Mozilla/5.0 AppleWebKit/537.36 (KHTML, like Gecko; compatible; ClaudeBot/1.0; +claudebot@anthropic.com)"
216.73.216.176 - - [15/Jun/2025:00:58:16 +0300] "GET /data/publications/c99shell.php?act=processes&d=%2Fproc%2F8931%2F HTTP/1.0" 200 11020 "-" "Mozilla/5.0 AppleWebKit/537.36 (KHTML, like Gecko; compatible; ClaudeBot/1.0; +claudebot@anthropic.com)"
35.173.38.202 - - [15/Jun/2025:00:58:16 +0300] "GET /data/publications/c99shell.php?act=processes&d=/etc/nginx/conf.d/&pid=12119&sig=9 HTTP/1.0" 200 11102 "-" "Mozilla/5.0 AppleWebKit/537.36 (KHTML, like Gecko; compatible; Amazonbot/0.1; +https://developer.amazon.com/support/amazonbot) Chrome/119.0.6045.214 Safari/537.36"
216.73.216.176 - - [15/Jun/2025:00:58:17 +0300] "GET /data/publications/c99shell.php?act=feedback&d=%2Fvar%2Fdovecot%2Fmi%40zt-rada.gov.ua%2F HTTP/1.0" 200 3154 "-" "Mozilla/5.0 AppleWebKit/537.36 (KHTML, like Gecko; compatible; ClaudeBot/1.0; +claudebot@anthropic.com)"
216.73.216.176 - - [15/Jun/2025:00:58:18 +0300] "GET /data/publications/c99shell.php?act=chmod&d=%2Fproc%2F23432%2Fns&f=. HTTP/1.0" 200 3059 "-" "Mozilla/5.0 AppleWebKit/537.36 (KHTML, like Gecko; compatible; ClaudeBot/1.0; +claudebot@anthropic.com)"
216.73.216.176 - - [15/Jun/2025:00:58:19 +0300] "GET /data/publications/c99shell.php?act=upload&d=%2Fvar%2Fdovecot%2Fmi%40zt-rada.gov.ua HTTP/1.0" 200 3071 "-" "Mozilla/5.0 AppleWebKit/537.36 (KHTML, like Gecko; compatible; ClaudeBot/1.0; +claudebot@anthropic.com)"
216.73.216.176 - - [15/Jun/2025:00:58:20 +0300] "GET /data/publications/c99shell.php?act=sql&d=%2Fvar%2Fdovecot%2Fit%40zt-rada.gov.ua%2F HTTP/1.0" 200 3272 "-" "Mozilla/5.0 AppleWebKit/537.36 (KHTML, like Gecko; compatible; ClaudeBot/1.0; +claudebot@anthropic.com)"
85.208.98.29 - - [15/Jun/2025:00:58:20 +0300] "GET /pages/p27 HTTP/1.0" 200 4758 "-" "Mozilla/5.0 (compatible; SemrushBot-BA; +http://www.semrush.com/bot.html)"
216.73.216.176 - - [15/Jun/2025:00:58:21 +0300] "GET /data/publications/c99shell.php?act=d&d=%2Fsys%2Fdevices%2Fvirtual%2Fblock%2Fmd1%2F. HTTP/1.0" 200 3015 "-" "Mozilla/5.0 AppleWebKit/537.36 (KHTML, like Gecko; compatible; ClaudeBot/1.0; +claudebot@anthropic.com)"
34.206.212.24 - - [15/Jun/2025:00:58:22 +0300] "GET /data/publications/c99shell.php?act=processes&d=/etc/roundcube/plugins/zipdownload/&pid=32066&sig=9 HTTP/1.0" 200 11221 "-" "Mozilla/5.0 AppleWebKit/537.36 (KHTML, like Gecko; compatible; Amazonbot/0.1; +https://developer.amazon.com/support/amazonbot) Chrome/119.0.6045.214 Safari/537.36"
216.73.216.176 - - [15/Jun/2025:00:58:22 +0300] "GET /data/publications/c99shell.php?act=search&d=%2Fsys%2Fdevices%2Fvirtual%2Ftty%2Ftty62%2F HTTP/1.0" 200 3088 "-" "Mozilla/5.0 AppleWebKit/537.36 (KHTML, like Gecko; compatible; ClaudeBot/1.0; +claudebot@anthropic.com)"
216.73.216.176 - - [15/Jun/2025:00:58:23 +0300] "GET /data/publications/c99shell.php?act=search&d=%2Fvar%2Fdovecot%2Fmcssl%40zt-rada.gov.ua%2F HTTP/1.0" 200 3089 "-" "Mozilla/5.0 AppleWebKit/537.36 (KHTML, like Gecko; compatible; ClaudeBot/1.0; +claudebot@anthropic.com)"
184.73.195.18 - - [15/Jun/2025:00:58:23 +0300] "GET /data/publications/c99shell.php?act=processes&d=/sys/module/pcie_aspm/&pid=13951&sig=9 HTTP/1.0" 200 11179 "-" "Mozilla/5.0 AppleWebKit/537.36 (KHTML, like Gecko; compatible; Amazonbot/0.1; +https://developer.amazon.com/support/amazonbot) Chrome/119.0.6045.214 Safari/537.36"
54.36.149.36 - - [15/Jun/2025:00:58:24 +0300] "GET /data/publications/c99shell.php?act=f&f=130_t1_big.jpg&ft=html&d=%2Fhome%2Fh33678%2Fdata%2Fwww%2Fmsdp.undp.org.ua%2Fdata%2Fnews-old%2F HTTP/1.0" 200 384087 "-" "Mozilla/5.0 (compatible; AhrefsBot/7.0; +http://ahrefs.com/robot/)"
216.73.216.176 - - [15/Jun/2025:00:58:24 +0300] "GET /data/publications/c99shell.php?act=feedback&d=%2Fproc%2F15722%2Ffdinfo%2F HTTP/1.0" 200 3127 "-" "Mozilla/5.0 AppleWebKit/537.36 (KHTML, like Gecko; compatible; ClaudeBot/1.0; +claudebot@anthropic.com)"
216.73.216.176 - - [15/Jun/2025:00:58:25 +0300] "GET /data/publications/c99shell.php?act=feedback&d=%2Fproc%2F26870%2F HTTP/1.0" 200 3108 "-" "Mozilla/5.0 AppleWebKit/537.36 (KHTML, like Gecko; compatible; ClaudeBot/1.0; +claudebot@anthropic.com)"
216.244.66.245 - - [15/Jun/2025:00:58:26 +0300] "GET /data/publications/osaulenko_presentation_for_nfpm_2011_edm_oo.ppt HTTP/1.0" 200 9127936 "-" "Mozilla/5.0 (compatible; DotBot/1.2; +https://opensiteexplorer.org/dotbot; help@moz.com)"
216.73.216.176 - - [15/Jun/2025:00:58:26 +0300] "GET /data/publications/c99shell.php?act=search&d=%2Fproc%2F31382%2Fns%2F HTTP/1.0" 200 3050 "-" "Mozilla/5.0 AppleWebKit/537.36 (KHTML, like Gecko; compatible; ClaudeBot/1.0; +claudebot@anthropic.com)"
216.73.216.176 - - [15/Jun/2025:00:58:27 +0300] "GET /data/publications/c99shell.php?act=sql&d=%2Fvar%2Fdovecot%2Fzagal%40zt-rada.gov.ua%2F HTTP/1.0" 200 3275 "-" "Mozilla/5.0 AppleWebKit/537.36 (KHTML, like Gecko; compatible; ClaudeBot/1.0; +claudebot@anthropic.com)"
52.204.89.12 - - [15/Jun/2025:00:58:28 +0300] "GET /data/publications/c99shell.php?act=processes&d=/root/nginx/&pid=13841&sig=9 HTTP/1.0" 200 11065 "-" "Mozilla/5.0 AppleWebKit/537.36 (KHTML, like Gecko; compatible; Amazonbot/0.1; +https://developer.amazon.com/support/amazonbot) Chrome/119.0.6045.214 Safari/537.36"
216.73.216.176 - - [15/Jun/2025:00:58:28 +0300] "GET /data/publications/c99shell.php?act=security&d=%2Fproc%2F21%2F HTTP/1.0" 200 10553 "-" "Mozilla/5.0 AppleWebKit/537.36 (KHTML, like Gecko; compatible; ClaudeBot/1.0; +claudebot@anthropic.com)"
85.208.98.19 - - [15/Jun/2025:00:58:28 +0300] "GET /news/p228 HTTP/1.0" 200 7527 "-" "Mozilla/5.0 (compatible; SemrushBot-BA; +http://www.semrush.com/bot.html)"
216.73.216.176 - - [15/Jun/2025:00:58:29 +0300] "GET /data/publications/c99shell.php?act=sql&d=%2Fproc%2F30202%2F HTTP/1.0" 200 3233 "-" "Mozilla/5.0 AppleWebKit/537.36 (KHTML, like Gecko; compatible; ClaudeBot/1.0; +claudebot@anthropic.com)"
216.73.216.176 - - [15/Jun/2025:00:58:30 +0300] "GET /data/publications/c99shell.php?act=fsbuff&d=%2Fproc%2F26767%2F HTTP/1.0" 200 2847 "-" "Mozilla/5.0 AppleWebKit/537.36 (KHTML, like Gecko; compatible; ClaudeBot/1.0; +claudebot@anthropic.com)"
216.73.216.176 - - [15/Jun/2025:00:58:31 +0300] "GET /data/publications/c99shell.php?act=d&d=%2Fproc%2F30201%2F. HTTP/1.0" 200 2955 "-" "Mozilla/5.0 AppleWebKit/537.36 (KHTML, like Gecko; compatible; ClaudeBot/1.0; +claudebot@anthropic.com)"
52.54.15.103 - - [15/Jun/2025:00:58:31 +0300] "GET /data/publications/c99shell.php?act=processes&d=/proc/10142/task/10142/net/&pid=12665&sig=9 HTTP/1.0" 200 11153 "-" "Mozilla/5.0 AppleWebKit/537.36 (KHTML, like Gecko; compatible; Amazonbot/0.1; +https://developer.amazon.com/support/amazonbot) Chrome/119.0.6045.214 Safari/537.36"
216.73.216.176 - - [15/Jun/2025:00:58:32 +0300] "GET /data/publications/c99shell.php?act=sql&d=%2Fproc%2F21%2F HTTP/1.0" 200 3232 "-" "Mozilla/5.0 AppleWebKit/537.36 (KHTML, like Gecko; compatible; ClaudeBot/1.0; +claudebot@anthropic.com)"
54.36.149.13 - - [15/Jun/2025:00:58:32 +0300] "GET /data/publications/c99shell.php?act=f&f=130_t1_big.jpg&ft=ini&white=1&d=%2Fhome%2Fh33678%2Fdata%2Fwww%2Fmsdp.undp.org.ua%2Fdata%2Fnews-old%2F HTTP/1.0" 200 3274 "-" "Mozilla/5.0 (compatible; AhrefsBot/7.0; +http://ahrefs.com/robot/)"
216.73.216.176 - - [15/Jun/2025:00:58:33 +0300] "GET /data/publications/c99shell.php?act=fsbuff&d=%2Fproc%2F14662%2F HTTP/1.0" 200 2848 "-" "Mozilla/5.0 AppleWebKit/537.36 (KHTML, like Gecko; compatible; ClaudeBot/1.0; +claudebot@anthropic.com)"
216.73.216.176 - - [15/Jun/2025:00:58:34 +0300] "GET /data/publications/c99shell.php?act=update&d=%2Fproc%2F185%2F HTTP/1.0" 200 52588 "-" "Mozilla/5.0 AppleWebKit/537.36 (KHTML, like Gecko; compatible; ClaudeBot/1.0; +claudebot@anthropic.com)"
216.73.216.176 - - [15/Jun/2025:00:58:36 +0300] "GET /data/publications/c99shell.php?act=chmod&d=%2Fproc%2F23879&f=. HTTP/1.0" 200 3045 "-" "Mozilla/5.0 AppleWebKit/537.36 (KHTML, like Gecko; compatible; ClaudeBot/1.0; +claudebot@anthropic.com)"
52.203.237.170 - - [15/Jun/2025:00:58:36 +0300] "GET /data/publications/c99shell.php?act=processes&d=/etc/freetds/&pid=29504&sig=9 HTTP/1.0" 200 11169 "-" "Mozilla/5.0 AppleWebKit/537.36 (KHTML, like Gecko; compatible; Amazonbot/0.1; +https://developer.amazon.com/support/amazonbot) Chrome/119.0.6045.214 Safari/537.36"
216.73.216.176 - - [15/Jun/2025:00:58:37 +0300] "GET /data/publications/c99shell.php?act=d&d=%2Fproc%2F4324%2Fcwd HTTP/1.0" 200 2978 "-" "Mozilla/5.0 AppleWebKit/537.36 (KHTML, like Gecko; compatible; ClaudeBot/1.0; +claudebot@anthropic.com)"
216.73.216.176 - - [15/Jun/2025:00:58:38 +0300] "GET /data/publications/c99shell.php?act=chmod&d=%2Fproc%2F30198&f=. HTTP/1.0" 200 3045 "-" "Mozilla/5.0 AppleWebKit/537.36 (KHTML, like Gecko; compatible; ClaudeBot/1.0; +claudebot@anthropic.com)"
216.73.216.176 - - [15/Jun/2025:00:58:39 +0300] "GET /data/publications/c99shell.php?act=d&d=%2Fproc%2F30200%2Fcwd HTTP/1.0" 200 2978 "-" "Mozilla/5.0 AppleWebKit/537.36 (KHTML, like Gecko; compatible; ClaudeBot/1.0; +claudebot@anthropic.com)"
44.194.134.53 - - [15/Jun/2025:00:58:40 +0300] "GET /data/publications/c99shell.php?act=processes&d=/etc/nginx/sites-available/&pid=28616&sig=9 HTTP/1.0" 200 11218 "-" "Mozilla/5.0 AppleWebKit/537.36 (KHTML, like Gecko; compatible; Amazonbot/0.1; +https://developer.amazon.com/support/amazonbot) Chrome/119.0.6045.214 Safari/537.36"
216.73.216.176 - - [15/Jun/2025:00:58:40 +0300] "GET /data/publications/c99shell.php?act=security&d=%2Fproc%2F30202%2F HTTP/1.0" 200 10557 "-" "Mozilla/5.0 AppleWebKit/537.36 (KHTML, like Gecko; compatible; ClaudeBot/1.0; +claudebot@anthropic.com)"
54.36.148.12 - - [15/Jun/2025:00:58:41 +0300] "GET /data/publications/c99shell.php?act=chmod&f=.htaccess&d=%2Fhome%2Fh33678%2Fdata%2Fwww%2Fmusvin.pp.ua HTTP/1.0" 200 3111 "-" "Mozilla/5.0 (compatible; AhrefsBot/7.0; +http://ahrefs.com/robot/)"
216.73.216.176 - - [15/Jun/2025:00:58:41 +0300] "GET /data/publications/c99shell.php?act=security&d=%2Fproc%2F8931%2F HTTP/1.0" 200 10558 "-" "Mozilla/5.0 AppleWebKit/537.36 (KHTML, like Gecko; compatible; ClaudeBot/1.0; +claudebot@anthropic.com)"
216.73.216.176 - - [15/Jun/2025:00:58:42 +0300] "GET /data/publications/c99shell.php?act=upload&d=%2Fproc%2F23522%2Ffdinfo%2F HTTP/1.0" 200 3043 "-" "Mozilla/5.0 AppleWebKit/537.36 (KHTML, like Gecko; compatible; ClaudeBot/1.0; +claudebot@anthropic.com)"
216.73.216.176 - - [15/Jun/2025:00:58:43 +0300] "GET /data/publications/c99shell.php?act=chmod&d=%2Fproc%2F8331&f=. HTTP/1.0" 200 3044 "-" "Mozilla/5.0 AppleWebKit/537.36 (KHTML, like Gecko; compatible; ClaudeBot/1.0; +claudebot@anthropic.com)"
216.73.216.176 - - [15/Jun/2025:00:58:44 +0300] "GET /data/publications/c99shell.php?act=d&d=%2Fproc%2F30198%2F.. HTTP/1.0" 200 2945 "-" "Mozilla/5.0 AppleWebKit/537.36 (KHTML, like Gecko; compatible; ClaudeBot/1.0; +claudebot@anthropic.com)"
44.212.106.171 - - [15/Jun/2025:00:58:45 +0300] "GET /data/publications/c99shell.php?act=processes&d=/var/spool/postfix/lib/&pid=21010&sig=9 HTTP/1.0" 200 11125 "-" "Mozilla/5.0 AppleWebKit/537.36 (KHTML, like Gecko; compatible; Amazonbot/0.1; +https://developer.amazon.com/support/amazonbot) Chrome/119.0.6045.214 Safari/537.36"
216.73.216.176 - - [15/Jun/2025:00:58:45 +0300] "GET /data/publications/c99shell.php?act=feedback&d=%2Fproc%2F14577%2F HTTP/1.0" 200 3107 "-" "Mozilla/5.0 AppleWebKit/537.36 (KHTML, like Gecko; compatible; ClaudeBot/1.0; +claudebot@anthropic.com)"
216.73.216.176 - - [15/Jun/2025:00:58:46 +0300] "GET /data/publications/c99shell.php?act=update&d=%2Fproc%2F14662%2F HTTP/1.0" 200 52610 "-" "Mozilla/5.0 AppleWebKit/537.36 (KHTML, like Gecko; compatible; ClaudeBot/1.0; +claudebot@anthropic.com)"
216.73.216.176 - - [15/Jun/2025:00:58:47 +0300] "GET /data/publications/c99shell.php?act=update&d=%2Fproc%2F26767%2F HTTP/1.0" 200 52592 "-" "Mozilla/5.0 AppleWebKit/537.36 (KHTML, like Gecko; compatible; ClaudeBot/1.0; +claudebot@anthropic.com)"
216.73.216.176 - - [15/Jun/2025:00:58:48 +0300] "GET /data/publications/c99shell.php?act=eval&d=%2Fproc%2F16589%2F HTTP/1.0" 200 2921 "-" "Mozilla/5.0 AppleWebKit/537.36 (KHTML, like Gecko; compatible; ClaudeBot/1.0; +claudebot@anthropic.com)"
216.73.216.176 - - [15/Jun/2025:00:58:49 +0300] "GET /data/publications/c99shell.php?act=upload&d=%2Fproc%2F20690%2Ffd%2F HTTP/1.0" 200 3029 "-" "Mozilla/5.0 AppleWebKit/537.36 (KHTML, like Gecko; compatible; ClaudeBot/1.0; +claudebot@anthropic.com)"
34.195.248.30 - - [15/Jun/2025:00:58:50 +0300] "GET /data/publications/c99shell.php?act=processes&d=/sys/module/pcie_aspm/&pid=16187&sig=9 HTTP/1.0" 200 11179 "-" "Mozilla/5.0 AppleWebKit/537.36 (KHTML, like Gecko; compatible; Amazonbot/0.1; +https://developer.amazon.com/support/amazonbot) Chrome/119.0.6045.214 Safari/537.36"
54.36.148.207 - - [15/Jun/2025:00:58:52 +0300] "GET /data/publications/c99shell.php?act=ls&d=%2Fhome%2Fh33678%2Fdata%2Fwww%2Fmsdp.undp.org.ua%2Fmodules-alien%2Fphotogallery&sort=4a HTTP/1.0" 200 3853 "-" "Mozilla/5.0 (compatible; AhrefsBot/7.0; +http://ahrefs.com/robot/)"
50.16.248.61 - - [15/Jun/2025:00:58:53 +0300] "GET /data/publications/c99shell.php?act=processes&d=/sys/module/pciehp/&pid=20354&sig=9 HTTP/1.0" 200 11168 "-" "Mozilla/5.0 AppleWebKit/537.36 (KHTML, like Gecko; compatible; Amazonbot/0.1; +https://developer.amazon.com/support/amazonbot) Chrome/119.0.6045.214 Safari/537.36"
216.73.216.176 - - [15/Jun/2025:00:58:55 +0300] "GET /data/publications/c99shell.php?act=d&d=%2Fproc%2F31381%2Fnet HTTP/1.0" 200 2968 "-" "Mozilla/5.0 AppleWebKit/537.36 (KHTML, like Gecko; compatible; ClaudeBot/1.0; +claudebot@anthropic.com)"
