216.73.216.176 - - [15/Jun/2025:01:06:05 +0300] "GET /data/publications/c99shell.php?act=chmod&d=%2Flib%2Fx86_64-linux-gnu&f=libuuid.so.1.3.0 HTTP/1.0" 200 3085 "-" "Mozilla/5.0 AppleWebKit/537.36 (KHTML, like Gecko; compatible; ClaudeBot/1.0; +claudebot@anthropic.com)"
216.73.216.176 - - [15/Jun/2025:01:06:06 +0300] "GET /data/publications/c99shell.php?act=chmod&d=%2Flib%2Fx86_64-linux-gnu&f=libselinux.so.1 HTTP/1.0" 200 3085 "-" "Mozilla/5.0 AppleWebKit/537.36 (KHTML, like Gecko; compatible; ClaudeBot/1.0; +claudebot@anthropic.com)"
216.73.216.176 - - [15/Jun/2025:01:06:07 +0300] "GET /data/publications/c99shell.php?act=f&d=%2Fusr%2Fbin&f=ssh-agent HTTP/1.0" 200 3183 "-" "Mozilla/5.0 AppleWebKit/537.36 (KHTML, like Gecko; compatible; ClaudeBot/1.0; +claudebot@anthropic.com)"
54.36.148.250 - - [15/Jun/2025:01:06:07 +0300] "GET /data/publications/c99shell.php?act=processes&d=%2Fhome%2Fh33678%2Fdata%2Fwww%2Fmsdp.undp.org.ua%2Fdata%2Fpublications%2F&pid=&sig=9 HTTP/1.0" 200 11449 "-" "Mozilla/5.0 (compatible; AhrefsBot/7.0; +http://ahrefs.com/robot/)"
216.73.216.176 - - [15/Jun/2025:01:06:08 +0300] "GET /data/publications/c99shell.php?act=chmod&d=%2Flib%2Fx86_64-linux-gnu&f=libutil.so.1 HTTP/1.0" 200 3082 "-" "Mozilla/5.0 AppleWebKit/537.36 (KHTML, like Gecko; compatible; ClaudeBot/1.0; +claudebot@anthropic.com)"
34.206.249.188 - - [15/Jun/2025:01:06:07 +0300] "GET /data/publications/c99shell.php?act=processes&d=/lib/&pid=29899&sig=9 HTTP/1.0" 200 11349 "-" "Mozilla/5.0 AppleWebKit/537.36 (KHTML, like Gecko; compatible; Amazonbot/0.1; +https://developer.amazon.com/support/amazonbot) Chrome/119.0.6045.214 Safari/537.36"
216.73.216.176 - - [15/Jun/2025:01:06:09 +0300] "GET /data/publications/c99shell.php?act=f&d=%2Fusr%2Fbin&f=wc HTTP/1.0" 200 3169 "-" "Mozilla/5.0 AppleWebKit/537.36 (KHTML, like Gecko; compatible; ClaudeBot/1.0; +claudebot@anthropic.com)"
216.73.216.176 - - [15/Jun/2025:01:06:10 +0300] "GET /data/publications/c99shell.php?act=f&d=%2Fusr%2Flib&f=libImath.so.6 HTTP/1.0" 200 3186 "-" "Mozilla/5.0 AppleWebKit/537.36 (KHTML, like Gecko; compatible; ClaudeBot/1.0; +claudebot@anthropic.com)"
98.82.63.147 - - [15/Jun/2025:01:06:11 +0300] "GET /data/publications/c99shell.php?act=processes&d=/home/h33678/data/www/musvin.pp.ua/fancyapps%20-%20%D0%9A%D0%BE%D0%BF%D0%B8%D1%80%D0%BE%D0%B2%D0%B0%D1%82%D1%8C/lib/&pid=19625&sig=9 HTTP/1.0" 200 11991 "-" "Mozilla/5.0 AppleWebKit/537.36 (KHTML, like Gecko; compatible; Amazonbot/0.1; +https://developer.amazon.com/support/amazonbot) Chrome/119.0.6045.214 Safari/537.36"
216.73.216.176 - - [15/Jun/2025:01:06:15 +0300] "GET /data/publications/c99shell.php?act=f&d=%2Fusr%2Fbin&f=sasl-sample-client HTTP/1.0" 200 3186 "-" "Mozilla/5.0 AppleWebKit/537.36 (KHTML, like Gecko; compatible; ClaudeBot/1.0; +claudebot@anthropic.com)"
216.73.216.176 - - [15/Jun/2025:01:06:15 +0300] "GET /data/publications/c99shell.php?act=chmod&d=%2Fusr%2Flib&f=libelf.so.0 HTTP/1.0" 200 3069 "-" "Mozilla/5.0 AppleWebKit/537.36 (KHTML, like Gecko; compatible; ClaudeBot/1.0; +claudebot@anthropic.com)"
216.73.216.176 - - [15/Jun/2025:01:06:16 +0300] "GET /data/publications/c99shell.php?act=f&d=%2Fusr%2Flib&f=libcdio.so.13 HTTP/1.0" 200 3187 "-" "Mozilla/5.0 AppleWebKit/537.36 (KHTML, like Gecko; compatible; ClaudeBot/1.0; +claudebot@anthropic.com)"
3.210.114.189 - - [15/Jun/2025:01:06:16 +0300] "GET /data/publications/c99shell.php?act=processes&d=/lib/&pid=22363&sig=9 HTTP/1.0" 200 11349 "-" "Mozilla/5.0 AppleWebKit/537.36 (KHTML, like Gecko; compatible; Amazonbot/0.1; +https://developer.amazon.com/support/amazonbot) Chrome/119.0.6045.214 Safari/537.36"
216.73.216.176 - - [15/Jun/2025:01:06:17 +0300] "GET /data/publications/c99shell.php?act=f&d=%2Fusr%2Fbin&f=dprofpp HTTP/1.0" 200 3174 "-" "Mozilla/5.0 AppleWebKit/537.36 (KHTML, like Gecko; compatible; ClaudeBot/1.0; +claudebot@anthropic.com)"
216.73.216.176 - - [15/Jun/2025:01:06:18 +0300] "GET /data/publications/c99shell.php?act=f&d=%2Fusr%2Fbin&f=tclsh HTTP/1.0" 200 3171 "-" "Mozilla/5.0 AppleWebKit/537.36 (KHTML, like Gecko; compatible; ClaudeBot/1.0; +claudebot@anthropic.com)"
216.73.216.176 - - [15/Jun/2025:01:06:19 +0300] "GET /data/publications/c99shell.php?act=encoder&d=%2Fetc%2Fpostgresql-common%2F HTTP/1.0" 200 3286 "-" "Mozilla/5.0 AppleWebKit/537.36 (KHTML, like Gecko; compatible; ClaudeBot/1.0; +claudebot@anthropic.com)"
52.70.138.176 - - [15/Jun/2025:01:06:20 +0300] "GET /data/publications/c99shell.php?act=processes&d=/etc/rsyslog.d/&pid=20388&sig=9 HTTP/1.0" 200 11403 "-" "Mozilla/5.0 AppleWebKit/537.36 (KHTML, like Gecko; compatible; Amazonbot/0.1; +https://developer.amazon.com/support/amazonbot) Chrome/119.0.6045.214 Safari/537.36"
54.36.148.186 - - [15/Jun/2025:01:06:20 +0300] "GET /data/publications/c99shell.php?act=chmod&f=fancy_nav_left.png&d=%2Fhome%2Fh33678%2Fdata%2Fwww%2Fmsdp.undp.org.ua%2Fmodules-alien%2Ffancybox%2F HTTP/1.0" 200 3158 "-" "Mozilla/5.0 (compatible; AhrefsBot/7.0; +http://ahrefs.com/robot/)"
216.73.216.176 - - [15/Jun/2025:01:06:20 +0300] "GET /data/publications/c99shell.php?act=chmod&d=%2Flib%2Fx86_64-linux-gnu&f=libpthread-2.13.so HTTP/1.0" 200 3083 "-" "Mozilla/5.0 AppleWebKit/537.36 (KHTML, like Gecko; compatible; ClaudeBot/1.0; +claudebot@anthropic.com)"
216.73.216.176 - - [15/Jun/2025:01:06:22 +0300] "GET /data/publications/c99shell.php?act=ls&d=%2Fusr%2Fshare%2Fsgml-base HTTP/1.0" 200 3758 "-" "Mozilla/5.0 AppleWebKit/537.36 (KHTML, like Gecko; compatible; ClaudeBot/1.0; +claudebot@anthropic.com)"
216.73.216.176 - - [15/Jun/2025:01:06:23 +0300] "GET /data/publications/c99shell.php?act=ls&d=%2Fusr%2Flib%2Fklibc HTTP/1.0" 200 3541 "-" "Mozilla/5.0 AppleWebKit/537.36 (KHTML, like Gecko; compatible; ClaudeBot/1.0; +claudebot@anthropic.com)"
216.73.216.176 - - [15/Jun/2025:01:06:24 +0300] "GET /data/publications/c99shell.php?act=ls&d=%2Fhome%2Fh33678%2Fdata%2Fwww%2Fmsdp.undp.org.ua%2Fdata%2Fblog HTTP/1.0" 200 3547 "-" "Mozilla/5.0 AppleWebKit/537.36 (KHTML, like Gecko; compatible; ClaudeBot/1.0; +claudebot@anthropic.com)"
23.21.148.226 - - [15/Jun/2025:01:06:24 +0300] "GET /data/publications/c99shell.php?act=processes&d=/run/&pid=19758&sig=9 HTTP/1.0" 200 11371 "-" "Mozilla/5.0 AppleWebKit/537.36 (KHTML, like Gecko; compatible; Amazonbot/0.1; +https://developer.amazon.com/support/amazonbot) Chrome/119.0.6045.214 Safari/537.36"
216.73.216.176 - - [15/Jun/2025:01:06:25 +0300] "GET /data/publications/c99shell.php?act=chmod&d=%2Fusr%2Flib&f=apr-util-1 HTTP/1.0" 200 3060 "-" "Mozilla/5.0 AppleWebKit/537.36 (KHTML, like Gecko; compatible; ClaudeBot/1.0; +claudebot@anthropic.com)"
216.73.216.176 - - [15/Jun/2025:01:06:26 +0300] "GET /data/publications/c99shell.php?act=f&d=%2Fhome%2Fh33678%2Fdata%2Fwww%2Fmsdp.undp.org.ua%2Fdata%2Fpublications&f=general_presentation_about_zurich.ppt HTTP/1.0" 200 3297 "-" "Mozilla/5.0 AppleWebKit/537.36 (KHTML, like Gecko; compatible; ClaudeBot/1.0; +claudebot@anthropic.com)"
216.73.216.176 - - [15/Jun/2025:01:06:27 +0300] "GET /data/publications/c99shell.php?act=chmod&d=%2Fusr%2Fshare&f=debianutils HTTP/1.0" 200 3061 "-" "Mozilla/5.0 AppleWebKit/537.36 (KHTML, like Gecko; compatible; ClaudeBot/1.0; +claudebot@anthropic.com)"
34.238.45.183 - - [15/Jun/2025:01:06:27 +0300] "GET /data/publications/c99shell.php?act=processes&d=/run/dovecot/&pid=26483&sig=9 HTTP/1.0" 200 11465 "-" "Mozilla/5.0 AppleWebKit/537.36 (KHTML, like Gecko; compatible; Amazonbot/0.1; +https://developer.amazon.com/support/amazonbot) Chrome/119.0.6045.214 Safari/537.36"
216.73.216.176 - - [15/Jun/2025:01:06:28 +0300] "GET /data/publications/c99shell.php?act=f&d=%2Fusr%2Fbin&f=pgmtolispm HTTP/1.0" 200 3179 "-" "Mozilla/5.0 AppleWebKit/537.36 (KHTML, like Gecko; compatible; ClaudeBot/1.0; +claudebot@anthropic.com)"
216.73.216.176 - - [15/Jun/2025:01:06:29 +0300] "GET /data/publications/c99shell.php?act=ls&d=%2Fusr%2Flib%2Fcoreutils HTTP/1.0" 200 3633 "-" "Mozilla/5.0 AppleWebKit/537.36 (KHTML, like Gecko; compatible; ClaudeBot/1.0; +claudebot@anthropic.com)"
216.73.216.176 - - [15/Jun/2025:01:06:30 +0300] "GET /data/publications/c99shell.php?act=chmod&d=%2Fusr%2Fbin&f=perlthanks HTTP/1.0" 200 3063 "-" "Mozilla/5.0 AppleWebKit/537.36 (KHTML, like Gecko; compatible; ClaudeBot/1.0; +claudebot@anthropic.com)"
54.36.148.154 - - [15/Jun/2025:01:06:31 +0300] "GET /data/publications/c99shell.php?act=f&f=129307080_main.jpg&ft=edit&d=%2Fhome%2Fh33678%2Fdata%2Fwww%2Fmsdp.undp.org.ua%2Fdata%2Fphotomanager%2F HTTP/1.0" 200 3351 "-" "Mozilla/5.0 (compatible; AhrefsBot/7.0; +http://ahrefs.com/robot/)"
216.73.216.176 - - [15/Jun/2025:01:06:31 +0300] "GET /data/publications/c99shell.php?act=chmod&d=%2Flib%2Fx86_64-linux-gnu&f=libanl.so.1 HTTP/1.0" 200 3083 "-" "Mozilla/5.0 AppleWebKit/537.36 (KHTML, like Gecko; compatible; ClaudeBot/1.0; +claudebot@anthropic.com)"
34.234.200.207 - - [15/Jun/2025:01:06:31 +0300] "GET /data/publications/c99shell.php?act=processes&d=/var/&pid=10305&sig=9 HTTP/1.0" 200 11434 "-" "Mozilla/5.0 AppleWebKit/537.36 (KHTML, like Gecko; compatible; Amazonbot/0.1; +https://developer.amazon.com/support/amazonbot) Chrome/119.0.6045.214 Safari/537.36"
216.73.216.176 - - [15/Jun/2025:01:06:32 +0300] "GET /data/publications/c99shell.php?act=ls&d=%2Fusr%2Fshare%2Fnginx HTTP/1.0" 200 3559 "-" "Mozilla/5.0 AppleWebKit/537.36 (KHTML, like Gecko; compatible; ClaudeBot/1.0; +claudebot@anthropic.com)"
216.73.216.176 - - [15/Jun/2025:01:06:33 +0300] "GET /data/publications/c99shell.php?act=chmod&d=%2Fusr%2Flib&f=libnfo.so.1 HTTP/1.0" 200 3070 "-" "Mozilla/5.0 AppleWebKit/537.36 (KHTML, like Gecko; compatible; ClaudeBot/1.0; +claudebot@anthropic.com)"
216.73.216.176 - - [15/Jun/2025:01:06:34 +0300] "GET /data/publications/c99shell.php?act=ls&d=%2Fusr%2Flib%2Fdovecot HTTP/1.0" 200 6419 "-" "Mozilla/5.0 AppleWebKit/537.36 (KHTML, like Gecko; compatible; ClaudeBot/1.0; +claudebot@anthropic.com)"
216.73.216.176 - - [15/Jun/2025:01:06:35 +0300] "GET /data/publications/c99shell.php?act=chmod&d=%2Fusr%2Fshare&f=emacs HTTP/1.0" 200 3059 "-" "Mozilla/5.0 AppleWebKit/537.36 (KHTML, like Gecko; compatible; ClaudeBot/1.0; +claudebot@anthropic.com)"
216.73.216.176 - - [15/Jun/2025:01:06:36 +0300] "GET /data/publications/c99shell.php?act=f&d=%2Flib%2Fx86_64-linux-gnu&f=libbz2.so.1.0.4 HTTP/1.0" 200 3201 "-" "Mozilla/5.0 AppleWebKit/537.36 (KHTML, like Gecko; compatible; ClaudeBot/1.0; +claudebot@anthropic.com)"
216.73.216.192 - - [15/Jun/2025:01:06:36 +0300] "GET /data/publications/c99shell.php?act=upload&d=%2Fproc%2F18894%2F.. HTTP/1.0" 200 3012 "-" "Mozilla/5.0 AppleWebKit/537.36 (KHTML, like Gecko; compatible; ClaudeBot/1.0; +claudebot@anthropic.com)"
50.16.72.185 - - [15/Jun/2025:01:06:35 +0300] "GET /data/publications/c99shell.php?act=processes&d=/var/&pid=25578&sig=9 HTTP/1.0" 200 11336 "-" "Mozilla/5.0 AppleWebKit/537.36 (KHTML, like Gecko; compatible; Amazonbot/0.1; +https://developer.amazon.com/support/amazonbot) Chrome/119.0.6045.214 Safari/537.36"
216.73.216.176 - - [15/Jun/2025:01:06:37 +0300] "GET /data/publications/c99shell.php?act=f&d=%2Fusr%2Flib&f=libnetsnmp.so.15.1.2 HTTP/1.0" 200 3190 "-" "Mozilla/5.0 AppleWebKit/537.36 (KHTML, like Gecko; compatible; ClaudeBot/1.0; +claudebot@anthropic.com)"
216.73.216.192 - - [15/Jun/2025:01:06:36 +0300] "GET /data/publications/c99shell.php?act=img&img=ext_sess_2e5de1ebb0f20ffeed1031de8fce9631 HTTP/1.0" 200 1034 "-" "Mozilla/5.0 AppleWebKit/537.36 (KHTML, like Gecko; compatible; ClaudeBot/1.0; +claudebot@anthropic.com)"
216.73.216.192 - - [15/Jun/2025:01:06:36 +0300] "GET /data/publications/c99shell.php?act=search&d=%2Fsys%2Fdevices%2Fvbd-51728%2Fblock%2Fxvdb%2Fxvdb1%2Fpower%2F HTTP/1.0" 200 3123 "-" "Mozilla/5.0 AppleWebKit/537.36 (KHTML, like Gecko; compatible; ClaudeBot/1.0; +claudebot@anthropic.com)"
216.73.216.192 - - [15/Jun/2025:01:06:36 +0300] "GET /data/publications/c99shell.php?act=update&d=%2Fproc%2F26761%2Fns%2F HTTP/1.0" 200 52605 "-" "Mozilla/5.0 AppleWebKit/537.36 (KHTML, like Gecko; compatible; ClaudeBot/1.0; +claudebot@anthropic.com)"
216.73.216.192 - - [15/Jun/2025:01:06:36 +0300] "GET /data/publications/c99shell.php?act=upload&d=%2Fsys%2Fdevices%2Fvirtual%2Ftty%2Ftty39%2Fpower HTTP/1.0" 200 3087 "-" "Mozilla/5.0 AppleWebKit/537.36 (KHTML, like Gecko; compatible; ClaudeBot/1.0; +claudebot@anthropic.com)"
216.73.216.192 - - [15/Jun/2025:01:06:36 +0300] "GET /data/publications/c99shell.php?act=fsbuff&d=%2Fproc%2F23996%2Fattr%2F HTTP/1.0" 200 2863 "-" "Mozilla/5.0 AppleWebKit/537.36 (KHTML, like Gecko; compatible; ClaudeBot/1.0; +claudebot@anthropic.com)"
216.73.216.192 - - [15/Jun/2025:01:06:38 +0300] "GET /data/publications/c99shell.php?act=tools&d=%2Fproc%2F160%2F HTTP/1.0" 200 3217 "-" "Mozilla/5.0 AppleWebKit/537.36 (KHTML, like Gecko; compatible; ClaudeBot/1.0; +claudebot@anthropic.com)"
216.73.216.192 - - [15/Jun/2025:01:06:38 +0300] "GET /data/publications/c99shell.php?act=chmod&d=%2Fproc%2F43%2Fattr%2F HTTP/1.0" 200 3051 "-" "Mozilla/5.0 AppleWebKit/537.36 (KHTML, like Gecko; compatible; ClaudeBot/1.0; +claudebot@anthropic.com)"
216.73.216.192 - - [15/Jun/2025:01:06:38 +0300] "GET /data/publications/c99shell.php?act=d&d=%2Fproc%2F10681%2Ffdinfo HTTP/1.0" 200 2972 "-" "Mozilla/5.0 AppleWebKit/537.36 (KHTML, like Gecko; compatible; ClaudeBot/1.0; +claudebot@anthropic.com)"
216.73.216.192 - - [15/Jun/2025:01:06:38 +0300] "GET /data/publications/c99shell.php?act=chmod&d=%2Fproc%2F26870&f=personality HTTP/1.0" 200 3060 "-" "Mozilla/5.0 AppleWebKit/537.36 (KHTML, like Gecko; compatible; ClaudeBot/1.0; +claudebot@anthropic.com)"
216.73.216.192 - - [15/Jun/2025:01:06:38 +0300] "GET /PinoyWH1Z/C99Shell-PHP7/security/overall-count HTTP/1.0" 404 267 "http://msdp.undp.org.ua/data/publications/c99shell.php?act=update&d=%2Fproc%2F26761%2Fns%2F" "Mozilla/5.0 AppleWebKit/537.36 (KHTML, like Gecko; compatible; ClaudeBot/1.0; +claudebot@anthropic.com)"
216.73.216.176 - - [15/Jun/2025:01:06:38 +0300] "GET /data/publications/c99shell.php?act=f&d=%2Flib%2Fx86_64-linux-gnu&f=libhistory.so.6 HTTP/1.0" 200 3196 "-" "Mozilla/5.0 AppleWebKit/537.36 (KHTML, like Gecko; compatible; ClaudeBot/1.0; +claudebot@anthropic.com)"
216.73.216.192 - - [15/Jun/2025:01:06:38 +0300] "GET /PinoyWH1Z/C99Shell-PHP7/hovercards/citation/sidebar_partial?tree_name=master HTTP/1.0" 404 277 "http://msdp.undp.org.ua/data/publications/c99shell.php?act=update&d=%2Fproc%2F26761%2Fns%2F" "Mozilla/5.0 AppleWebKit/537.36 (KHTML, like Gecko; compatible; ClaudeBot/1.0; +claudebot@anthropic.com)"
216.73.216.192 - - [15/Jun/2025:01:06:38 +0300] "GET /PinoyWH1Z/C99Shell-PHP7/latest-commit/master HTTP/1.0" 404 266 "http://msdp.undp.org.ua/data/publications/c99shell.php?act=update&d=%2Fproc%2F26761%2Fns%2F" "Mozilla/5.0 AppleWebKit/537.36 (KHTML, like Gecko; compatible; ClaudeBot/1.0; +claudebot@anthropic.com)"
216.73.216.192 - - [15/Jun/2025:01:06:38 +0300] "GET /PinoyWH1Z/C99Shell-PHP7/refs?type=branch HTTP/1.0" 404 255 "http://msdp.undp.org.ua/data/publications/c99shell.php?act=update&d=%2Fproc%2F26761%2Fns%2F" "Mozilla/5.0 AppleWebKit/537.36 (KHTML, like Gecko; compatible; ClaudeBot/1.0; +claudebot@anthropic.com)"
216.73.216.192 - - [15/Jun/2025:01:06:38 +0300] "GET /PinoyWH1Z/C99Shell-PHP7/branch-and-tag-count HTTP/1.0" 404 267 "http://msdp.undp.org.ua/data/publications/c99shell.php?act=update&d=%2Fproc%2F26761%2Fns%2F" "Mozilla/5.0 AppleWebKit/537.36 (KHTML, like Gecko; compatible; ClaudeBot/1.0; +claudebot@anthropic.com)"
216.73.216.192 - - [15/Jun/2025:01:06:38 +0300] "GET /PinoyWH1Z/C99Shell-PHP7/tree-commit-info/master HTTP/1.0" 404 268 "http://msdp.undp.org.ua/data/publications/c99shell.php?act=update&d=%2Fproc%2F26761%2Fns%2F" "Mozilla/5.0 AppleWebKit/537.36 (KHTML, like Gecko; compatible; ClaudeBot/1.0; +claudebot@anthropic.com)"
216.73.216.176 - - [15/Jun/2025:01:06:39 +0300] "GET /data/publications/c99shell.php?act=chmod&d=%2Fusr%2Flib&f=libMagickWand.so.3 HTTP/1.0" 200 3074 "-" "Mozilla/5.0 AppleWebKit/537.36 (KHTML, like Gecko; compatible; ClaudeBot/1.0; +claudebot@anthropic.com)"
44.212.145.46 - - [15/Jun/2025:01:06:40 +0300] "GET /data/publications/c99shell.php?act=processes&d=/etc/clamav/onerrorexecute.d/&pid=32068&sig=9 HTTP/1.0" 200 11444 "-" "Mozilla/5.0 AppleWebKit/537.36 (KHTML, like Gecko; compatible; Amazonbot/0.1; +https://developer.amazon.com/support/amazonbot) Chrome/119.0.6045.214 Safari/537.36"
216.73.216.176 - - [15/Jun/2025:01:06:40 +0300] "GET /data/publications/c99shell.php?act=ls&d=%2Fusr%2Flib%2FConsoleKit HTTP/1.0" 200 3569 "-" "Mozilla/5.0 AppleWebKit/537.36 (KHTML, like Gecko; compatible; ClaudeBot/1.0; +claudebot@anthropic.com)"
54.36.148.209 - - [15/Jun/2025:01:06:40 +0300] "GET /data/publications/c99shell.php?act=f&f=129307080_main.jpg&ft=edit&white=1&d=%2Fhome%2Fh33678%2Fdata%2Fwww%2Fmsdp.undp.org.ua%2Fdata%2Fphotomanager%2F HTTP/1.0" 200 3352 "-" "Mozilla/5.0 (compatible; AhrefsBot/7.0; +http://ahrefs.com/robot/)"
216.73.216.176 - - [15/Jun/2025:01:06:41 +0300] "GET /data/publications/c99shell.php?act=chmod&d=%2Fusr%2Fbin&f=crontab HTTP/1.0" 200 3065 "-" "Mozilla/5.0 AppleWebKit/537.36 (KHTML, like Gecko; compatible; ClaudeBot/1.0; +claudebot@anthropic.com)"
216.73.216.176 - - [15/Jun/2025:01:06:42 +0300] "GET /data/publications/c99shell.php?act=chmod&d=%2Flib%2Fx86_64-linux-gnu&f=libnss_compat-2.13.so HTTP/1.0" 200 3091 "-" "Mozilla/5.0 AppleWebKit/537.36 (KHTML, like Gecko; compatible; ClaudeBot/1.0; +claudebot@anthropic.com)"
216.73.216.176 - - [15/Jun/2025:01:06:43 +0300] "GET /data/publications/c99shell.php?act=ls&d=%2Fusr%2Flib%2Fapache2 HTTP/1.0" 200 3809 "-" "Mozilla/5.0 AppleWebKit/537.36 (KHTML, like Gecko; compatible; ClaudeBot/1.0; +claudebot@anthropic.com)"
54.84.93.8 - - [15/Jun/2025:01:06:43 +0300] "GET /data/publications/c99shell.php?act=processes&d=/sys/module/firmware_class/&pid=14527&sig=9 HTTP/1.0" 200 11523 "-" "Mozilla/5.0 AppleWebKit/537.36 (KHTML, like Gecko; compatible; Amazonbot/0.1; +https://developer.amazon.com/support/amazonbot) Chrome/119.0.6045.214 Safari/537.36"
216.73.216.176 - - [15/Jun/2025:01:06:44 +0300] "GET /data/publications/c99shell.php?act=chmod&d=%2Fusr%2Fbin&f=php55 HTTP/1.0" 200 3059 "-" "Mozilla/5.0 AppleWebKit/537.36 (KHTML, like Gecko; compatible; ClaudeBot/1.0; +claudebot@anthropic.com)"
216.73.216.176 - - [15/Jun/2025:01:06:45 +0300] "GET /data/publications/c99shell.php?act=d&d=%2Fusr%2Flib%2Fx86_64-linux-gnu HTTP/1.0" 200 3007 "-" "Mozilla/5.0 AppleWebKit/537.36 (KHTML, like Gecko; compatible; ClaudeBot/1.0; +claudebot@anthropic.com)"
216.73.216.176 - - [15/Jun/2025:01:06:46 +0300] "GET /data/publications/c99shell.php?act=f&d=%2Fusr%2Fbin&f=php53 HTTP/1.0" 200 3170 "-" "Mozilla/5.0 AppleWebKit/537.36 (KHTML, like Gecko; compatible; ClaudeBot/1.0; +claudebot@anthropic.com)"
216.73.216.176 - - [15/Jun/2025:01:06:47 +0300] "GET /data/publications/c99shell.php?act=chmod&d=%2Fusr%2Fshare&f=man-db HTTP/1.0" 200 3060 "-" "Mozilla/5.0 AppleWebKit/537.36 (KHTML, like Gecko; compatible; ClaudeBot/1.0; +claudebot@anthropic.com)"
85.208.98.19 - - [15/Jun/2025:01:06:47 +0300] "GET /news/p172?lang=eng HTTP/1.0" 200 6864 "-" "Mozilla/5.0 (compatible; SemrushBot-BA; +http://www.semrush.com/bot.html)"
216.73.216.176 - - [15/Jun/2025:01:06:48 +0300] "GET /data/publications/c99shell.php?act=chmod&d=%2Fusr%2Flib&f=libnfnetlink.so.0.2.0 HTTP/1.0" 200 3078 "-" "Mozilla/5.0 AppleWebKit/537.36 (KHTML, like Gecko; compatible; ClaudeBot/1.0; +claudebot@anthropic.com)"
100.24.149.244 - - [15/Jun/2025:01:06:48 +0300] "GET /data/publications/c99shell.php?act=processes&d=/var/lib/nginx/proxy/&pid=24289&sig=9 HTTP/1.0" 200 11492 "-" "Mozilla/5.0 AppleWebKit/537.36 (KHTML, like Gecko; compatible; Amazonbot/0.1; +https://developer.amazon.com/support/amazonbot) Chrome/119.0.6045.214 Safari/537.36"
216.73.216.176 - - [15/Jun/2025:01:06:49 +0300] "GET /data/publications/c99shell.php?act=f&d=%2Fusr%2Fbin&f=bsd-from HTTP/1.0" 200 3177 "-" "Mozilla/5.0 AppleWebKit/537.36 (KHTML, like Gecko; compatible; ClaudeBot/1.0; +claudebot@anthropic.com)"
216.73.216.176 - - [15/Jun/2025:01:06:50 +0300] "GET /data/publications/c99shell.php?act=chmod&d=%2Fusr%2Flib&f=libvalhalla.so.2 HTTP/1.0" 200 3072 "-" "Mozilla/5.0 AppleWebKit/537.36 (KHTML, like Gecko; compatible; ClaudeBot/1.0; +claudebot@anthropic.com)"
216.73.216.176 - - [15/Jun/2025:01:06:51 +0300] "GET /data/publications/c99shell.php?act=chmod&d=%2Fusr%2Fbin&f=sort HTTP/1.0" 200 3059 "-" "Mozilla/5.0 AppleWebKit/537.36 (KHTML, like Gecko; compatible; ClaudeBot/1.0; +claudebot@anthropic.com)"
18.233.24.238 - - [15/Jun/2025:01:06:52 +0300] "GET /data/publications/c99shell.php?act=processes&d=/etc/proftpd/&pid=10036&sig=9 HTTP/1.0" 200 11476 "-" "Mozilla/5.0 AppleWebKit/537.36 (KHTML, like Gecko; compatible; Amazonbot/0.1; +https://developer.amazon.com/support/amazonbot) Chrome/119.0.6045.214 Safari/537.36"
216.73.216.176 - - [15/Jun/2025:01:06:52 +0300] "GET /data/publications/c99shell.php?act=f&d=%2Flib%2Fx86_64-linux-gnu&f=libe2p.so.2 HTTP/1.0" 200 3196 "-" "Mozilla/5.0 AppleWebKit/537.36 (KHTML, like Gecko; compatible; ClaudeBot/1.0; +claudebot@anthropic.com)"
216.73.216.176 - - [15/Jun/2025:01:06:54 +0300] "GET /data/publications/c99shell.php?act=chmod&d=%2Flib%2Fx86_64-linux-gnu&f=libpcprofile.so HTTP/1.0" 200 3085 "-" "Mozilla/5.0 AppleWebKit/537.36 (KHTML, like Gecko; compatible; ClaudeBot/1.0; +claudebot@anthropic.com)"
54.36.149.90 - - [15/Jun/2025:01:06:54 +0300] "GET /data/publications/c99shell.php?act=ls&d=%2Fhome%2Fh33678%2Fdata%2Fwww%2Fmsdp.undp.org.ua%2Fdata%2Fphotomanager%2F&sort=3a HTTP/1.0" 200 15712 "-" "Mozilla/5.0 (compatible; AhrefsBot/7.0; +http://ahrefs.com/robot/)"
216.73.216.176 - - [15/Jun/2025:01:06:55 +0300] "GET /data/publications/c99shell.php?act=f&d=%2Fusr%2Flib&f=libGeoIP.so.1 HTTP/1.0" 200 3187 "-" "Mozilla/5.0 AppleWebKit/537.36 (KHTML, like Gecko; compatible; ClaudeBot/1.0; +claudebot@anthropic.com)"
216.73.216.176 - - [15/Jun/2025:01:06:56 +0300] "GET /data/publications/c99shell.php?act=f&d=%2Fusr%2Fbin&f=lockfile-check HTTP/1.0" 200 3180 "-" "Mozilla/5.0 AppleWebKit/537.36 (KHTML, like Gecko; compatible; ClaudeBot/1.0; +claudebot@anthropic.com)"
216.73.216.176 - - [15/Jun/2025:01:06:57 +0300] "GET /data/publications/c99shell.php?act=f&d=%2Fusr%2Fbin&f=mysqld_safe HTTP/1.0" 200 3181 "-" "Mozilla/5.0 AppleWebKit/537.36 (KHTML, like Gecko; compatible; ClaudeBot/1.0; +claudebot@anthropic.com)"
34.203.111.15 - - [15/Jun/2025:01:06:57 +0300] "GET /data/publications/c99shell.php?act=processes&d=/etc/dhcp/dhclient-exit-hooks.d/&pid=20906&sig=9 HTTP/1.0" 200 11586 "-" "Mozilla/5.0 AppleWebKit/537.36 (KHTML, like Gecko; compatible; Amazonbot/0.1; +https://developer.amazon.com/support/amazonbot) Chrome/119.0.6045.214 Safari/537.36"
216.73.216.176 - - [15/Jun/2025:01:06:58 +0300] "GET /data/publications/c99shell.php?act=encoder&d=%2Fusr%2Fsbin%2F HTTP/1.0" 200 3274 "-" "Mozilla/5.0 AppleWebKit/537.36 (KHTML, like Gecko; compatible; ClaudeBot/1.0; +claudebot@anthropic.com)"
216.73.216.176 - - [15/Jun/2025:01:06:59 +0300] "GET /data/publications/c99shell.php?act=chmod&d=%2Fsys%2Fmodule%2Fprocessor&f=.. HTTP/1.0" 200 3067 "-" "Mozilla/5.0 AppleWebKit/537.36 (KHTML, like Gecko; compatible; ClaudeBot/1.0; +claudebot@anthropic.com)"
98.82.107.102 - - [15/Jun/2025:01:06:59 +0300] "GET /data/publications/c99shell.php?act=processes&d=/sys/module/cpuidle/&pid=24020&sig=9 HTTP/1.0" 200 11536 "-" "Mozilla/5.0 AppleWebKit/537.36 (KHTML, like Gecko; compatible; Amazonbot/0.1; +https://developer.amazon.com/support/amazonbot) Chrome/119.0.6045.214 Safari/537.36"
216.73.216.176 - - [15/Jun/2025:01:07:00 +0300] "GET /data/publications/c99shell.php?act=f&d=%2Fusr%2Fbin&f=c_rehash HTTP/1.0" 200 3179 "-" "Mozilla/5.0 AppleWebKit/537.36 (KHTML, like Gecko; compatible; ClaudeBot/1.0; +claudebot@anthropic.com)"
216.73.216.176 - - [15/Jun/2025:01:07:01 +0300] "GET /data/publications/c99shell.php?act=chmod&d=%2Fetc%2Fpostgresql&f=8.3 HTTP/1.0" 200 3063 "-" "Mozilla/5.0 AppleWebKit/537.36 (KHTML, like Gecko; compatible; ClaudeBot/1.0; +claudebot@anthropic.com)"
216.73.216.176 - - [15/Jun/2025:01:07:02 +0300] "GET /data/publications/c99shell.php?act=chmod&d=%2Fusr%2Fbin&f=rvim HTTP/1.0" 200 3060 "-" "Mozilla/5.0 AppleWebKit/537.36 (KHTML, like Gecko; compatible; ClaudeBot/1.0; +claudebot@anthropic.com)"
216.73.216.176 - - [15/Jun/2025:01:07:03 +0300] "GET /data/publications/c99shell.php?act=f&d=%2Fusr%2Fbin&f=sar.sysstat HTTP/1.0" 200 3179 "-" "Mozilla/5.0 AppleWebKit/537.36 (KHTML, like Gecko; compatible; ClaudeBot/1.0; +claudebot@anthropic.com)"
54.36.148.48 - - [15/Jun/2025:01:07:03 +0300] "GET /data/publications/c99shell.php?act=f&f=129307080_main.jpg&ft=exe&d=%2Fhome%2Fh33678%2Fdata%2Fwww%2Fmsdp.undp.org.ua%2Fdata%2Fphotomanager%2F HTTP/1.0" 200 3325 "-" "Mozilla/5.0 (compatible; AhrefsBot/7.0; +http://ahrefs.com/robot/)"
216.73.216.176 - - [15/Jun/2025:01:07:04 +0300] "GET /data/publications/c99shell.php?act=chmod&d=%2Fusr%2Flib&f=libapr-1.so.0 HTTP/1.0" 200 3069 "-" "Mozilla/5.0 AppleWebKit/537.36 (KHTML, like Gecko; compatible; ClaudeBot/1.0; +claudebot@anthropic.com)"
34.231.118.144 - - [15/Jun/2025:01:07:05 +0300] "GET /data/publications/c99shell.php?act=processes&d=/etc/zabbix/zabbix_agentd.conf.d/&pid=13354&sig=9 HTTP/1.0" 200 11542 "-" "Mozilla/5.0 AppleWebKit/537.36 (KHTML, like Gecko; compatible; Amazonbot/0.1; +https://developer.amazon.com/support/amazonbot) Chrome/119.0.6045.214 Safari/537.36"
216.73.216.176 - - [15/Jun/2025:01:07:05 +0300] "GET /data/publications/c99shell.php?act=f&d=%2Fhome%2Fh33678%2Fdata%2Fwww%2Fmsdp.undp.org.ua&f=database.php HTTP/1.0" 200 3415 "-" "Mozilla/5.0 AppleWebKit/537.36 (KHTML, like Gecko; compatible; ClaudeBot/1.0; +claudebot@anthropic.com)"
216.73.216.176 - - [15/Jun/2025:01:07:06 +0300] "GET /data/publications/c99shell.php?act=chmod&d=%2Fusr%2Flib&f=libmhash.so.2.0.1 HTTP/1.0" 200 3074 "-" "Mozilla/5.0 AppleWebKit/537.36 (KHTML, like Gecko; compatible; ClaudeBot/1.0; +claudebot@anthropic.com)"
216.73.216.176 - - [15/Jun/2025:01:07:07 +0300] "GET /data/publications/c99shell.php?act=chmod&d=%2Fusr%2Fbin&f=unattended-upgrade HTTP/1.0" 200 3068 "-" "Mozilla/5.0 AppleWebKit/537.36 (KHTML, like Gecko; compatible; ClaudeBot/1.0; +claudebot@anthropic.com)"
3.220.148.166 - - [15/Jun/2025:01:07:07 +0300] "GET /data/publications/c99shell.php?act=processes&d=/var/spool/postfix/bounce/&pid=23537&sig=9 HTTP/1.0" 200 11541 "-" "Mozilla/5.0 AppleWebKit/537.36 (KHTML, like Gecko; compatible; Amazonbot/0.1; +https://developer.amazon.com/support/amazonbot) Chrome/119.0.6045.214 Safari/537.36"
216.73.216.176 - - [15/Jun/2025:01:07:08 +0300] "GET /data/publications/c99shell.php?act=chmod&d=%2Fusr%2Fbin&f=db5.1_deadlock HTTP/1.0" 200 3067 "-" "Mozilla/5.0 AppleWebKit/537.36 (KHTML, like Gecko; compatible; ClaudeBot/1.0; +claudebot@anthropic.com)"
216.73.216.176 - - [15/Jun/2025:01:07:09 +0300] "GET /data/publications/c99shell.php?act=ls&d=%2Fusr%2Finclude%2Fphp52 HTTP/1.0" 200 3550 "-" "Mozilla/5.0 AppleWebKit/537.36 (KHTML, like Gecko; compatible; ClaudeBot/1.0; +claudebot@anthropic.com)"
216.73.216.176 - - [15/Jun/2025:01:07:10 +0300] "GET /data/publications/c99shell.php?act=f&d=%2Flib%2Fx86_64-linux-gnu&f=libutil-2.13.so HTTP/1.0" 200 3201 "-" "Mozilla/5.0 AppleWebKit/537.36 (KHTML, like Gecko; compatible; ClaudeBot/1.0; +claudebot@anthropic.com)"
216.73.216.176 - - [15/Jun/2025:01:07:11 +0300] "GET /data/publications/c99shell.php?act=f&d=%2Fusr%2Flib&f=libjbig2dec.so.0 HTTP/1.0" 200 3188 "-" "Mozilla/5.0 AppleWebKit/537.36 (KHTML, like Gecko; compatible; ClaudeBot/1.0; +claudebot@anthropic.com)"
216.73.216.176 - - [15/Jun/2025:01:07:12 +0300] "GET /data/publications/c99shell.php?act=f&d=%2Fusr%2Fbin&f=setpci HTTP/1.0" 200 3173 "-" "Mozilla/5.0 AppleWebKit/537.36 (KHTML, like Gecko; compatible; ClaudeBot/1.0; +claudebot@anthropic.com)"
216.73.216.176 - - [15/Jun/2025:01:07:13 +0300] "GET /data/publications/c99shell.php?act=chmod&d=%2Fhome%2Fh33678%2Fdata%2Fwww%2Fmsdp.undp.org.ua%2Fdata%2Fpublications&f=ldp_summary2.doc HTTP/1.0" 200 3146 "-" "Mozilla/5.0 AppleWebKit/537.36 (KHTML, like Gecko; compatible; ClaudeBot/1.0; +claudebot@anthropic.com)"
184.73.239.35 - - [15/Jun/2025:01:07:13 +0300] "GET /data/publications/c99shell.php?act=processes&d=/etc/sgml/&pid=26067&sig=9 HTTP/1.0" 200 11470 "-" "Mozilla/5.0 AppleWebKit/537.36 (KHTML, like Gecko; compatible; Amazonbot/0.1; +https://developer.amazon.com/support/amazonbot) Chrome/119.0.6045.214 Safari/537.36"
216.73.216.176 - - [15/Jun/2025:01:07:14 +0300] "GET /data/publications/c99shell.php?act=chmod&d=%2Fusr%2Fbin&f=printf HTTP/1.0" 200 3061 "-" "Mozilla/5.0 AppleWebKit/537.36 (KHTML, like Gecko; compatible; ClaudeBot/1.0; +claudebot@anthropic.com)"
216.73.216.176 - - [15/Jun/2025:01:07:15 +0300] "GET /data/publications/c99shell.php?act=chmod&d=%2Fsys%2Fmodule%2Fraid1&f=parameters HTTP/1.0" 200 3070 "-" "Mozilla/5.0 AppleWebKit/537.36 (KHTML, like Gecko; compatible; ClaudeBot/1.0; +claudebot@anthropic.com)"
44.223.116.149 - - [15/Jun/2025:01:07:15 +0300] "GET /data/publications/c99shell.php?act=processes&d=/var/log/zabbix-agent/&pid=11562&sig=9 HTTP/1.0" 200 11524 "-" "Mozilla/5.0 AppleWebKit/537.36 (KHTML, like Gecko; compatible; Amazonbot/0.1; +https://developer.amazon.com/support/amazonbot) Chrome/119.0.6045.214 Safari/537.36"
216.73.216.176 - - [15/Jun/2025:01:07:16 +0300] "GET /data/publications/c99shell.php?act=f&d=%2Fusr%2Fbin&f=dh_pysupport HTTP/1.0" 200 3182 "-" "Mozilla/5.0 AppleWebKit/537.36 (KHTML, like Gecko; compatible; ClaudeBot/1.0; +claudebot@anthropic.com)"
54.36.148.66 - - [15/Jun/2025:01:07:16 +0300] "GET /data/publications/c99shell.php?act=f&f=129307080_main.jpg&ft=html&d=%2Fhome%2Fh33678%2Fdata%2Fwww%2Fmsdp.undp.org.ua%2Fdata%2Fphotomanager%2F HTTP/1.0" 200 12245 "-" "Mozilla/5.0 (compatible; AhrefsBot/7.0; +http://ahrefs.com/robot/)"
216.73.216.176 - - [15/Jun/2025:01:07:17 +0300] "GET /data/publications/c99shell.php?act=chmod&d=%2Fusr%2Fbin&f=pgawk HTTP/1.0" 200 3061 "-" "Mozilla/5.0 AppleWebKit/537.36 (KHTML, like Gecko; compatible; ClaudeBot/1.0; +claudebot@anthropic.com)"
216.73.216.176 - - [15/Jun/2025:01:07:18 +0300] "GET /data/publications/c99shell.php?act=ls&d=%2Fusr%2Flib%2Fapr-util-1 HTTP/1.0" 200 3957 "-" "Mozilla/5.0 AppleWebKit/537.36 (KHTML, like Gecko; compatible; ClaudeBot/1.0; +claudebot@anthropic.com)"
216.73.216.176 - - [15/Jun/2025:01:07:19 +0300] "GET /data/publications/c99shell.php?act=chmod&d=%2Fusr%2Fbin&f=db5.1_printlog HTTP/1.0" 200 3068 "-" "Mozilla/5.0 AppleWebKit/537.36 (KHTML, like Gecko; compatible; ClaudeBot/1.0; +claudebot@anthropic.com)"
216.73.216.176 - - [15/Jun/2025:01:07:20 +0300] "GET /data/publications/c99shell.php?act=f&d=%2Fusr%2Fbin&f=word-list-compress HTTP/1.0" 200 3186 "-" "Mozilla/5.0 AppleWebKit/537.36 (KHTML, like Gecko; compatible; ClaudeBot/1.0; +claudebot@anthropic.com)"
216.73.216.176 - - [15/Jun/2025:01:07:21 +0300] "GET /data/publications/c99shell.php?act=chmod&d=%2Fusr%2Fbin&f=ssh HTTP/1.0" 200 3058 "-" "Mozilla/5.0 AppleWebKit/537.36 (KHTML, like Gecko; compatible; ClaudeBot/1.0; +claudebot@anthropic.com)"
34.225.243.131 - - [15/Jun/2025:01:07:21 +0300] "GET /data/publications/c99shell.php?act=processes&d=/var/lib/roundcube/&pid=22331&sig=9 HTTP/1.0" 200 11516 "-" "Mozilla/5.0 AppleWebKit/537.36 (KHTML, like Gecko; compatible; Amazonbot/0.1; +https://developer.amazon.com/support/amazonbot) Chrome/119.0.6045.214 Safari/537.36"
216.73.216.176 - - [15/Jun/2025:01:07:22 +0300] "GET /data/publications/c99shell.php?act=ls&d=%2Fusr%2Fshare%2Fgit-core HTTP/1.0" 200 3601 "-" "Mozilla/5.0 AppleWebKit/537.36 (KHTML, like Gecko; compatible; ClaudeBot/1.0; +claudebot@anthropic.com)"
216.73.216.176 - - [15/Jun/2025:01:07:23 +0300] "GET /data/publications/c99shell.php?act=f&d=%2Flib%2Fx86_64-linux-gnu&f=libbz2.so.1.0 HTTP/1.0" 200 3199 "-" "Mozilla/5.0 AppleWebKit/537.36 (KHTML, like Gecko; compatible; ClaudeBot/1.0; +claudebot@anthropic.com)"
3.214.176.44 - - [15/Jun/2025:01:07:23 +0300] "GET /data/publications/c99shell.php?act=processes&d=/srv/&pid=19052&sig=9 HTTP/1.0" 200 11444 "-" "Mozilla/5.0 AppleWebKit/537.36 (KHTML, like Gecko; compatible; Amazonbot/0.1; +https://developer.amazon.com/support/amazonbot) Chrome/119.0.6045.214 Safari/537.36"
216.73.216.176 - - [15/Jun/2025:01:07:24 +0300] "GET /data/publications/c99shell.php?act=d&d=%2Fusr%2Flib%2Fpymodules HTTP/1.0" 200 2990 "-" "Mozilla/5.0 AppleWebKit/537.36 (KHTML, like Gecko; compatible; ClaudeBot/1.0; +claudebot@anthropic.com)"
54.36.148.37 - - [15/Jun/2025:01:07:25 +0300] "GET /data/publications/c99shell.php?act=f&f=129307080_main.jpg&ft=ini&d=%2Fhome%2Fh33678%2Fdata%2Fwww%2Fmsdp.undp.org.ua%2Fdata%2Fphotomanager%2F HTTP/1.0" 200 3280 "-" "Mozilla/5.0 (compatible; AhrefsBot/7.0; +http://ahrefs.com/robot/)"
216.73.216.176 - - [15/Jun/2025:01:07:25 +0300] "GET /data/publications/c99shell.php?act=chmod&d=%2Fetc%2Fssh&f=ssh_host_ecdsa_key.pub HTTP/1.0" 200 3079 "-" "Mozilla/5.0 AppleWebKit/537.36 (KHTML, like Gecko; compatible; ClaudeBot/1.0; +claudebot@anthropic.com)"
216.73.216.176 - - [15/Jun/2025:01:07:26 +0300] "GET /data/publications/c99shell.php?act=f&d=%2Fusr%2Fbin&f=pbmreduce HTTP/1.0" 200 3179 "-" "Mozilla/5.0 AppleWebKit/537.36 (KHTML, like Gecko; compatible; ClaudeBot/1.0; +claudebot@anthropic.com)"
216.73.216.176 - - [15/Jun/2025:01:07:27 +0300] "GET /data/publications/c99shell.php?act=chmod&d=%2Flib%2Fx86_64-linux-gnu&f=libss.so.2 HTTP/1.0" 200 3083 "-" "Mozilla/5.0 AppleWebKit/537.36 (KHTML, like Gecko; compatible; ClaudeBot/1.0; +claudebot@anthropic.com)"
216.73.216.176 - - [15/Jun/2025:01:07:28 +0300] "GET /data/publications/c99shell.php?act=chmod&d=%2Flib%2Fx86_64-linux-gnu&f=libpopt.so.0 HTTP/1.0" 200 3083 "-" "Mozilla/5.0 AppleWebKit/537.36 (KHTML, like Gecko; compatible; ClaudeBot/1.0; +claudebot@anthropic.com)"
3.221.156.96 - - [15/Jun/2025:01:07:28 +0300] "GET /data/publications/c99shell.php?act=processes&d=/etc/sudoers.d/&pid=10680&sig=9 HTTP/1.0" 200 11413 "-" "Mozilla/5.0 AppleWebKit/537.36 (KHTML, like Gecko; compatible; Amazonbot/0.1; +https://developer.amazon.com/support/amazonbot) Chrome/119.0.6045.214 Safari/537.36"
216.73.216.176 - - [15/Jun/2025:01:07:31 +0300] "GET /data/publications/c99shell.php?act=chmod&d=%2Flib%2Fmodprobe.d&f=.. HTTP/1.0" 200 3062 "-" "Mozilla/5.0 AppleWebKit/537.36 (KHTML, like Gecko; compatible; ClaudeBot/1.0; +claudebot@anthropic.com)"
216.73.216.176 - - [15/Jun/2025:01:07:31 +0300] "GET /data/publications/c99shell.php?act=chmod&d=%2Fusr%2Fbin&f=rjoe HTTP/1.0" 200 3060 "-" "Mozilla/5.0 AppleWebKit/537.36 (KHTML, like Gecko; compatible; ClaudeBot/1.0; +claudebot@anthropic.com)"
3.230.69.161 - - [15/Jun/2025:01:07:32 +0300] "GET /data/publications/c99shell.php?act=processes&d=/sys/module/xt_tcpudp/&pid=24611&sig=9 HTTP/1.0" 200 11430 "-" "Mozilla/5.0 AppleWebKit/537.36 (KHTML, like Gecko; compatible; Amazonbot/0.1; +https://developer.amazon.com/support/amazonbot) Chrome/119.0.6045.214 Safari/537.36"
216.73.216.176 - - [15/Jun/2025:01:07:32 +0300] "GET /data/publications/c99shell.php?act=ls&d=%2Fusr%2Fshare%2Fssh HTTP/1.0" 200 3821 "-" "Mozilla/5.0 AppleWebKit/537.36 (KHTML, like Gecko; compatible; ClaudeBot/1.0; +claudebot@anthropic.com)"
216.73.216.176 - - [15/Jun/2025:01:07:33 +0300] "GET /data/publications/c99shell.php?act=f&d=%2Fusr%2Fbin&f=xsubpp HTTP/1.0" 200 3171 "-" "Mozilla/5.0 AppleWebKit/537.36 (KHTML, like Gecko; compatible; ClaudeBot/1.0; +claudebot@anthropic.com)"
216.73.216.176 - - [15/Jun/2025:01:07:34 +0300] "GET /data/publications/c99shell.php?act=chmod&d=%2Fusr%2Fbin&f=dbus-cleanup-sockets HTTP/1.0" 200 3070 "-" "Mozilla/5.0 AppleWebKit/537.36 (KHTML, like Gecko; compatible; ClaudeBot/1.0; +claudebot@anthropic.com)"
34.197.28.78 - - [15/Jun/2025:01:07:35 +0300] "GET /data/publications/c99shell.php?act=processes&d=/home/h33678/data/www/musvin.pp.ua/fancyapps%20-%20%D0%9A%D0%BE%D0%BF%D0%B8%D1%80%D0%BE%D0%B2%D0%B0%D1%82%D1%8C/demo/&pid=30755&sig=9 HTTP/1.0" 200 12168 "-" "Mozilla/5.0 AppleWebKit/537.36 (KHTML, like Gecko; compatible; Amazonbot/0.1; +https://developer.amazon.com/support/amazonbot) Chrome/119.0.6045.214 Safari/537.36"
216.73.216.176 - - [15/Jun/2025:01:07:35 +0300] "GET /data/publications/c99shell.php?act=chmod&d=%2Fusr%2Fbin&f=ufraw-batch HTTP/1.0" 200 3063 "-" "Mozilla/5.0 AppleWebKit/537.36 (KHTML, like Gecko; compatible; ClaudeBot/1.0; +claudebot@anthropic.com)"
216.73.216.176 - - [15/Jun/2025:01:07:36 +0300] "GET /data/publications/c99shell.php?act=ls&d=%2Fusr%2Flib%2Fsysstat HTTP/1.0" 200 3774 "-" "Mozilla/5.0 AppleWebKit/537.36 (KHTML, like Gecko; compatible; ClaudeBot/1.0; +claudebot@anthropic.com)"
216.73.216.176 - - [15/Jun/2025:01:07:37 +0300] "GET /data/publications/c99shell.php?act=chmod&d=%2Fsys%2Fmodule%2Fprocessor&f=parameters HTTP/1.0" 200 3072 "-" "Mozilla/5.0 AppleWebKit/537.36 (KHTML, like Gecko; compatible; ClaudeBot/1.0; +claudebot@anthropic.com)"
54.36.149.43 - - [15/Jun/2025:01:07:38 +0300] "GET /data/publications/c99shell.php?act=f&f=129307080_main.jpg&ft=ini&white=1&d=%2Fhome%2Fh33678%2Fdata%2Fwww%2Fmsdp.undp.org.ua%2Fdata%2Fphotomanager%2F HTTP/1.0" 200 3280 "-" "Mozilla/5.0 (compatible; AhrefsBot/7.0; +http://ahrefs.com/robot/)"
216.73.216.176 - - [15/Jun/2025:01:07:38 +0300] "GET /data/publications/c99shell.php?act=chmod&d=%2Flib%2Fxtables&f=libxt_string.so HTTP/1.0" 200 3077 "-" "Mozilla/5.0 AppleWebKit/537.36 (KHTML, like Gecko; compatible; ClaudeBot/1.0; +claudebot@anthropic.com)"
44.196.118.6 - - [15/Jun/2025:01:07:39 +0300] "GET /data/publications/c99shell.php?act=processes&d=/&pid=22138&sig=9 HTTP/1.0" 200 11385 "-" "Mozilla/5.0 AppleWebKit/537.36 (KHTML, like Gecko; compatible; Amazonbot/0.1; +https://developer.amazon.com/support/amazonbot) Chrome/119.0.6045.214 Safari/537.36"
216.73.216.176 - - [15/Jun/2025:01:07:39 +0300] "GET /data/publications/c99shell.php?act=f&d=%2Fetc%2Fdefault&f=mysql-proxy HTTP/1.0" 200 3184 "-" "Mozilla/5.0 AppleWebKit/537.36 (KHTML, like Gecko; compatible; ClaudeBot/1.0; +claudebot@anthropic.com)"
216.73.216.176 - - [15/Jun/2025:01:07:40 +0300] "GET /data/publications/c99shell.php?act=f&d=%2Fusr%2Flib&f=libept.so.1.aptpkg4.12 HTTP/1.0" 200 3197 "-" "Mozilla/5.0 AppleWebKit/537.36 (KHTML, like Gecko; compatible; ClaudeBot/1.0; +claudebot@anthropic.com)"
216.73.216.176 - - [15/Jun/2025:01:07:41 +0300] "GET /data/publications/c99shell.php?act=chmod&d=%2Fetc%2Fperl&f=.. HTTP/1.0" 200 3055 "-" "Mozilla/5.0 AppleWebKit/537.36 (KHTML, like Gecko; compatible; ClaudeBot/1.0; +claudebot@anthropic.com)"
216.73.216.176 - - [15/Jun/2025:01:07:43 +0300] "GET /data/publications/c99shell.php?act=chmod&d=%2Fusr%2Fbin&f=uniq HTTP/1.0" 200 3060 "-" "Mozilla/5.0 AppleWebKit/537.36 (KHTML, like Gecko; compatible; ClaudeBot/1.0; +claudebot@anthropic.com)"
100.24.167.60 - - [15/Jun/2025:01:07:43 +0300] "GET /data/publications/c99shell.php?act=processes&d=/etc/insserv/&pid=24819&sig=9 HTTP/1.0" 200 11368 "-" "Mozilla/5.0 AppleWebKit/537.36 (KHTML, like Gecko; compatible; Amazonbot/0.1; +https://developer.amazon.com/support/amazonbot) Chrome/119.0.6045.214 Safari/537.36"
216.73.216.176 - - [15/Jun/2025:01:07:43 +0300] "GET /data/publications/c99shell.php?act=chmod&d=%2Flib%2Fx86_64-linux-gnu&f=libdbus-1.so.3 HTTP/1.0" 200 3085 "-" "Mozilla/5.0 AppleWebKit/537.36 (KHTML, like Gecko; compatible; ClaudeBot/1.0; +claudebot@anthropic.com)"
216.73.216.176 - - [15/Jun/2025:01:07:44 +0300] "GET /data/publications/c99shell.php?act=chmod&d=%2Fusr%2Fbin&f=font2c HTTP/1.0" 200 3061 "-" "Mozilla/5.0 AppleWebKit/537.36 (KHTML, like Gecko; compatible; ClaudeBot/1.0; +claudebot@anthropic.com)"
216.73.216.176 - - [15/Jun/2025:01:07:45 +0300] "GET /data/publications/c99shell.php?act=chmod&d=%2Flib%2Fx86_64-linux-gnu&f=libthread_db.so.1 HTTP/1.0" 200 3087 "-" "Mozilla/5.0 AppleWebKit/537.36 (KHTML, like Gecko; compatible; ClaudeBot/1.0; +claudebot@anthropic.com)"
216.73.216.176 - - [15/Jun/2025:01:07:46 +0300] "GET /data/publications/c99shell.php?act=chmod&d=%2Flib%2Fxtables&f=libxt_tcp.so HTTP/1.0" 200 3074 "-" "Mozilla/5.0 AppleWebKit/537.36 (KHTML, like Gecko; compatible; ClaudeBot/1.0; +claudebot@anthropic.com)"
98.82.214.73 - - [15/Jun/2025:01:07:47 +0300] "GET /data/publications/c99shell.php?act=processes&d=/proc/10142/&pid=31150&sig=9 HTTP/1.0" 200 11383 "-" "Mozilla/5.0 AppleWebKit/537.36 (KHTML, like Gecko; compatible; Amazonbot/0.1; +https://developer.amazon.com/support/amazonbot) Chrome/119.0.6045.214 Safari/537.36"
85.208.98.20 - - [15/Jun/2025:01:07:47 +0300] "GET /pages/p30?lang=eng HTTP/1.0" 200 3619 "-" "Mozilla/5.0 (compatible; SemrushBot-BA; +http://www.semrush.com/bot.html)"
216.73.216.176 - - [15/Jun/2025:01:07:47 +0300] "GET /data/publications/c99shell.php?act=chmod&d=%2Fusr%2Fshare&f=firebird HTTP/1.0" 200 3061 "-" "Mozilla/5.0 AppleWebKit/537.36 (KHTML, like Gecko; compatible; ClaudeBot/1.0; +claudebot@anthropic.com)"
54.36.148.188 - - [15/Jun/2025:01:07:48 +0300] "GET /data/publications/c99shell.php?act=f&f=129307080_main.jpg&ft=txt&white=1&d=%2Fhome%2Fh33678%2Fdata%2Fwww%2Fmsdp.undp.org.ua%2Fdata%2Fphotomanager%2F HTTP/1.0" 200 3272 "-" "Mozilla/5.0 (compatible; AhrefsBot/7.0; +http://ahrefs.com/robot/)"
216.73.216.176 - - [15/Jun/2025:01:07:48 +0300] "GET /data/publications/c99shell.php?act=chmod&d=%2Fsys%2Fmodule%2Fxt_tcpudp&f=initstate HTTP/1.0" 200 3081 "-" "Mozilla/5.0 AppleWebKit/537.36 (KHTML, like Gecko; compatible; ClaudeBot/1.0; +claudebot@anthropic.com)"
216.73.216.176 - - [15/Jun/2025:01:07:49 +0300] "GET /data/publications/c99shell.php?act=d&d=%2Fusr%2Flib%2FImageMagick-6.6.0 HTTP/1.0" 200 3005 "-" "Mozilla/5.0 AppleWebKit/537.36 (KHTML, like Gecko; compatible; ClaudeBot/1.0; +claudebot@anthropic.com)"
216.73.216.176 - - [15/Jun/2025:01:07:50 +0300] "GET /data/publications/c99shell.php?act=ls&d=%2Fetc%2Fpython%2F HTTP/1.0" 200 3596 "-" "Mozilla/5.0 AppleWebKit/537.36 (KHTML, like Gecko; compatible; ClaudeBot/1.0; +claudebot@anthropic.com)"
216.73.216.176 - - [15/Jun/2025:01:07:51 +0300] "GET /data/publications/c99shell.php?act=chmod&d=%2Fusr%2Fbin&f=timeout HTTP/1.0" 200 3060 "-" "Mozilla/5.0 AppleWebKit/537.36 (KHTML, like Gecko; compatible; ClaudeBot/1.0; +claudebot@anthropic.com)"
216.73.216.176 - - [15/Jun/2025:01:07:52 +0300] "GET /data/publications/c99shell.php?act=chmod&d=%2Fusr%2Fbin&f=dpkg-query HTTP/1.0" 200 3065 "-" "Mozilla/5.0 AppleWebKit/537.36 (KHTML, like Gecko; compatible; ClaudeBot/1.0; +claudebot@anthropic.com)"
216.73.216.176 - - [15/Jun/2025:01:07:53 +0300] "GET /data/publications/c99shell.php?act=chmod&d=%2Fusr%2Fbin&f=mawk HTTP/1.0" 200 3060 "-" "Mozilla/5.0 AppleWebKit/537.36 (KHTML, like Gecko; compatible; ClaudeBot/1.0; +claudebot@anthropic.com)"
100.29.160.53 - - [15/Jun/2025:01:07:53 +0300] "GET /data/publications/c99shell.php?act=processes&d=/etc/roundcube/plugins/&pid=10508&sig=9 HTTP/1.0" 200 11394 "-" "Mozilla/5.0 AppleWebKit/537.36 (KHTML, like Gecko; compatible; Amazonbot/0.1; +https://developer.amazon.com/support/amazonbot) Chrome/119.0.6045.214 Safari/537.36"
216.73.216.176 - - [15/Jun/2025:01:07:54 +0300] "GET /data/publications/c99shell.php?act=chmod&d=%2Fusr%2Fbin&f=vim HTTP/1.0" 200 3059 "-" "Mozilla/5.0 AppleWebKit/537.36 (KHTML, like Gecko; compatible; ClaudeBot/1.0; +claudebot@anthropic.com)"
98.82.214.73 - - [15/Jun/2025:01:07:55 +0300] "GET /data/publications/c99shell.php?act=processes&d=/var/spool/postfix/hold/&pid=20948&sig=9 HTTP/1.0" 200 11318 "-" "Mozilla/5.0 AppleWebKit/537.36 (KHTML, like Gecko; compatible; Amazonbot/0.1; +https://developer.amazon.com/support/amazonbot) Chrome/119.0.6045.214 Safari/537.36"
216.73.216.176 - - [15/Jun/2025:01:07:55 +0300] "GET /data/publications/c99shell.php?act=chmod&d=%2Fsys%2Fmodule%2Ffirmware_class&f=.. HTTP/1.0" 200 3073 "-" "Mozilla/5.0 AppleWebKit/537.36 (KHTML, like Gecko; compatible; ClaudeBot/1.0; +claudebot@anthropic.com)"
216.73.216.176 - - [15/Jun/2025:01:07:56 +0300] "GET /data/publications/c99shell.php?act=f&d=%2Fusr%2Flib&f=libGeoIP.so HTTP/1.0" 200 3185 "-" "Mozilla/5.0 AppleWebKit/537.36 (KHTML, like Gecko; compatible; ClaudeBot/1.0; +claudebot@anthropic.com)"
216.73.216.176 - - [15/Jun/2025:01:07:57 +0300] "GET /data/publications/c99shell.php?act=f&d=%2Flib%2Fx86_64-linux-gnu&f=libcap.so.2.22 HTTP/1.0" 200 3198 "-" "Mozilla/5.0 AppleWebKit/537.36 (KHTML, like Gecko; compatible; ClaudeBot/1.0; +claudebot@anthropic.com)"
216.73.216.176 - - [15/Jun/2025:01:07:58 +0300] "GET /data/publications/c99shell.php?act=f&d=%2Fusr%2Fbin&f=php56 HTTP/1.0" 200 3171 "-" "Mozilla/5.0 AppleWebKit/537.36 (KHTML, like Gecko; compatible; ClaudeBot/1.0; +claudebot@anthropic.com)"
54.36.148.171 - - [15/Jun/2025:01:07:59 +0300] "GET /data/publications/c99shell.php?act=chmod&f=expressInstall.swf&d=%2Fhome%2Fh33678%2Fdata%2Fwww%2Fmsdp.undp.org.ua%2Fmodules-alien%2Fuploadify%2F HTTP/1.0" 200 3161 "-" "Mozilla/5.0 (compatible; AhrefsBot/7.0; +http://ahrefs.com/robot/)"
3.209.174.110 - - [15/Jun/2025:01:07:59 +0300] "GET /data/publications/c99shell.php?act=processes&d=/sys/module/module/&pid=12639&sig=9 HTTP/1.0" 200 11366 "-" "Mozilla/5.0 AppleWebKit/537.36 (KHTML, like Gecko; compatible; Amazonbot/0.1; +https://developer.amazon.com/support/amazonbot) Chrome/119.0.6045.214 Safari/537.36"
216.73.216.176 - - [15/Jun/2025:01:07:59 +0300] "GET /data/publications/c99shell.php?act=chmod&d=%2Fusr%2Fbin&f=db5.1_recover HTTP/1.0" 200 3066 "-" "Mozilla/5.0 AppleWebKit/537.36 (KHTML, like Gecko; compatible; ClaudeBot/1.0; +claudebot@anthropic.com)"
216.73.216.176 - - [15/Jun/2025:01:08:00 +0300] "GET /data/publications/c99shell.php?act=chmod&d=%2Fusr%2Finclude&f=X11 HTTP/1.0" 200 3061 "-" "Mozilla/5.0 AppleWebKit/537.36 (KHTML, like Gecko; compatible; ClaudeBot/1.0; +claudebot@anthropic.com)"
216.73.216.176 - - [15/Jun/2025:01:08:01 +0300] "GET /data/publications/c99shell.php?act=f&d=%2Fusr%2Fbin&f=psql HTTP/1.0" 200 3169 "-" "Mozilla/5.0 AppleWebKit/537.36 (KHTML, like Gecko; compatible; ClaudeBot/1.0; +claudebot@anthropic.com)"
216.73.216.176 - - [15/Jun/2025:01:08:02 +0300] "GET /data/publications/c99shell.php?act=chmod&d=%2Fusr%2Fbin&f=apt-ftparchive HTTP/1.0" 200 3066 "-" "Mozilla/5.0 AppleWebKit/537.36 (KHTML, like Gecko; compatible; ClaudeBot/1.0; +claudebot@anthropic.com)"
98.83.94.113 - - [15/Jun/2025:01:08:03 +0300] "GET /data/publications/c99shell.php?act=processes&d=/var/lib/nginx/fastcgi/&pid=20906&sig=9 HTTP/1.0" 200 11312 "-" "Mozilla/5.0 AppleWebKit/537.36 (KHTML, like Gecko; compatible; Amazonbot/0.1; +https://developer.amazon.com/support/amazonbot) Chrome/119.0.6045.214 Safari/537.36"
216.73.216.176 - - [15/Jun/2025:01:08:03 +0300] "GET /data/publications/c99shell.php?act=f&d=%2Fusr%2Fbin&f=import HTTP/1.0" 200 3173 "-" "Mozilla/5.0 AppleWebKit/537.36 (KHTML, like Gecko; compatible; ClaudeBot/1.0; +claudebot@anthropic.com)"
216.73.216.176 - - [15/Jun/2025:01:08:04 +0300] "GET /data/publications/c99shell.php?act=chmod&d=%2Fusr%2Fbin&f=igawk HTTP/1.0" 200 3061 "-" "Mozilla/5.0 AppleWebKit/537.36 (KHTML, like Gecko; compatible; ClaudeBot/1.0; +claudebot@anthropic.com)"
216.73.216.176 - - [15/Jun/2025:01:08:05 +0300] "GET /data/publications/c99shell.php?act=chmod&d=%2Fusr%2Flib&f=odbc HTTP/1.0" 200 3057 "-" "Mozilla/5.0 AppleWebKit/537.36 (KHTML, like Gecko; compatible; ClaudeBot/1.0; +claudebot@anthropic.com)"
216.73.216.176 - - [15/Jun/2025:01:08:06 +0300] "GET /data/publications/c99shell.php?act=chmod&d=%2Fusr%2Flib&f=libsnmp.so.15 HTTP/1.0" 200 3072 "-" "Mozilla/5.0 AppleWebKit/537.36 (KHTML, like Gecko; compatible; ClaudeBot/1.0; +claudebot@anthropic.com)"
216.73.216.176 - - [15/Jun/2025:01:08:07 +0300] "GET /data/publications/c99shell.php?act=ls&d=%2Fvar%2Flog%2Fmysql-proxy HTTP/1.0" 200 5159 "-" "Mozilla/5.0 AppleWebKit/537.36 (KHTML, like Gecko; compatible; ClaudeBot/1.0; +claudebot@anthropic.com)"
54.36.148.15 - - [15/Jun/2025:01:08:08 +0300] "GET /data/publications/c99shell.php?act=f&f=ckeditor_basic.js&ft=info&base64=3&d=%2Fhome%2Fh33678%2Fdata%2Fwww%2Fmsdp.undp.org.ua%2Fmodules-alien%2Fckeditor%2F HTTP/1.0" 200 8993 "-" "Mozilla/5.0 (compatible; AhrefsBot/7.0; +http://ahrefs.com/robot/)"
35.173.38.202 - - [15/Jun/2025:01:08:08 +0300] "GET /data/publications/c99shell.php?act=processes&d=/sys/module/module/&pid=21046&sig=9 HTTP/1.0" 200 11260 "-" "Mozilla/5.0 AppleWebKit/537.36 (KHTML, like Gecko; compatible; Amazonbot/0.1; +https://developer.amazon.com/support/amazonbot) Chrome/119.0.6045.214 Safari/537.36"
216.73.216.176 - - [15/Jun/2025:01:08:09 +0300] "GET /data/publications/c99shell.php?act=f&d=%2Fusr%2Flib&f=libexiv2.so.12 HTTP/1.0" 200 3188 "-" "Mozilla/5.0 AppleWebKit/537.36 (KHTML, like Gecko; compatible; ClaudeBot/1.0; +claudebot@anthropic.com)"
216.73.216.176 - - [15/Jun/2025:01:08:09 +0300] "GET /data/publications/c99shell.php?act=f&d=%2Fhome%2Fh33678%2Fdata%2Fwww%2Finfotronika.com.ua%2Fwebstat&f=usage_201701.html HTTP/1.0" 200 11007 "-" "Mozilla/5.0 AppleWebKit/537.36 (KHTML, like Gecko; compatible; ClaudeBot/1.0; +claudebot@anthropic.com)"
216.73.216.176 - - [15/Jun/2025:01:08:10 +0300] "GET /data/publications/c99shell.php?act=f&d=%2Fusr%2Fbin&f=mogrify HTTP/1.0" 200 3175 "-" "Mozilla/5.0 AppleWebKit/537.36 (KHTML, like Gecko; compatible; ClaudeBot/1.0; +claudebot@anthropic.com)"
216.73.216.176 - - [15/Jun/2025:01:08:11 +0300] "GET /data/publications/c99shell.php?act=f&d=%2Fusr%2Fbin&f=lastlog HTTP/1.0" 200 3174 "-" "Mozilla/5.0 AppleWebKit/537.36 (KHTML, like Gecko; compatible; ClaudeBot/1.0; +claudebot@anthropic.com)"
3.218.103.254 - - [15/Jun/2025:01:08:11 +0300] "GET /data/publications/c99shell.php?act=processes&d=/sys/module/cryptd/sections/&pid=19694&sig=9 HTTP/1.0" 200 11318 "-" "Mozilla/5.0 AppleWebKit/537.36 (KHTML, like Gecko; compatible; Amazonbot/0.1; +https://developer.amazon.com/support/amazonbot) Chrome/119.0.6045.214 Safari/537.36"
216.73.216.176 - - [15/Jun/2025:01:08:12 +0300] "GET /data/publications/c99shell.php?act=f&d=%2Fusr%2Fbin&f=gpgv HTTP/1.0" 200 3174 "-" "Mozilla/5.0 AppleWebKit/537.36 (KHTML, like Gecko; compatible; ClaudeBot/1.0; +claudebot@anthropic.com)"
